Last updated on 2025-04-30 04:49:59 CEST.
Flavor | Version | Tinstall | Tcheck | Ttotal | Status | Flags |
---|---|---|---|---|---|---|
r-devel-linux-x86_64-debian-clang | 4.3.2.3 | 104.68 | 109.65 | 214.33 | OK | |
r-devel-linux-x86_64-debian-gcc | 4.3.2.3 | 41.64 | 76.93 | 118.57 | OK | |
r-devel-linux-x86_64-fedora-clang | 4.3.2.3 | 258.36 | OK | |||
r-devel-linux-x86_64-fedora-gcc | 4.3.2.3 | 257.72 | OK | |||
r-devel-windows-x86_64 | 4.3.2.3 | 51.00 | 142.00 | 193.00 | OK | |
r-patched-linux-x86_64 | 4.3.2.3 | 52.95 | 102.23 | 155.18 | OK | |
r-release-linux-x86_64 | 4.3.2.3 | 58.89 | 102.36 | 161.25 | OK | |
r-release-macos-arm64 | 4.3.2.3 | 74.00 | OK | |||
r-release-macos-x86_64 | 4.3.2.3 | 128.00 | OK | |||
r-release-windows-x86_64 | 4.3.2.3 | 54.00 | 136.00 | 190.00 | OK | |
r-oldrel-macos-arm64 | 4.3.2.3 | 74.00 | NOTE | |||
r-oldrel-macos-x86_64 | 4.3.2.3 | 111.00 | NOTE | |||
r-oldrel-windows-x86_64 | 4.3.2.3 | 72.00 | 181.00 | 253.00 | OK |
Version: 4.3.2.3
Check: installed package size
Result: NOTE
installed size is 6.9Mb
sub-directories of 1Mb or more:
libs 6.8Mb
Flavors: r-oldrel-macos-arm64, r-oldrel-macos-x86_64