CRAN Package Check Results for Package agRee

Last updated on 2025-04-30 04:49:59 CEST.

Flavor Version Tinstall Tcheck Ttotal Status Flags
r-devel-linux-x86_64-debian-clang 0.5-3 10.15 80.20 90.35 NOTE
r-devel-linux-x86_64-debian-gcc 0.5-3 7.86 59.10 66.96 NOTE
r-devel-linux-x86_64-fedora-clang 0.5-3 141.21 OK
r-devel-linux-x86_64-fedora-gcc 0.5-3 136.60 OK
r-devel-windows-x86_64 0.5-3 11.00 89.00 100.00 OK
r-patched-linux-x86_64 0.5-3 10.16 78.05 88.21 OK
r-release-linux-x86_64 0.5-3 9.62 76.90 86.52 OK
r-release-macos-arm64 0.5-3 46.00 OK
r-release-macos-x86_64 0.5-3 85.00 OK
r-release-windows-x86_64 0.5-3 12.00 96.00 108.00 OK
r-oldrel-macos-arm64 0.5-3 39.00 OK
r-oldrel-macos-x86_64 0.5-3 76.00 OK
r-oldrel-windows-x86_64 0.5-3 13.00 113.00 126.00 OK

Check Details

Version: 0.5-3
Check: CRAN incoming feasibility
Result: NOTE Maintainer: ‘Dai Feng <daifeng.stat@gmail.com>’ No Authors@R field in DESCRIPTION. Please add one, modifying Authors@R: person(given = "Dai", family = "Feng", role = c("aut", "cre"), email = "daifeng.stat@gmail.com") as necessary. Flavors: r-devel-linux-x86_64-debian-clang, r-devel-linux-x86_64-debian-gcc