Last updated on 2025-04-30 04:49:59 CEST.
Flavor | Version | Tinstall | Tcheck | Ttotal | Status | Flags |
---|---|---|---|---|---|---|
r-devel-linux-x86_64-debian-clang | 0.6.6 | 39.75 | 126.78 | 166.53 | OK | |
r-devel-linux-x86_64-debian-gcc | 0.6.6 | 28.49 | 97.57 | 126.06 | OK | |
r-devel-linux-x86_64-fedora-clang | 0.6.6 | 326.12 | OK | |||
r-devel-linux-x86_64-fedora-gcc | 0.6.6 | 313.68 | OK | |||
r-devel-windows-x86_64 | 0.6.6 | 66.00 | 411.00 | 477.00 | OK | |
r-patched-linux-x86_64 | 0.6.6 | 37.87 | 116.87 | 154.74 | OK | |
r-release-linux-x86_64 | 0.6.6 | 37.75 | 117.28 | 155.03 | OK | |
r-release-macos-arm64 | 0.6.6 | 81.00 | OK | |||
r-release-macos-x86_64 | 0.6.6 | 138.00 | OK | |||
r-release-windows-x86_64 | 0.6.6 | 72.00 | 412.00 | 484.00 | OK | |
r-oldrel-macos-arm64 | 0.6.6 | 75.00 | NOTE | |||
r-oldrel-macos-x86_64 | 0.6.6 | 99.00 | NOTE | |||
r-oldrel-windows-x86_64 | 0.6.6 | 62.00 | 305.00 | 367.00 | OK |
Version: 0.6.6
Check: installed package size
Result: NOTE
installed size is 5.7Mb
sub-directories of 1Mb or more:
extdata 3.4Mb
libs 2.1Mb
Flavors: r-oldrel-macos-arm64, r-oldrel-macos-x86_64