Last updated on 2025-02-21 03:52:06 CET.
Flavor | Version | Tinstall | Tcheck | Ttotal | Status | Flags |
---|---|---|---|---|---|---|
r-devel-linux-x86_64-debian-clang | 0.6.6 | 42.74 | 129.92 | 172.66 | OK | |
r-devel-linux-x86_64-debian-gcc | 0.6.6 | 30.85 | 100.07 | 130.92 | OK | |
r-devel-linux-x86_64-fedora-clang | 0.6.6 | 305.70 | OK | |||
r-devel-linux-x86_64-fedora-gcc | 0.6.6 | 289.06 | OK | |||
r-devel-macos-arm64 | 0.6.6 | 86.00 | OK | |||
r-devel-macos-x86_64 | 0.6.6 | 138.00 | OK | |||
r-devel-windows-x86_64 | 0.6.6 | 62.00 | 444.00 | 506.00 | OK | |
r-patched-linux-x86_64 | 0.6.6 | 40.13 | 121.78 | 161.91 | OK | |
r-release-linux-x86_64 | 0.6.6 | 38.49 | 123.74 | 162.23 | OK | |
r-release-macos-arm64 | 0.6.6 | 75.00 | NOTE | |||
r-release-macos-x86_64 | 0.6.6 | 99.00 | NOTE | |||
r-release-windows-x86_64 | 0.6.6 | 64.00 | 394.00 | 458.00 | OK | |
r-oldrel-macos-arm64 | 0.6.6 | 76.00 | NOTE | |||
r-oldrel-macos-x86_64 | 0.6.6 | 147.00 | NOTE | |||
r-oldrel-windows-x86_64 | 0.6.6 | 73.00 | 418.00 | 491.00 | OK |
Version: 0.6.6
Check: installed package size
Result: NOTE
installed size is 5.7Mb
sub-directories of 1Mb or more:
extdata 3.4Mb
libs 2.1Mb
Flavors: r-release-macos-arm64, r-release-macos-x86_64, r-oldrel-macos-arm64, r-oldrel-macos-x86_64