CRAN Package Check Results for Package agtboost

Last updated on 2025-04-30 04:49:59 CEST.

Flavor Version Tinstall Tcheck Ttotal Status Flags
r-devel-linux-x86_64-debian-clang 0.9.3 25.74 38.57 64.31 NOTE
r-devel-linux-x86_64-debian-gcc 0.9.3 21.25 29.20 50.45 NOTE
r-devel-linux-x86_64-fedora-clang 0.9.3 108.39 NOTE
r-devel-linux-x86_64-fedora-gcc 0.9.3 111.25 NOTE
r-devel-windows-x86_64 0.9.3 32.00 81.00 113.00 NOTE
r-patched-linux-x86_64 0.9.3 28.78 37.61 66.39 NOTE
r-release-linux-x86_64 0.9.3 30.45 37.57 68.02 NOTE
r-release-macos-arm64 0.9.3 33.00 NOTE
r-release-macos-x86_64 0.9.3 60.00 NOTE
r-release-windows-x86_64 0.9.3 32.00 80.00 112.00 NOTE
r-oldrel-macos-arm64 0.9.3 37.00 NOTE
r-oldrel-macos-x86_64 0.9.3 46.00 NOTE
r-oldrel-windows-x86_64 0.9.3 34.00 92.00 126.00 NOTE

Check Details

Version: 0.9.3
Check: CRAN incoming feasibility
Result: NOTE Maintainer: ‘Berent Ånund Strømnes Lunde <lundeberent@gmail.com>’ No Authors@R field in DESCRIPTION. Please add one, modifying Authors@R: person(given = c("Berent", "Ånund", "Strømnes"), family = "Lunde", role = c("aut", "cre"), email = "lundeberent@gmail.com") as necessary. Flavors: r-devel-linux-x86_64-debian-clang, r-devel-linux-x86_64-debian-gcc

Version: 0.9.3
Check: C++ specification
Result: NOTE Specified C++11: please drop specification unless essential Flavors: r-devel-linux-x86_64-debian-clang, r-devel-linux-x86_64-debian-gcc, r-devel-linux-x86_64-fedora-clang, r-devel-linux-x86_64-fedora-gcc, r-devel-windows-x86_64, r-patched-linux-x86_64, r-release-linux-x86_64, r-release-macos-arm64, r-release-macos-x86_64, r-release-windows-x86_64, r-oldrel-macos-arm64, r-oldrel-macos-x86_64, r-oldrel-windows-x86_64

Version: 0.9.3
Check: for unstated dependencies in ‘demo’
Result: NOTE '::' or ':::' import not declared from: ‘xgboost’ 'library' or 'require' calls not declared from: ‘ISLR’ ‘dplyr’ ‘ggplot2’ ‘glmnet’ ‘gridExtra’ ‘lightgbm’ ‘randomForest’ ‘xgboost’ Flavors: r-devel-linux-x86_64-debian-clang, r-devel-linux-x86_64-debian-gcc, r-patched-linux-x86_64, r-release-linux-x86_64

Version: 0.9.3
Check: installed package size
Result: NOTE installed size is 8.9Mb sub-directories of 1Mb or more: libs 8.4Mb Flavors: r-oldrel-macos-arm64, r-oldrel-macos-x86_64