Last updated on 2025-04-30 04:49:59 CEST.
Flavor | Version | Tinstall | Tcheck | Ttotal | Status | Flags |
---|---|---|---|---|---|---|
r-devel-linux-x86_64-debian-clang | 1.15.1 | 8.92 | 63.61 | 72.53 | NOTE | |
r-devel-linux-x86_64-debian-gcc | 1.15.1 | 6.00 | 47.25 | 53.25 | NOTE | |
r-devel-linux-x86_64-fedora-clang | 1.15.1 | 110.03 | NOTE | |||
r-devel-linux-x86_64-fedora-gcc | 1.15.1 | 107.93 | NOTE | |||
r-devel-windows-x86_64 | 1.15.1 | 11.00 | 87.00 | 98.00 | OK | |
r-patched-linux-x86_64 | 1.15.1 | 8.29 | 60.68 | 68.97 | OK | |
r-release-linux-x86_64 | 1.15.1 | 7.73 | 60.91 | 68.64 | OK | |
r-release-macos-arm64 | 1.15.1 | 52.00 | OK | |||
r-release-macos-x86_64 | 1.15.1 | 62.00 | OK | |||
r-release-windows-x86_64 | 1.15.1 | 11.00 | 85.00 | 96.00 | OK | |
r-oldrel-macos-arm64 | 1.15.1 | 37.00 | OK | |||
r-oldrel-macos-x86_64 | 1.15.1 | 64.00 | OK | |||
r-oldrel-windows-x86_64 | 1.15.1 | 13.00 | 95.00 | 108.00 | OK |
Version: 1.15.1
Check: CRAN incoming feasibility
Result: NOTE
Maintainer: ‘Anders Gorst-Rasmussen <agorstras@gmail.com>’
Package CITATION file contains call(s) to old-style personList() or
as.personList(). Please use c() on person objects instead.
Package CITATION file contains call(s) to old-style citEntry(). Please
use bibentry() instead.
Flavors: r-devel-linux-x86_64-debian-clang, r-devel-linux-x86_64-debian-gcc
Version: 1.15.1
Check: compiled code
Result: NOTE
File ‘ahaz/libs/ahaz.so’:
Found no calls to: ‘R_registerRoutines’, ‘R_useDynamicSymbols’
It is good practice to register native routines and to disable symbol
search.
See ‘Writing portable packages’ in the ‘Writing R Extensions’ manual.
Flavors: r-devel-linux-x86_64-fedora-clang, r-devel-linux-x86_64-fedora-gcc