Last updated on 2025-04-30 04:49:59 CEST.
Flavor | Version | Tinstall | Tcheck | Ttotal | Status | Flags |
---|---|---|---|---|---|---|
r-devel-linux-x86_64-debian-clang | 0.3.1 | 5.93 | 115.73 | 121.66 | NOTE | |
r-devel-linux-x86_64-debian-gcc | 0.3.1 | 3.70 | 78.30 | 82.00 | NOTE | |
r-devel-linux-x86_64-fedora-clang | 0.3.1 | 190.70 | OK | |||
r-devel-linux-x86_64-fedora-gcc | 0.3.1 | 199.55 | OK | |||
r-devel-windows-x86_64 | 0.3.1 | 8.00 | 121.00 | 129.00 | OK | |
r-patched-linux-x86_64 | 0.3.1 | 5.06 | 108.88 | 113.94 | OK | |
r-release-linux-x86_64 | 0.3.1 | 4.78 | 108.70 | 113.48 | OK | |
r-release-macos-arm64 | 0.3.1 | 64.00 | OK | |||
r-release-macos-x86_64 | 0.3.1 | 106.00 | OK | |||
r-release-windows-x86_64 | 0.3.1 | 7.00 | 119.00 | 126.00 | OK | |
r-oldrel-macos-arm64 | 0.3.1 | 53.00 | NOTE | |||
r-oldrel-macos-x86_64 | 0.3.1 | 83.00 | NOTE | |||
r-oldrel-windows-x86_64 | 0.3.1 | 9.00 | 156.00 | 165.00 | NOTE |
Version: 0.3.1
Check: examples
Result: NOTE
Examples with CPU (user + system) or elapsed time > 5s
user system elapsed
fit 6.868 0.084 8.737
Flavor: r-devel-linux-x86_64-debian-clang
Version: 0.3.1
Check: examples
Result: NOTE
Examples with CPU (user + system) or elapsed time > 5s
user system elapsed
fit 4.205 0.077 5.042
Flavor: r-devel-linux-x86_64-debian-gcc
Version: 0.3.1
Check: LazyData
Result: NOTE
'LazyData' is specified without a 'data' directory
Flavors: r-oldrel-macos-arm64, r-oldrel-macos-x86_64, r-oldrel-windows-x86_64