Last updated on 2025-04-30 04:49:59 CEST.
Flavor | Version | Tinstall | Tcheck | Ttotal | Status | Flags |
---|---|---|---|---|---|---|
r-devel-linux-x86_64-debian-clang | 0.4.1 | 4.80 | 50.94 | 55.74 | NOTE | |
r-devel-linux-x86_64-debian-gcc | 0.4.1 | 3.15 | 36.41 | 39.56 | OK | |
r-devel-linux-x86_64-fedora-clang | 0.4.1 | 88.26 | NOTE | |||
r-devel-linux-x86_64-fedora-gcc | 0.4.1 | 151.87 | NOTE | |||
r-devel-windows-x86_64 | 0.4.1 | 7.00 | 68.00 | 75.00 | OK | |
r-patched-linux-x86_64 | 0.4.1 | 5.20 | 47.64 | 52.84 | OK | |
r-release-linux-x86_64 | 0.4.1 | 4.44 | 47.39 | 51.83 | OK | |
r-release-macos-arm64 | 0.4.1 | 47.00 | OK | |||
r-release-macos-x86_64 | 0.4.1 | 90.00 | OK | |||
r-release-windows-x86_64 | 0.4.1 | 8.00 | 65.00 | 73.00 | OK | |
r-oldrel-macos-arm64 | 0.4.1 | 45.00 | OK | |||
r-oldrel-macos-x86_64 | 0.4.1 | 73.00 | OK | |||
r-oldrel-windows-x86_64 | 0.4.1 | 9.00 | 82.00 | 91.00 | OK |
Version: 0.4.1
Check: examples
Result: NOTE
Examples with CPU (user + system) or elapsed time > 5s
user system elapsed
ahp.ri 4.286 0.015 5.268
Flavor: r-devel-linux-x86_64-debian-clang
Version: 0.4.1
Check: dependencies in R code
Result: NOTE
Namespaces in Imports field not imported from:
‘knitr’ ‘randomNames’ ‘tidyr’
All declared Imports should be used.
Flavors: r-devel-linux-x86_64-fedora-clang, r-devel-linux-x86_64-fedora-gcc