CRAN Package Check Results for Package ahw

Last updated on 2025-04-30 04:49:59 CEST.

Flavor Version Tinstall Tcheck Ttotal Status Flags
r-devel-linux-x86_64-debian-clang 0.1.0 7.81 111.98 119.79 NOTE
r-devel-linux-x86_64-debian-gcc 0.1.0 6.19 91.92 98.11 NOTE
r-devel-linux-x86_64-fedora-clang 0.1.0 162.81 OK
r-devel-linux-x86_64-fedora-gcc 0.1.0 146.59 OK
r-devel-windows-x86_64 0.1.0 8.00 92.00 100.00 NOTE
r-patched-linux-x86_64 0.1.0 7.57 95.79 103.36 NOTE
r-release-linux-x86_64 0.1.0 6.63 95.31 101.94 NOTE
r-release-macos-arm64 0.1.0 49.00 OK
r-release-macos-x86_64 0.1.0 90.00 OK
r-release-windows-x86_64 0.1.0 9.00 92.00 101.00 NOTE
r-oldrel-macos-arm64 0.1.0 41.00 OK
r-oldrel-macos-x86_64 0.1.0 65.00 OK
r-oldrel-windows-x86_64 0.1.0 10.00 112.00 122.00 OK

Check Details

Version: 0.1.0
Check: Rd cross-references
Result: NOTE Found the following Rd file(s) with Rd \link{} targets missing package anchors: addNoiseAtEventTimes.Rd: data.table makeContWeights.Rd: data.table weightPredict.Rd: data.table Please provide package anchors for all Rd \link{} targets not in the package itself and the base packages. Flavors: r-devel-linux-x86_64-debian-clang, r-devel-linux-x86_64-debian-gcc, r-devel-windows-x86_64, r-patched-linux-x86_64, r-release-linux-x86_64, r-release-windows-x86_64

Version: 0.1.0
Check: examples
Result: NOTE Examples with CPU (user + system) or elapsed time > 5s user system elapsed makeContWeights 20.396 1.411 9.772 Flavor: r-devel-linux-x86_64-debian-clang

Version: 0.1.0
Check: examples
Result: NOTE Examples with CPU (user + system) or elapsed time > 5s user system elapsed makeContWeights 24.171 0.343 16.883 Flavor: r-devel-linux-x86_64-debian-gcc