Last updated on 2025-04-30 04:49:59 CEST.
Flavor | Version | Tinstall | Tcheck | Ttotal | Status | Flags |
---|---|---|---|---|---|---|
r-devel-linux-x86_64-debian-clang | 0.1.0 | 3.72 | 36.90 | 40.62 | OK | |
r-devel-linux-x86_64-debian-gcc | 0.1.0 | 2.52 | 27.01 | 29.53 | OK | |
r-devel-linux-x86_64-fedora-clang | 0.1.0 | 59.79 | OK | |||
r-devel-linux-x86_64-fedora-gcc | 0.1.0 | 56.21 | OK | |||
r-devel-windows-x86_64 | 0.1.0 | 5.00 | 60.00 | 65.00 | OK | |
r-patched-linux-x86_64 | 0.1.0 | 3.74 | 33.08 | 36.82 | OK | |
r-release-linux-x86_64 | 0.1.0 | 3.60 | 33.16 | 36.76 | OK | |
r-release-macos-arm64 | 0.1.0 | 26.00 | OK | |||
r-release-macos-x86_64 | 0.1.0 | 41.00 | OK | |||
r-release-windows-x86_64 | 0.1.0 | 5.00 | 61.00 | 66.00 | OK | |
r-oldrel-macos-arm64 | 0.1.0 | 22.00 | NOTE | |||
r-oldrel-macos-x86_64 | 0.1.0 | 32.00 | NOTE | |||
r-oldrel-windows-x86_64 | 0.1.0 | 6.00 | 64.00 | 70.00 | NOTE |
Version: 0.1.0
Check: LazyData
Result: NOTE
'LazyData' is specified without a 'data' directory
Flavors: r-oldrel-macos-arm64, r-oldrel-macos-x86_64, r-oldrel-windows-x86_64