Last updated on 2025-04-30 04:49:59 CEST.
Flavor | Version | Tinstall | Tcheck | Ttotal | Status | Flags |
---|---|---|---|---|---|---|
r-devel-linux-x86_64-debian-clang | 1.0.2 | 50.73 | 126.95 | 177.68 | OK | |
r-devel-linux-x86_64-debian-gcc | 1.0.2 | 32.32 | 88.36 | 120.68 | OK | |
r-devel-linux-x86_64-fedora-clang | 1.0.2 | 291.05 | OK | |||
r-devel-linux-x86_64-fedora-gcc | 1.0.2 | 285.68 | OK | |||
r-devel-windows-x86_64 | 1.0.2 | 56.00 | 251.00 | 307.00 | OK | |
r-patched-linux-x86_64 | 1.0.2 | 45.23 | 118.95 | 164.18 | OK | |
r-release-linux-x86_64 | 1.0.2 | 45.77 | 118.49 | 164.26 | OK | |
r-release-macos-arm64 | 1.0.2 | 79.00 | OK | |||
r-release-macos-x86_64 | 1.0.2 | 204.00 | OK | |||
r-release-windows-x86_64 | 1.0.2 | 54.00 | 242.00 | 296.00 | OK | |
r-oldrel-macos-arm64 | 1.0.2 | 83.00 | NOTE | |||
r-oldrel-macos-x86_64 | 1.0.2 | 209.00 | NOTE | |||
r-oldrel-windows-x86_64 | 1.0.2 | 69.00 | 233.00 | 302.00 | NOTE |
Version: 1.0.2
Check: installed package size
Result: NOTE
installed size is 6.2Mb
sub-directories of 1Mb or more:
R 2.0Mb
data 1.6Mb
libs 1.1Mb
Flavors: r-oldrel-macos-arm64, r-oldrel-macos-x86_64, r-oldrel-windows-x86_64