CRAN Package Check Results for Package aion

Last updated on 2025-04-30 04:49:59 CEST.

Flavor Version Tinstall Tcheck Ttotal Status Flags
r-devel-linux-x86_64-debian-clang 1.4.0 6.15 53.82 59.97 NOTE
r-devel-linux-x86_64-debian-gcc 1.4.0 4.35 38.79 43.14 NOTE
r-devel-linux-x86_64-fedora-clang 1.5.0 99.69 OK
r-devel-linux-x86_64-fedora-gcc 1.5.0 111.39 OK
r-devel-windows-x86_64 1.4.0 7.00 77.00 84.00 OK
r-patched-linux-x86_64 1.4.0 7.40 49.98 57.38 OK
r-release-linux-x86_64 1.4.0 5.65 50.46 56.11 OK
r-release-macos-arm64 1.5.0 65.00 OK
r-release-macos-x86_64 1.5.0 97.00 OK
r-release-windows-x86_64 1.5.0 11.00 93.00 104.00 OK
r-oldrel-macos-arm64 1.5.0 44.00 OK
r-oldrel-macos-x86_64 1.5.0 94.00 OK
r-oldrel-windows-x86_64 1.4.0 6.00 87.00 93.00 OK

Check Details

Version: 1.4.0
Check: DESCRIPTION meta-information
Result: NOTE Author field differs from that derived from Authors@R Author: ‘Nicolas Frerebeau [aut, cre] (<https://orcid.org/0000-0001-5759-4944>), Joe Roe [aut] (<https://orcid.org/0000-0002-1011-1244>), Brice Lebrun [art] (<https://orcid.org/0000-0001-7503-8685>, Logo designer), Université Bordeaux Montaigne [fnd] (03pbgwk21), CNRS [fnd] (02feahw73)’ Authors@R: ‘Nicolas Frerebeau [aut, cre] (ORCID: <https://orcid.org/0000-0001-5759-4944>), Joe Roe [aut] (ORCID: <https://orcid.org/0000-0002-1011-1244>), Brice Lebrun [art] (ORCID: <https://orcid.org/0000-0001-7503-8685>, Logo designer), Université Bordeaux Montaigne [fnd] (ROR: <https://ror.org/03pbgwk21>), CNRS [fnd] (ROR: <https://ror.org/02feahw73>)’ Flavors: r-devel-linux-x86_64-debian-clang, r-devel-linux-x86_64-debian-gcc