CRAN Package Check Results for Package airnow

Last updated on 2025-04-30 04:49:59 CEST.

Flavor Version Tinstall Tcheck Ttotal Status Flags
r-devel-linux-x86_64-debian-clang 0.1.0 3.14 35.01 38.15 NOTE
r-devel-linux-x86_64-debian-gcc 0.1.0 1.95 25.94 27.89 NOTE
r-devel-linux-x86_64-fedora-clang 0.1.0 55.56 NOTE
r-devel-linux-x86_64-fedora-gcc 0.1.0 52.96 NOTE
r-devel-windows-x86_64 0.1.0 4.00 53.00 57.00 NOTE
r-patched-linux-x86_64 0.1.0 2.51 32.11 34.62 NOTE
r-release-linux-x86_64 0.1.0 2.78 31.58 34.36 NOTE
r-release-macos-arm64 0.1.0 23.00 NOTE
r-release-macos-x86_64 0.1.0 38.00 NOTE
r-release-windows-x86_64 0.1.0 4.00 54.00 58.00 NOTE
r-oldrel-macos-arm64 0.1.0 22.00 NOTE
r-oldrel-macos-x86_64 0.1.0 30.00 NOTE
r-oldrel-windows-x86_64 0.1.0 6.00 58.00 64.00 NOTE

Check Details

Version: 0.1.0
Check: Rd files
Result: NOTE checkRd: (-1) get_airnow_area.Rd:25: Lost braces; missing escapes or markup? 25 | \item{parameters}{Parameter(s) to return data for. Choices are PM_{2.5} | ^ Flavors: r-devel-linux-x86_64-debian-clang, r-devel-linux-x86_64-debian-gcc, r-devel-linux-x86_64-fedora-clang, r-devel-linux-x86_64-fedora-gcc, r-devel-windows-x86_64, r-patched-linux-x86_64, r-release-linux-x86_64, r-release-macos-arm64, r-release-macos-x86_64, r-release-windows-x86_64, r-oldrel-macos-arm64, r-oldrel-macos-x86_64, r-oldrel-windows-x86_64