Last updated on 2025-04-30 04:49:59 CEST.
Flavor | Version | Tinstall | Tcheck | Ttotal | Status | Flags |
---|---|---|---|---|---|---|
r-devel-linux-x86_64-debian-clang | 0.6-3.4 | 12.41 | 34.30 | 46.71 | NOTE | |
r-devel-linux-x86_64-debian-gcc | 0.6-3.4 | 7.69 | 26.59 | 34.28 | NOTE | |
r-devel-linux-x86_64-fedora-clang | 0.6-3.4 | 69.93 | NOTE | |||
r-devel-linux-x86_64-fedora-gcc | 0.6-3.4 | 66.67 | NOTE | |||
r-devel-windows-x86_64 | 0.6-3.4 | 13.00 | 68.00 | 81.00 | NOTE | |
r-patched-linux-x86_64 | 0.6-3.4 | 9.79 | 32.81 | 42.60 | NOTE | |
r-release-linux-x86_64 | 0.6-3.4 | 9.96 | 32.63 | 42.59 | NOTE | |
r-release-macos-arm64 | 0.6-3.4 | 31.00 | NOTE | |||
r-release-macos-x86_64 | 0.6-3.4 | 64.00 | NOTE | |||
r-release-windows-x86_64 | 0.6-3.4 | 12.00 | 60.00 | 72.00 | NOTE | |
r-oldrel-macos-arm64 | 0.6-3.4 | 30.00 | NOTE | |||
r-oldrel-macos-x86_64 | 0.6-3.4 | 42.00 | NOTE | |||
r-oldrel-windows-x86_64 | 0.6-3.4 | 15.00 | 64.00 | 79.00 | NOTE |
Version: 0.6-3.4
Check: Rd files
Result: NOTE
checkRd: (-1) interpp.Rd:119: Lost braces
119 | If \code{linear} is \\code{TRUE}, linear
| ^
Flavors: r-devel-linux-x86_64-debian-clang, r-devel-linux-x86_64-debian-gcc, r-devel-linux-x86_64-fedora-clang, r-devel-linux-x86_64-fedora-gcc, r-devel-windows-x86_64, r-patched-linux-x86_64, r-release-linux-x86_64, r-release-macos-arm64, r-release-macos-x86_64, r-release-windows-x86_64, r-oldrel-macos-arm64, r-oldrel-macos-x86_64, r-oldrel-windows-x86_64