Last updated on 2025-04-30 04:49:59 CEST.
Flavor | Version | Tinstall | Tcheck | Ttotal | Status | Flags |
---|---|---|---|---|---|---|
r-devel-linux-x86_64-debian-clang | 0.3-8 | 5.51 | 147.77 | 153.28 | NOTE | |
r-devel-linux-x86_64-debian-gcc | 0.3-8 | 4.18 | 95.73 | 99.91 | OK | |
r-devel-linux-x86_64-fedora-clang | 0.3-8 | 259.16 | OK | |||
r-devel-linux-x86_64-fedora-gcc | 0.3-8 | 237.01 | OK | |||
r-devel-windows-x86_64 | 0.3-8 | 7.00 | 179.00 | 186.00 | OK | |
r-patched-linux-x86_64 | 0.3-8 | 8.73 | 139.83 | 148.56 | OK | |
r-release-linux-x86_64 | 0.3-8 | 6.09 | 143.81 | 149.90 | OK | |
r-release-macos-arm64 | 0.3-8 | 72.00 | OK | |||
r-release-macos-x86_64 | 0.3-8 | 161.00 | OK | |||
r-release-windows-x86_64 | 0.3-8 | 7.00 | 171.00 | 178.00 | OK | |
r-oldrel-macos-arm64 | 0.3-8 | 70.00 | OK | |||
r-oldrel-macos-x86_64 | 0.3-8 | 122.00 | OK | |||
r-oldrel-windows-x86_64 | 0.3-8 | 8.00 | 224.00 | 232.00 | OK |
Version: 0.3-8
Check: examples
Result: NOTE
Examples with CPU (user + system) or elapsed time > 5s
user system elapsed
feemcorcondia 4.658 0.024 5.545
albatross-package 4.360 0.104 5.307
Flavor: r-devel-linux-x86_64-debian-clang