CRAN Package Check Results for Package alcyon

Last updated on 2025-04-30 04:49:59 CEST.

Flavor Version Tinstall Tcheck Ttotal Status Flags
r-devel-linux-x86_64-debian-clang 0.8.0 662.50 114.63 777.13 OK
r-devel-linux-x86_64-debian-gcc 0.8.0 612.83 86.26 699.09 OK
r-devel-linux-x86_64-fedora-clang 0.8.0 1695.58 OK
r-devel-linux-x86_64-fedora-gcc 0.8.0 1900.53 OK
r-devel-windows-x86_64 0.8.0 900.00 184.00 1084.00 OK
r-patched-linux-x86_64 0.8.0 863.28 111.20 974.48 OK
r-release-linux-x86_64 0.8.0 870.03 111.63 981.66 OK
r-release-macos-arm64 0.8.0 394.00 OK
r-release-macos-x86_64 0.8.0 773.00 OK
r-release-windows-x86_64 0.8.0 909.00 176.00 1085.00 OK
r-oldrel-macos-arm64 0.8.0 315.00 NOTE
r-oldrel-macos-x86_64 0.8.0 620.00 NOTE
r-oldrel-windows-x86_64 0.8.0 1008.00 212.00 1220.00 OK

Additional issues

rchk

Check Details

Version: 0.8.0
Check: installed package size
Result: NOTE installed size is 38.0Mb sub-directories of 1Mb or more: libs 36.8Mb Flavors: r-oldrel-macos-arm64, r-oldrel-macos-x86_64