Last updated on 2025-02-21 03:52:06 CET.
Flavor | Version | Tinstall | Tcheck | Ttotal | Status | Flags |
---|---|---|---|---|---|---|
r-devel-linux-x86_64-debian-clang | 0.7.0 | 649.23 | 110.78 | 760.01 | OK | |
r-devel-linux-x86_64-debian-gcc | 0.7.0 | 627.88 | 84.05 | 711.93 | OK | |
r-devel-linux-x86_64-fedora-clang | 0.7.0 | 1665.99 | NOTE | |||
r-devel-linux-x86_64-fedora-gcc | 0.7.0 | 1981.55 | NOTE | |||
r-devel-macos-arm64 | 0.7.0 | 368.00 | OK | |||
r-devel-macos-x86_64 | 0.7.0 | 750.00 | OK | |||
r-devel-windows-x86_64 | 0.7.0 | 854.00 | 173.00 | 1027.00 | OK | |
r-patched-linux-x86_64 | 0.7.0 | 861.93 | 106.50 | 968.43 | OK | |
r-release-linux-x86_64 | 0.7.0 | 861.01 | 106.35 | 967.36 | OK | |
r-release-macos-arm64 | 0.7.0 | 368.00 | NOTE | |||
r-release-macos-x86_64 | 0.7.0 | 733.00 | NOTE | |||
r-release-windows-x86_64 | 0.7.0 | 859.00 | 168.00 | 1027.00 | OK | |
r-oldrel-macos-arm64 | 0.6.0 | 330.00 | NOTE | |||
r-oldrel-macos-x86_64 | 0.7.0 | 647.00 | NOTE | |||
r-oldrel-windows-x86_64 | 0.7.0 | 1000.00 | 199.00 | 1199.00 | OK |
Version: 0.7.0
Check: dependencies in R code
Result: NOTE
Namespace in Imports field not imported from: ‘withr’
All declared Imports should be used.
Flavors: r-devel-linux-x86_64-fedora-clang, r-devel-linux-x86_64-fedora-gcc
Version: 0.7.0
Check: installed package size
Result: NOTE
installed size is 38.3Mb
sub-directories of 1Mb or more:
libs 37.2Mb
Flavors: r-release-macos-arm64, r-release-macos-x86_64, r-oldrel-macos-x86_64
Version: 0.6.0
Check: installed package size
Result: NOTE
installed size is 38.3Mb
sub-directories of 1Mb or more:
libs 37.1Mb
Flavor: r-oldrel-macos-arm64