CRAN Package Check Results for Package ald

Last updated on 2025-04-30 04:49:59 CEST.

Flavor Version Tinstall Tcheck Ttotal Status Flags
r-devel-linux-x86_64-debian-clang 1.3.1 1.84 23.16 25.00 NOTE
r-devel-linux-x86_64-debian-gcc 1.3.1 1.34 17.49 18.83 NOTE
r-devel-linux-x86_64-fedora-clang 1.3.1 38.87 OK
r-devel-linux-x86_64-fedora-gcc 1.3.1 37.66 OK
r-devel-windows-x86_64 1.3.1 3.00 46.00 49.00 OK
r-patched-linux-x86_64 1.3.1 1.94 21.89 23.83 OK
r-release-linux-x86_64 1.3.1 1.67 21.90 23.57 OK
r-release-macos-arm64 1.3.1 18.00 OK
r-release-macos-x86_64 1.3.1 49.00 OK
r-release-windows-x86_64 1.3.1 3.00 49.00 52.00 OK
r-oldrel-macos-arm64 1.3.1 23.00 OK
r-oldrel-macos-x86_64 1.3.1 38.00 OK
r-oldrel-windows-x86_64 1.3.1 3.00 45.00 48.00 OK

Check Details

Version: 1.3.1
Check: CRAN incoming feasibility
Result: NOTE Maintainer: ‘Christian E. Galarza <cgalarza88@gmail.com>’ No Authors@R field in DESCRIPTION. Please add one, modifying Authors@R: c(person(given = c("Christian", "E."), family = "Galarza", role = c("aut", "cre"), email = "cgalarza88@gmail.com"), person(given = c("Victor", "H."), family = "Lachos", role = "aut", email = "hlachos@ime.unicamp.br")) as necessary. Flavors: r-devel-linux-x86_64-debian-clang, r-devel-linux-x86_64-debian-gcc