Last updated on 2025-04-30 04:49:59 CEST.
Flavor | Version | Tinstall | Tcheck | Ttotal | Status | Flags |
---|---|---|---|---|---|---|
r-devel-linux-x86_64-debian-clang | 1.3.0 | 3.63 | 55.34 | 58.97 | NOTE | |
r-devel-linux-x86_64-debian-gcc | 1.3.0 | 3.00 | 40.47 | 43.47 | NOTE | |
r-devel-linux-x86_64-fedora-clang | 1.3.0 | 88.60 | OK | |||
r-devel-linux-x86_64-fedora-gcc | 1.3.0 | 98.22 | OK | |||
r-devel-windows-x86_64 | 1.3.0 | 6.00 | 82.00 | 88.00 | OK | |
r-patched-linux-x86_64 | 1.3.0 | 4.71 | 51.65 | 56.36 | OK | |
r-release-linux-x86_64 | 1.3.0 | 3.49 | 50.78 | 54.27 | OK | |
r-release-macos-arm64 | 1.3.0 | 36.00 | OK | |||
r-release-macos-x86_64 | 1.3.0 | 95.00 | OK | |||
r-release-windows-x86_64 | 1.3.0 | 6.00 | 82.00 | 88.00 | OK | |
r-oldrel-macos-arm64 | 1.3.0 | 75.00 | OK | |||
r-oldrel-macos-x86_64 | 1.3.0 | 124.00 | OK | |||
r-oldrel-windows-x86_64 | 1.3.0 | 6.00 | 87.00 | 93.00 | OK |
Version: 1.3.0
Check: DESCRIPTION meta-information
Result: NOTE
Author field differs from that derived from Authors@R
Author: ‘Nicolas Frerebeau [aut, cre] (<https://orcid.org/0000-0001-5759-4944>), Brice Lebrun [art] (<https://orcid.org/0000-0001-7503-8685>, Logo designer), Université Bordeaux Montaigne [fnd] (03pbgwk21), CNRS [fnd] (02feahw73)’
Authors@R: ‘Nicolas Frerebeau [aut, cre] (ORCID: <https://orcid.org/0000-0001-5759-4944>), Brice Lebrun [art] (ORCID: <https://orcid.org/0000-0001-7503-8685>, Logo designer), Université Bordeaux Montaigne [fnd] (ROR: <https://ror.org/03pbgwk21>), CNRS [fnd] (ROR: <https://ror.org/02feahw73>)’
Flavors: r-devel-linux-x86_64-debian-clang, r-devel-linux-x86_64-debian-gcc