Last updated on 2025-04-30 04:49:59 CEST.
Flavor | Version | Tinstall | Tcheck | Ttotal | Status | Flags |
---|---|---|---|---|---|---|
r-devel-linux-x86_64-debian-clang | 0.1.0 | 1.71 | 28.25 | 29.96 | NOTE | |
r-devel-linux-x86_64-debian-gcc | 0.1.0 | 1.38 | 22.26 | 23.64 | NOTE | |
r-devel-linux-x86_64-fedora-clang | 0.1.0 | 46.54 | OK | |||
r-devel-linux-x86_64-fedora-gcc | 0.1.0 | 59.45 | OK | |||
r-devel-windows-x86_64 | 0.1.0 | 3.00 | 52.00 | 55.00 | OK | |
r-patched-linux-x86_64 | 0.1.0 | 1.55 | 26.44 | 27.99 | OK | |
r-release-linux-x86_64 | 0.1.0 | 1.79 | 26.32 | 28.11 | OK | |
r-release-macos-arm64 | 0.1.0 | 32.00 | OK | |||
r-release-macos-x86_64 | 0.1.0 | 49.00 | OK | |||
r-release-windows-x86_64 | 0.1.0 | 3.00 | 53.00 | 56.00 | OK | |
r-oldrel-macos-arm64 | 0.1.0 | 35.00 | OK | |||
r-oldrel-macos-x86_64 | 0.1.0 | 41.00 | OK | |||
r-oldrel-windows-x86_64 | 0.1.0 | 3.00 | 54.00 | 57.00 | OK |
Version: 0.1.0
Check: CRAN incoming feasibility
Result: NOTE
Maintainer: ‘Jesper Wulff <jwulff@econ.au.dk>’
Package CITATION file contains call(s) to old-style citEntry(). Please
use bibentry() instead.
Flavors: r-devel-linux-x86_64-debian-clang, r-devel-linux-x86_64-debian-gcc