CRAN Package Check Results for Package alphaOutlier

Last updated on 2025-04-30 04:49:59 CEST.

Flavor Version Tinstall Tcheck Ttotal Status Flags
r-devel-linux-x86_64-debian-clang 1.2.0 8.48 74.94 83.42 NOTE
r-devel-linux-x86_64-debian-gcc 1.2.0 6.05 54.33 60.38 NOTE
r-devel-linux-x86_64-fedora-clang 1.2.0 125.52 OK
r-devel-linux-x86_64-fedora-gcc 1.2.0 118.87 OK
r-devel-windows-x86_64 1.2.0 9.00 94.00 103.00 OK
r-patched-linux-x86_64 1.2.0 8.24 69.36 77.60 OK
r-release-linux-x86_64 1.2.0 6.56 70.24 76.80 OK
r-release-macos-arm64 1.2.0 41.00 OK
r-release-macos-x86_64 1.2.0 90.00 OK
r-release-windows-x86_64 1.2.0 9.00 93.00 102.00 OK
r-oldrel-macos-arm64 1.2.0 35.00 OK
r-oldrel-macos-x86_64 1.2.0 51.00 OK
r-oldrel-windows-x86_64 1.2.0 11.00 111.00 122.00 OK

Check Details

Version: 1.2.0
Check: CRAN incoming feasibility
Result: NOTE Maintainer: ‘Andre Rehage <rehage@statistik.tu-dortmund.de>’ No Authors@R field in DESCRIPTION. Please add one, modifying Authors@R: c(person(given = "Andre", family = "Rehage", role = c("aut", "cre"), email = "rehage@statistik.tu-dortmund.de"), person(given = "Sonja", family = "Kuhnt", role = "aut")) as necessary. Found the following \keyword or \concept entries which likely give several index terms: File ‘alphaOutlier-package.Rd’: \keyword{package distribution robust} Flavors: r-devel-linux-x86_64-debian-clang, r-devel-linux-x86_64-debian-gcc

Version: 1.2.0
Check: examples
Result: NOTE Examples with CPU (user + system) or elapsed time > 5s user system elapsed aout.kernel 8.607 0.046 11.469 Flavor: r-devel-linux-x86_64-debian-clang

Version: 1.2.0
Check: examples
Result: NOTE Examples with CPU (user + system) or elapsed time > 5s user system elapsed aout.kernel 5.007 0.027 6.293 Flavor: r-devel-linux-x86_64-debian-gcc