Last updated on 2025-04-30 04:49:59 CEST.
Flavor | Version | Tinstall | Tcheck | Ttotal | Status | Flags |
---|---|---|---|---|---|---|
r-devel-linux-x86_64-debian-clang | 1.1 | 20.28 | 28.37 | 48.65 | NOTE | |
r-devel-linux-x86_64-debian-gcc | 1.1 | 13.11 | 21.06 | 34.17 | NOTE | |
r-devel-linux-x86_64-fedora-clang | 1.1 | 84.30 | NOTE | |||
r-devel-linux-x86_64-fedora-gcc | 1.1 | 78.72 | NOTE | |||
r-devel-windows-x86_64 | 1.1 | 24.00 | 71.00 | 95.00 | NOTE | |
r-patched-linux-x86_64 | 1.1 | 19.57 | 27.11 | 46.68 | NOTE | |
r-release-linux-x86_64 | 1.1 | 18.50 | 27.12 | 45.62 | NOTE | |
r-release-macos-arm64 | 1.1 | 29.00 | NOTE | |||
r-release-macos-x86_64 | 1.1 | 56.00 | NOTE | |||
r-release-windows-x86_64 | 1.1 | 24.00 | 71.00 | 95.00 | NOTE | |
r-oldrel-macos-arm64 | 1.1 | 28.00 | NOTE | |||
r-oldrel-macos-x86_64 | 1.1 | 35.00 | NOTE | |||
r-oldrel-windows-x86_64 | 1.1 | 28.00 | 81.00 | 109.00 | NOTE |
Version: 1.1
Check: C++ specification
Result: NOTE
Specified C++11: please drop specification unless essential
Flavors: r-devel-linux-x86_64-debian-clang, r-devel-linux-x86_64-debian-gcc, r-devel-linux-x86_64-fedora-clang, r-devel-linux-x86_64-fedora-gcc, r-devel-windows-x86_64, r-patched-linux-x86_64, r-release-linux-x86_64, r-release-macos-arm64, r-release-macos-x86_64, r-release-windows-x86_64, r-oldrel-macos-arm64, r-oldrel-macos-x86_64, r-oldrel-windows-x86_64