Last updated on 2025-02-22 05:51:29 CET.
Flavor | Version | Tinstall | Tcheck | Ttotal | Status | Flags |
---|---|---|---|---|---|---|
r-devel-linux-x86_64-debian-clang | 1.0.6 | 9.67 | 79.90 | 89.57 | NOTE | |
r-devel-linux-x86_64-debian-gcc | 1.0.6 | 8.23 | 58.00 | 66.23 | NOTE | |
r-devel-linux-x86_64-fedora-clang | 1.0.6 | 140.80 | NOTE | |||
r-devel-linux-x86_64-fedora-gcc | 1.0.6 | 142.56 | NOTE | |||
r-devel-macos-arm64 | 1.0.6 | 43.00 | NOTE | |||
r-devel-macos-x86_64 | 1.0.6 | 81.00 | NOTE | |||
r-devel-windows-x86_64 | 1.0.6 | 13.00 | 115.00 | 128.00 | NOTE | |
r-patched-linux-x86_64 | 1.0.6 | 11.33 | 75.42 | 86.75 | NOTE | |
r-release-linux-x86_64 | 1.0.6 | 8.28 | 75.18 | 83.46 | NOTE | |
r-release-macos-arm64 | 1.0.6 | 40.00 | NOTE | |||
r-release-macos-x86_64 | 1.0.6 | 59.00 | NOTE | |||
r-release-windows-x86_64 | 1.0.6 | 13.00 | 110.00 | 123.00 | NOTE | |
r-oldrel-macos-arm64 | 1.0.6 | 45.00 | NOTE | |||
r-oldrel-macos-x86_64 | 1.0.6 | 70.00 | NOTE | |||
r-oldrel-windows-x86_64 | 1.0.6 | 15.00 | 132.00 | 147.00 | NOTE |
Version: 1.0.6
Check: Rd files
Result: NOTE
checkRd: (-1) UN1.Rd:16: Escaped LaTeX specials: \$
checkRd: (-1) rateprof.Rd:64: Escaped LaTeX specials: \&
Flavors: r-devel-linux-x86_64-debian-clang, r-devel-linux-x86_64-debian-gcc, r-devel-linux-x86_64-fedora-clang, r-devel-linux-x86_64-fedora-gcc, r-devel-macos-arm64, r-devel-macos-x86_64, r-devel-windows-x86_64, r-patched-linux-x86_64, r-release-linux-x86_64, r-release-macos-arm64, r-release-macos-x86_64, r-release-windows-x86_64, r-oldrel-macos-arm64, r-oldrel-macos-x86_64, r-oldrel-windows-x86_64