Last updated on 2025-04-29 04:49:56 CEST.
Flavor | Version | Tinstall | Tcheck | Ttotal | Status | Flags |
---|---|---|---|---|---|---|
r-devel-linux-x86_64-debian-clang | 0.5.0 | 3.58 | 85.07 | 88.65 | OK | |
r-devel-linux-x86_64-debian-gcc | 0.5.0 | 2.23 | 65.20 | 67.43 | OK | |
r-devel-linux-x86_64-fedora-clang | 0.5.0 | 141.38 | OK | |||
r-devel-linux-x86_64-fedora-gcc | 0.5.0 | 150.92 | OK | |||
r-devel-windows-x86_64 | 0.5.0 | 4.00 | 108.00 | 112.00 | OK | |
r-patched-linux-x86_64 | 0.5.0 | 3.09 | 81.60 | 84.69 | OK | |
r-release-linux-x86_64 | 0.5.0 | 2.53 | 82.12 | 84.65 | OK | |
r-release-macos-arm64 | 0.5.0 | 35.00 | ERROR | |||
r-release-macos-x86_64 | 0.5.0 | 73.00 | ERROR | |||
r-release-windows-x86_64 | 0.5.0 | 5.00 | 109.00 | 114.00 | OK | |
r-oldrel-macos-arm64 | 0.5.0 | 42.00 | ERROR | |||
r-oldrel-macos-x86_64 | 0.5.0 | 85.00 | ERROR | |||
r-oldrel-windows-x86_64 | 0.5.0 | 6.00 | 122.00 | 128.00 | OK |
Version: 0.5.0
Check: tests
Result: ERROR
Running ‘spelling.R’ [0s/0s]
Running ‘testthat.R’ [9s/10s]
Running the tests in ‘tests/testthat.R’ failed.
Complete output:
> library(testthat)
> library(altdoc)
>
> test_check("altdoc")
v Setting active project to
"/private/var/folders/k4/0jwzxmln0nb8y6rkzprptb640000gq/T/RtmpODhqOf/testpkga82e5629e905".
i Creating `altdoc/` directory.
i Creating `docs/` directory.
i Adding ^docs$ to .Rbuildignore
i Adding ^altdoc$ to .Rbuildignore
i Adding altdoc/freeze.rds to .gitignore
i Importing default settings file(s) to `altdoc/`
i README.md is mandatory. `altdoc` created a dummy README file in the package directory.
-- Basic files -----------------------------------------------------------------
v 'README' imported.
-- Man pages -------------------------------------------------------------------
i No man pages to convert.
-- Vignettes -------------------------------------------------------------------
i No vignettes to convert.
-- Update HTML -----------------------------------------------------------------
v HTML updated.
-- Complete --------------------------------------------------------------------
v Documentation updated.
v Setting active project to "<no active project>".
v Setting active project to
"/private/var/folders/k4/0jwzxmln0nb8y6rkzprptb640000gq/T/RtmpODhqOf/testpkga82e31b577bc".
i Creating `altdoc/` directory.
i Creating `docs/` directory.
i Adding ^docs$ to .Rbuildignore
i Adding ^altdoc$ to .Rbuildignore
i Adding altdoc/freeze.rds to .gitignore
i Importing default settings file(s) to `altdoc/`
i README.md is mandatory. `altdoc` created a dummy README file in the package directory.
v Setting active project to "<no active project>".
v Setting active project to
"/private/var/folders/k4/0jwzxmln0nb8y6rkzprptb640000gq/T/RtmpODhqOf/testpkga82e1a32a263".
i Creating `altdoc/` directory.
i Creating `docs/` directory.
i Adding ^docs$ to .Rbuildignore
i Adding ^altdoc$ to .Rbuildignore
i Adding altdoc/freeze.rds to .gitignore
i Importing default settings file(s) to `altdoc/`
i README.md is mandatory. `altdoc` created a dummy README file in the package directory.
v Setting active project to "<no active project>".
v Setting active project to
"/private/var/folders/k4/0jwzxmln0nb8y6rkzprptb640000gq/T/RtmpODhqOf/testpkga82e50ad0880".
i Creating `altdoc/` directory.
i Creating `docs/` directory.
i Adding ^docs$ to .Rbuildignore
i Adding ^altdoc$ to .Rbuildignore
i Adding altdoc/freeze.rds to .gitignore
i Importing default settings file(s) to `altdoc/`
i README.md is mandatory. `altdoc` created a dummy README file in the package directory.
v Setting active project to "<no active project>".
v Setting active project to
"/private/var/folders/k4/0jwzxmln0nb8y6rkzprptb640000gq/T/RtmpODhqOf/testpkga82e7db9872b".
i Creating `altdoc/` directory.
i Creating `docs/` directory.
i Adding ^docs$ to .Rbuildignore
i Adding ^altdoc$ to .Rbuildignore
i Adding altdoc/freeze.rds to .gitignore
i Importing default settings file(s) to `altdoc/`
i README.md is mandatory. `altdoc` created a dummy README file in the package directory.
i Leaving 'README.md' unchanged.
[ ] Update 'README.md' to include installation instructions.
-- Basic files -----------------------------------------------------------------
v 'README' imported.
-- Man pages -------------------------------------------------------------------
i No man pages to convert.
-- Vignettes -------------------------------------------------------------------
i No vignettes to convert.
-- Update HTML -----------------------------------------------------------------
v HTML updated.
-- Complete --------------------------------------------------------------------
v Documentation updated.
v Setting active project to "<no active project>".
v Setting active project to
"/private/var/folders/k4/0jwzxmln0nb8y6rkzprptb640000gq/T/RtmpODhqOf/testpkga82e29450e2b".
i Creating `altdoc/` directory.
i Creating `docs/` directory.
i Adding ^docs$ to .Rbuildignore
i Adding ^altdoc$ to .Rbuildignore
i Adding altdoc/freeze.rds to .gitignore
i Importing default settings file(s) to `altdoc/`
i README.md is mandatory. `altdoc` created a dummy README file in the package directory.
i Leaving 'README.md' unchanged.
[ ] Update 'README.md' to include installation instructions.
-- Basic files -----------------------------------------------------------------
v 'README' imported.
-- Man pages -------------------------------------------------------------------
i No man pages to convert.
-- Vignettes -------------------------------------------------------------------
i No vignettes to convert.
-- Update HTML -----------------------------------------------------------------
v HTML updated.
-- Complete --------------------------------------------------------------------
v Documentation updated.
v Setting active project to "<no active project>".
v Setting active project to
"/private/var/folders/k4/0jwzxmln0nb8y6rkzprptb640000gq/T/RtmpODhqOf/testpkga82e3efaa06".
i Creating `altdoc/` directory.
i Creating `docs/` directory.
i Adding ^docs$ to .Rbuildignore
i Adding ^altdoc$ to .Rbuildignore
i Adding altdoc/freeze.rds to .gitignore
i Importing default settings file(s) to `altdoc/`
i README.md is mandatory. `altdoc` created a dummy README file in the package directory.
v Setting active project to "<no active project>".
v Setting active project to
"/private/var/folders/k4/0jwzxmln0nb8y6rkzprptb640000gq/T/RtmpODhqOf/testpkga82e72cef944".
i Creating `altdoc/` directory.
i Creating `docs/` directory.
i Adding ^docs$ to .Rbuildignore
i Adding ^altdoc$ to .Rbuildignore
i Adding altdoc/freeze.rds to .gitignore
i Importing default settings file(s) to `altdoc/`
i README.md is mandatory. `altdoc` created a dummy README file in the package directory.
v Setting active project to "<no active project>".
v Setting active project to
"/private/var/folders/k4/0jwzxmln0nb8y6rkzprptb640000gq/T/RtmpODhqOf/testpkga82e4d77e797".
i Creating `altdoc/` directory.
i Creating `docs/` directory.
i Adding ^docs$ to .Rbuildignore
i Adding ^altdoc$ to .Rbuildignore
i Adding altdoc/freeze.rds to .gitignore
i Importing default settings file(s) to `altdoc/`
i README.md is mandatory. `altdoc` created a dummy README file in the package directory.
v Setting active project to "<no active project>".
v Setting active project to
"/private/var/folders/k4/0jwzxmln0nb8y6rkzprptb640000gq/T/RtmpODhqOf/testpkga82e2cc644fc".
v Setting active project to "<no active project>".
v Setting active project to
"/private/var/folders/k4/0jwzxmln0nb8y6rkzprptb640000gq/T/RtmpODhqOf/testpkga82ea3ba9a8".
i Creating `altdoc/` directory.
i Creating `docs/` directory.
i Adding ^docs$ to .Rbuildignore
i Adding ^altdoc$ to .Rbuildignore
i Adding altdoc/freeze.rds to .gitignore
i Importing default settings file(s) to `altdoc/`
i README.md is mandatory. `altdoc` created a dummy README file in the package directory.
-- Basic files -----------------------------------------------------------------
v 'README' imported.
-- Man pages -------------------------------------------------------------------
i No man pages to convert.
-- Vignettes -------------------------------------------------------------------
i Found 1 vignette to convert.
\ Converting vignette 1/1: foo.Rmd
x Converting vignette 1/1: foo.Rmd [52ms]
v Setting active project to "<no active project>".
v Setting active project to
"/private/var/folders/k4/0jwzxmln0nb8y6rkzprptb640000gq/T/RtmpODhqOf/testpkga82e7a63a236".
i Creating `altdoc/` directory.
i Creating `docs/` directory.
i Adding ^docs$ to .Rbuildignore
i Adding ^altdoc$ to .Rbuildignore
i Adding altdoc/freeze.rds to .gitignore
i Importing default settings file(s) to `altdoc/`
i README.md is mandatory. `altdoc` created a dummy README file in the package directory.
-- Basic files -----------------------------------------------------------------
v 'README' imported.
-- Man pages -------------------------------------------------------------------
i Found 1 man page to convert.
\ Converting function reference 1/1: foo
x Converting function reference 1/1: foo [57ms]
v Setting active project to "<no active project>".
v Setting active project to
"/private/var/folders/k4/0jwzxmln0nb8y6rkzprptb640000gq/T/RtmpODhqOf/testpkga82e490c1f30".
i Creating `altdoc/` directory.
i Creating `docs/` directory.
i Adding ^docs$ to .Rbuildignore
i Adding ^altdoc$ to .Rbuildignore
i Adding altdoc/freeze.rds to .gitignore
i Adding altdoc/pkgdown.yml file.
i Importing default settings file(s) to `altdoc/`
i README.md is mandatory. `altdoc` created a dummy README file in the package directory.
-- Basic files -----------------------------------------------------------------
v 'README' imported.
-- Man pages -------------------------------------------------------------------
i No man pages to convert.
-- Vignettes -------------------------------------------------------------------
i No vignettes to convert.
-- Update HTML -----------------------------------------------------------------
v HTML updated.
-- Complete --------------------------------------------------------------------
v Documentation updated.
v Setting active project to "<no active project>".
v Setting active project to
"/private/var/folders/k4/0jwzxmln0nb8y6rkzprptb640000gq/T/RtmpODhqOf/testpkga82e3829006b".
i Creating `altdoc/` directory.
i Creating `docs/` directory.
i Adding ^docs$ to .Rbuildignore
i Adding ^altdoc$ to .Rbuildignore
i Adding altdoc/freeze.rds to .gitignore
i Importing default settings file(s) to `altdoc/`
i README.md is mandatory. `altdoc` created a dummy README file in the package directory.
-- Basic files -----------------------------------------------------------------
v 'README' imported.
-- Man pages -------------------------------------------------------------------
i No man pages to convert.
-- Vignettes -------------------------------------------------------------------
i No vignettes to convert.
-- Update HTML -----------------------------------------------------------------
v HTML updated.
-- Complete --------------------------------------------------------------------
v Documentation updated.
v Setting active project to "<no active project>".
v Setting active project to
"/private/var/folders/k4/0jwzxmln0nb8y6rkzprptb640000gq/T/RtmpODhqOf/testproja82e3e60e0fe".
v Setting active project to "<no active project>".
v Setting active project to
"/private/var/folders/k4/0jwzxmln0nb8y6rkzprptb640000gq/T/RtmpODhqOf/testpkga82e17e18507".
i Creating `altdoc/` directory.
i Creating `docs/` directory.
i Adding ^docs$ to .Rbuildignore
i Adding ^altdoc$ to .Rbuildignore
i Adding altdoc/freeze.rds to .gitignore
i Importing default settings file(s) to `altdoc/`
i README.md is mandatory. `altdoc` created a dummy README file in the package directory.
v Setting active project to "<no active project>".
v Setting active project to
"/private/var/folders/k4/0jwzxmln0nb8y6rkzprptb640000gq/T/RtmpODhqOf/testpkga82e254bb9a".
v Setting active project to "<no active project>".
v Setting active project to
"/private/var/folders/k4/0jwzxmln0nb8y6rkzprptb640000gq/T/RtmpODhqOf/testpkga82e3dabc8a4".
i Creating `altdoc/` directory.
i Creating `docs/` directory.
i Adding ^docs$ to .Rbuildignore
i Adding ^altdoc$ to .Rbuildignore
i Adding altdoc/freeze.rds to .gitignore
i Importing default settings file(s) to `altdoc/`
i README.md is mandatory. `altdoc` created a dummy README file in the package directory.
i Creating `docs/` directory.
i Importing default settings file(s) to `altdoc/`
v Setting active project to "<no active project>".
v Setting active project to
"/private/var/folders/k4/0jwzxmln0nb8y6rkzprptb640000gq/T/RtmpODhqOf/testpkga82e56df273a".
i Creating `altdoc/` directory.
i Creating `docs/` directory.
i Adding ^docs$ to .Rbuildignore
i Adding ^altdoc$ to .Rbuildignore
i Adding altdoc/freeze.rds to .gitignore
i Importing default settings file(s) to `altdoc/`
i README.md is mandatory. `altdoc` created a dummy README file in the package directory.
i Creating `docs/` directory.
i Importing default settings file(s) to `altdoc/`
v Setting active project to "<no active project>".
v Setting active project to
"/private/var/folders/k4/0jwzxmln0nb8y6rkzprptb640000gq/T/RtmpODhqOf/testpkga82e5cdf6693".
i Creating `altdoc/` directory.
i Creating `docs/` directory.
i Adding ^docs$ to .Rbuildignore
i Adding ^altdoc$ to .Rbuildignore
i Adding altdoc/freeze.rds to .gitignore
i Adding ^_quarto$ to .Rbuildignore
i Adding _quarto/* to .gitignore
i Adding !_quarto/_freeze/ to .gitignore
i Importing default settings file(s) to `altdoc/`
i README.md is mandatory. `altdoc` created a dummy README file in the package directory.
v Setting active project to "<no active project>".
v Setting active project to
"/private/var/folders/k4/0jwzxmln0nb8y6rkzprptb640000gq/T/RtmpODhqOf/testpkga82e60cc19a9".
i Creating `altdoc/` directory.
i Creating `docs/` directory.
i Adding ^docs$ to .Rbuildignore
i Adding ^altdoc$ to .Rbuildignore
i Adding altdoc/freeze.rds to .gitignore
i Importing default settings file(s) to `altdoc/`
i README.md is mandatory. `altdoc` created a dummy README file in the package directory.
v Setting active project to "<no active project>".
v Setting active project to
"/private/var/folders/k4/0jwzxmln0nb8y6rkzprptb640000gq/T/RtmpODhqOf/testpkga82e5d4c29ca".
i Creating `altdoc/` directory.
i Creating `docs/` directory.
i Adding ^docs$ to .Rbuildignore
i Adding ^altdoc$ to .Rbuildignore
i Adding altdoc/freeze.rds to .gitignore
i Importing default settings file(s) to `altdoc/`
i README.md is mandatory. `altdoc` created a dummy README file in the package directory.
v '.github/workflows/altdoc.yaml' created.
v Added `altdoc` in Suggests.
v Setting active project to "<no active project>".
v Setting active project to
"/private/var/folders/k4/0jwzxmln0nb8y6rkzprptb640000gq/T/RtmpODhqOf/testpkga82e2c3aedc9".
i Creating `altdoc/` directory.
i Creating `docs/` directory.
i Adding ^docs$ to .Rbuildignore
i Adding ^altdoc$ to .Rbuildignore
i Adding altdoc/freeze.rds to .gitignore
i Importing default settings file(s) to `altdoc/`
i README.md is mandatory. `altdoc` created a dummy README file in the package directory.
i Leaving 'README.md' unchanged.
[ ] Update 'README.md' to include installation instructions.
-- Basic files -----------------------------------------------------------------
v 'README' imported.
-- Man pages -------------------------------------------------------------------
i No man pages to convert.
-- Vignettes -------------------------------------------------------------------
i No vignettes to convert.
-- Update HTML -----------------------------------------------------------------
v HTML updated.
-- Complete --------------------------------------------------------------------
v Documentation updated.
v Setting active project to "<no active project>".
v Setting active project to
"/private/var/folders/k4/0jwzxmln0nb8y6rkzprptb640000gq/T/RtmpODhqOf/testpkga82e3eeac292".
i Creating `altdoc/` directory.
i Creating `docs/` directory.
i Adding ^docs$ to .Rbuildignore
i Adding ^altdoc$ to .Rbuildignore
i Adding altdoc/freeze.rds to .gitignore
i Importing default settings file(s) to `altdoc/`
i README.md is mandatory. `altdoc` created a dummy README file in the package directory.
i Leaving 'README.md' unchanged.
[ ] Update 'README.md' to include installation instructions.
-- Basic files -----------------------------------------------------------------
v 'README' imported.
-- Man pages -------------------------------------------------------------------
i No man pages to convert.
-- Vignettes -------------------------------------------------------------------
i No vignettes to convert.
-- Update HTML -----------------------------------------------------------------
v HTML updated.
-- Complete --------------------------------------------------------------------
v Documentation updated.
v Setting active project to "<no active project>".
v Setting active project to
"/private/var/folders/k4/0jwzxmln0nb8y6rkzprptb640000gq/T/RtmpODhqOf/testpkga82e787cfdd8".
v Writing 'NEWS.md'.
i Creating `altdoc/` directory.
i Creating `docs/` directory.
i Adding ^docs$ to .Rbuildignore
i Adding ^altdoc$ to .Rbuildignore
i Adding altdoc/freeze.rds to .gitignore
i Importing default settings file(s) to `altdoc/`
i README.md is mandatory. `altdoc` created a dummy README file in the package directory.
-- Basic files -----------------------------------------------------------------
v 'NEWS' imported.
v 'README' imported.
-- Man pages -------------------------------------------------------------------
i No man pages to convert.
-- Vignettes -------------------------------------------------------------------
i No vignettes to convert.
-- Update HTML -----------------------------------------------------------------
v HTML updated.
-- Complete --------------------------------------------------------------------
v Documentation updated.
-- Basic files -----------------------------------------------------------------
v 'NEWS' imported.
v 'README' imported.
-- Man pages -------------------------------------------------------------------
i No man pages to convert.
-- Vignettes -------------------------------------------------------------------
i No vignettes to convert.
-- Update HTML -----------------------------------------------------------------
v HTML updated.
-- Complete --------------------------------------------------------------------
v Documentation updated.
v Setting active project to "<no active project>".
v Setting active project to
"/private/var/folders/k4/0jwzxmln0nb8y6rkzprptb640000gq/T/RtmpODhqOf/testpkga82e17b4168c".
v Writing 'NEWS.md'.
i Creating `altdoc/` directory.
i Creating `docs/` directory.
i Adding ^docs$ to .Rbuildignore
i Adding ^altdoc$ to .Rbuildignore
i Adding altdoc/freeze.rds to .gitignore
i Importing default settings file(s) to `altdoc/`
i README.md is mandatory. `altdoc` created a dummy README file in the package directory.
-- Basic files -----------------------------------------------------------------
v 'NEWS' imported.
v 'README' imported.
-- Man pages -------------------------------------------------------------------
i No man pages to convert.
-- Vignettes -------------------------------------------------------------------
i No vignettes to convert.
-- Update HTML -----------------------------------------------------------------
v HTML updated.
-- Complete --------------------------------------------------------------------
v Documentation updated.
-- Basic files -----------------------------------------------------------------
v 'NEWS' imported.
v 'README' imported.
-- Man pages -------------------------------------------------------------------
i No man pages to convert.
-- Vignettes -------------------------------------------------------------------
i No vignettes to convert.
-- Update HTML -----------------------------------------------------------------
v HTML updated.
-- Complete --------------------------------------------------------------------
v Documentation updated.
v Setting active project to "<no active project>".
v Setting active project to
"/private/var/folders/k4/0jwzxmln0nb8y6rkzprptb640000gq/T/RtmpODhqOf/testpkga82e456fa2f7".
v Writing 'CODE_OF_CONDUCT.md'.
v Adding "^CODE_OF_CONDUCT\\.md$" to '.Rbuildignore'.
[ ] You may also want to describe the code of conduct in your README:
## Code of Conduct
Please note that the testpkga82e456fa2f7 project is released with a [Contributor Code of Conduct](https://contributor-covenant.org/version/2/1/CODE_OF_CONDUCT.html). By contributing to this project, you agree to abide by its terms.
i Creating `altdoc/` directory.
i Creating `docs/` directory.
i Adding ^docs$ to .Rbuildignore
i Adding ^altdoc$ to .Rbuildignore
i Adding altdoc/freeze.rds to .gitignore
i Importing default settings file(s) to `altdoc/`
i README.md is mandatory. `altdoc` created a dummy README file in the package directory.
-- Basic files -----------------------------------------------------------------
v 'CODE_OF_CONDUCT' imported.
v 'README' imported.
-- Man pages -------------------------------------------------------------------
i No man pages to convert.
-- Vignettes -------------------------------------------------------------------
i No vignettes to convert.
-- Update HTML -----------------------------------------------------------------
v HTML updated.
-- Complete --------------------------------------------------------------------
v Documentation updated.
-- Basic files -----------------------------------------------------------------
v 'CODE_OF_CONDUCT' imported.
v 'README' imported.
-- Man pages -------------------------------------------------------------------
i No man pages to convert.
-- Vignettes -------------------------------------------------------------------
i No vignettes to convert.
-- Update HTML -----------------------------------------------------------------
v HTML updated.
-- Complete --------------------------------------------------------------------
v Documentation updated.
v Setting active project to "<no active project>".
v Setting active project to
"/private/var/folders/k4/0jwzxmln0nb8y6rkzprptb640000gq/T/RtmpODhqOf/testpkga82e65e66901".
v Writing 'CODE_OF_CONDUCT.md'.
v Adding "^CODE_OF_CONDUCT\\.md$" to '.Rbuildignore'.
[ ] You may also want to describe the code of conduct in your README:
## Code of Conduct
Please note that the testpkga82e65e66901 project is released with a [Contributor Code of Conduct](https://contributor-covenant.org/version/2/1/CODE_OF_CONDUCT.html). By contributing to this project, you agree to abide by its terms.
i Creating `altdoc/` directory.
i Creating `docs/` directory.
i Adding ^docs$ to .Rbuildignore
i Adding ^altdoc$ to .Rbuildignore
i Adding altdoc/freeze.rds to .gitignore
i Importing default settings file(s) to `altdoc/`
i README.md is mandatory. `altdoc` created a dummy README file in the package directory.
-- Basic files -----------------------------------------------------------------
v 'CODE_OF_CONDUCT' imported.
v 'README' imported.
-- Man pages -------------------------------------------------------------------
i No man pages to convert.
-- Vignettes -------------------------------------------------------------------
i No vignettes to convert.
-- Update HTML -----------------------------------------------------------------
v HTML updated.
-- Complete --------------------------------------------------------------------
v Documentation updated.
-- Basic files -----------------------------------------------------------------
v 'CODE_OF_CONDUCT' imported.
v 'README' imported.
-- Man pages -------------------------------------------------------------------
i No man pages to convert.
-- Vignettes -------------------------------------------------------------------
i No vignettes to convert.
-- Update HTML -----------------------------------------------------------------
v HTML updated.
-- Complete --------------------------------------------------------------------
v Documentation updated.
v Setting active project to "<no active project>".
v Setting active project to
"/private/var/folders/k4/0jwzxmln0nb8y6rkzprptb640000gq/T/RtmpODhqOf/testpkga82e2d5121df".
v Adding "MIT + file LICENSE" to 'License'.
v Writing 'LICENSE'.
v Writing 'LICENSE.md'.
v Adding "^LICENSE\\.md$" to '.Rbuildignore'.
i Creating `altdoc/` directory.
i Creating `docs/` directory.
i Adding ^docs$ to .Rbuildignore
i Adding ^altdoc$ to .Rbuildignore
i Adding altdoc/freeze.rds to .gitignore
i Importing default settings file(s) to `altdoc/`
i README.md is mandatory. `altdoc` created a dummy README file in the package directory.
-- Basic files -----------------------------------------------------------------
v 'LICENSE' imported.
v 'README' imported.
-- Man pages -------------------------------------------------------------------
i No man pages to convert.
-- Vignettes -------------------------------------------------------------------
i No vignettes to convert.
-- Update HTML -----------------------------------------------------------------
v HTML updated.
-- Complete --------------------------------------------------------------------
v Documentation updated.
-- Basic files -----------------------------------------------------------------
v 'LICENSE' imported.
v 'README' imported.
-- Man pages -------------------------------------------------------------------
i No man pages to convert.
-- Vignettes -------------------------------------------------------------------
i No vignettes to convert.
-- Update HTML -----------------------------------------------------------------
v HTML updated.
-- Complete --------------------------------------------------------------------
v Documentation updated.
v Setting active project to "<no active project>".
v Setting active project to
"/private/var/folders/k4/0jwzxmln0nb8y6rkzprptb640000gq/T/RtmpODhqOf/testpkga82ed6e5477".
v Adding "MIT + file LICENSE" to 'License'.
v Writing 'LICENSE'.
v Writing 'LICENSE.md'.
v Adding "^LICENSE\\.md$" to '.Rbuildignore'.
i Creating `altdoc/` directory.
i Creating `docs/` directory.
i Adding ^docs$ to .Rbuildignore
i Adding ^altdoc$ to .Rbuildignore
i Adding altdoc/freeze.rds to .gitignore
i Importing default settings file(s) to `altdoc/`
i README.md is mandatory. `altdoc` created a dummy README file in the package directory.
-- Basic files -----------------------------------------------------------------
v 'LICENSE' imported.
v 'README' imported.
-- Man pages -------------------------------------------------------------------
i No man pages to convert.
-- Vignettes -------------------------------------------------------------------
i No vignettes to convert.
-- Update HTML -----------------------------------------------------------------
v HTML updated.
-- Complete --------------------------------------------------------------------
v Documentation updated.
-- Basic files -----------------------------------------------------------------
v 'LICENSE' imported.
v 'README' imported.
-- Man pages -------------------------------------------------------------------
i No man pages to convert.
-- Vignettes -------------------------------------------------------------------
i No vignettes to convert.
-- Update HTML -----------------------------------------------------------------
v HTML updated.
-- Complete --------------------------------------------------------------------
v Documentation updated.
v Setting active project to "<no active project>".
v Setting active project to
"/private/var/folders/k4/0jwzxmln0nb8y6rkzprptb640000gq/T/RtmpODhqOf/testpkga82e700bdc46".
i Creating `altdoc/` directory.
i Creating `docs/` directory.
i Adding ^docs$ to .Rbuildignore
i Adding ^altdoc$ to .Rbuildignore
i Adding altdoc/freeze.rds to .gitignore
i Importing default settings file(s) to `altdoc/`
i README.md is mandatory. `altdoc` created a dummy README file in the package directory.
-- Basic files -----------------------------------------------------------------
v 'README' imported.
-- Man pages -------------------------------------------------------------------
i No man pages to convert.
-- Vignettes -------------------------------------------------------------------
i Found 1 vignette to convert.
\ Converting vignette 1/1: basic.Rmd
x Converting vignette 1/1: basic.Rmd [27ms]
v Setting active project to "<no active project>".
v Setting active project to
"/private/var/folders/k4/0jwzxmln0nb8y6rkzprptb640000gq/T/RtmpODhqOf/testpkga82e7131796a".
i Creating `altdoc/` directory.
i Creating `docs/` directory.
i Adding ^docs$ to .Rbuildignore
i Adding ^altdoc$ to .Rbuildignore
i Adding altdoc/freeze.rds to .gitignore
i Importing default settings file(s) to `altdoc/`
i README.md is mandatory. `altdoc` created a dummy README file in the package directory.
-- Basic files -----------------------------------------------------------------
v 'README' imported.
-- Man pages -------------------------------------------------------------------
i No man pages to convert.
-- Vignettes -------------------------------------------------------------------
i Found 1 vignette to convert.
\ Converting vignette 1/1: basic.Rmd
x Converting vignette 1/1: basic.Rmd [23ms]
v Setting active project to "<no active project>".
v Setting active project to
"/private/var/folders/k4/0jwzxmln0nb8y6rkzprptb640000gq/T/RtmpODhqOf/testpkga82e1104fa19".
v Setting active project to "<no active project>".
v Setting active project to
"/private/var/folders/k4/0jwzxmln0nb8y6rkzprptb640000gq/T/RtmpODhqOf/testpkga82e5d203fba".
v Setting active project to "<no active project>".
v Setting active project to
"/private/var/folders/k4/0jwzxmln0nb8y6rkzprptb640000gq/T/RtmpODhqOf/testpkga82e28af0f65".
v Setting active project to "<no active project>".
v Setting active project to
"/private/var/folders/k4/0jwzxmln0nb8y6rkzprptb640000gq/T/RtmpODhqOf/testpkga82e505d4e73".
v Setting active project to "<no active project>".
v Setting active project to
"/private/var/folders/k4/0jwzxmln0nb8y6rkzprptb640000gq/T/RtmpODhqOf/testpkga82e23141dc6".
v Setting active project to "<no active project>".
v Setting active project to
"/private/var/folders/k4/0jwzxmln0nb8y6rkzprptb640000gq/T/RtmpODhqOf/testpkga82e32c5ea3".
v Setting active project to "<no active project>".
[ FAIL 8 | WARN 0 | SKIP 8 | PASS 55 ]
══ Skipped tests (8) ═══════════════════════════════════════════════════════════
• .venv_exists() is not TRUE (2): 'test-setup_docs.R:49:5',
'test-setup_github_actions.R:23:3'
• On CRAN (5): 'test-render_docs.R:2:3', 'test-render_docs.R:35:3',
'test-render_docs.R:69:3', 'test-render_docs.R:110:3',
'test-render_docs.R:143:3'
• tool == "mkdocs" && !.venv_exists() is TRUE (1): 'test-parallel.R:3:5'
══ Failed tests ════════════════════════════════════════════════════════════════
── Error ('test-import_man.R:11:3'): rendering fails ───────────────────────────
Error in `cat(out[[2]])`: argument 1 (type 'list') cannot be handled by 'cat'
Backtrace:
▆
1. ├─testthat::expect_equal(...) at test-import_man.R:11:3
2. │ └─testthat::quasi_label(enquo(object), label, arg = "object")
3. │ └─rlang::eval_bare(expr, quo_get_env(quo))
4. └─altdoc:::.render_one_man(...)
5. └─altdoc:::.qmd2md(...)
6. └─base::cat(out[[2]])
── Error ('test-import_man.R:47:3'): rendering skipped because unchanged and freeze = TRUE ──
Error in `cat(out[[2]])`: argument 1 (type 'list') cannot be handled by 'cat'
Backtrace:
▆
1. └─altdoc:::.render_one_man(...) at test-import_man.R:47:3
2. └─altdoc:::.qmd2md(...)
3. └─base::cat(out[[2]])
── Error ('test-qmd2md.R:11:3'): use template preamble if no preamble in file ──
Error in `cat(out[[2]])`: argument 1 (type 'list') cannot be handled by 'cat'
Backtrace:
▆
1. └─altdoc:::.qmd2md(vignette_qmd, "vignettes", preamble = preamble) at test-qmd2md.R:11:3
2. └─base::cat(out[[2]])
── Error ('test-qmd2md.R:28:3'): do not use template preamble if preamble in file ──
Error in `cat(out[[2]])`: argument 1 (type 'list') cannot be handled by 'cat'
Backtrace:
▆
1. └─altdoc:::.qmd2md(vignette_qmd, "vignettes", preamble = preamble) at test-qmd2md.R:28:3
2. └─base::cat(out[[2]])
── Error ('test-render_docs.R:175:3'): render_docs errors if vignettes fail ────
Error in `cat(out[[2]])`: argument 1 (type 'list') cannot be handled by 'cat'
Backtrace:
▆
1. ├─testthat::expect_error(render_docs(path = getwd()), "some failures when rendering vignettes") at test-render_docs.R:175:3
2. │ └─testthat:::expect_condition_matching(...)
3. │ └─testthat:::quasi_capture(...)
4. │ ├─testthat (local) .capture(...)
5. │ │ └─base::withCallingHandlers(...)
6. │ └─rlang::eval_bare(quo_get_expr(.quo), quo_get_env(.quo))
7. └─altdoc::render_docs(path = getwd())
8. └─altdoc:::.import_vignettes(...)
9. └─base::vapply(...)
10. └─altdoc (local) FUN(X[[i]], ...)
11. └─altdoc:::.render_one_vignette(...)
12. └─altdoc:::.qmd2md(origin, tar_dir, verbose = verbose, preamble = pre)
13. └─base::cat(out[[2]])
── Error ('test-render_docs.R:186:3'): render_docs errors if man fail ──────────
Error in `cat(out[[2]])`: argument 1 (type 'list') cannot be handled by 'cat'
Backtrace:
▆
1. ├─testthat::expect_error(render_docs(path = getwd()), "some failures when rendering man pages") at test-render_docs.R:186:3
2. │ └─testthat:::expect_condition_matching(...)
3. │ └─testthat:::quasi_capture(...)
4. │ ├─testthat (local) .capture(...)
5. │ │ └─base::withCallingHandlers(...)
6. │ └─rlang::eval_bare(quo_get_expr(.quo), quo_get_env(.quo))
7. └─altdoc::render_docs(path = getwd())
8. └─altdoc:::.import_man(...)
9. └─base::vapply(...)
10. └─altdoc (local) FUN(X[[i]], ...)
11. └─altdoc:::.render_one_man(...)
12. └─altdoc:::.qmd2md(...)
13. └─base::cat(out[[2]])
── Error ('test-update.R:111:5'): render_docs also transform new/modified vignettes if specified: docute ──
Error in `cat(out[[2]])`: argument 1 (type 'list') cannot be handled by 'cat'
Backtrace:
▆
1. └─altdoc::render_docs(path = getwd()) at test-update.R:111:5
2. └─altdoc:::.import_vignettes(...)
3. └─base::vapply(...)
4. └─altdoc (local) FUN(X[[i]], ...)
5. └─altdoc:::.render_one_vignette(...)
6. └─altdoc:::.qmd2md(origin, tar_dir, verbose = verbose, preamble = pre)
7. └─base::cat(out[[2]])
── Error ('test-update.R:111:5'): render_docs also transform new/modified vignettes if specified: docsify ──
Error in `cat(out[[2]])`: argument 1 (type 'list') cannot be handled by 'cat'
Backtrace:
▆
1. └─altdoc::render_docs(path = getwd()) at test-update.R:111:5
2. └─altdoc:::.import_vignettes(...)
3. └─base::vapply(...)
4. └─altdoc (local) FUN(X[[i]], ...)
5. └─altdoc:::.render_one_vignette(...)
6. └─altdoc:::.qmd2md(origin, tar_dir, verbose = verbose, preamble = pre)
7. └─base::cat(out[[2]])
[ FAIL 8 | WARN 0 | SKIP 8 | PASS 55 ]
Error: Test failures
Execution halted
Flavor: r-release-macos-arm64
Version: 0.5.0
Check: tests
Result: ERROR
Running ‘spelling.R’ [0s/0s]
Running ‘testthat.R’ [20s/29s]
Running the tests in ‘tests/testthat.R’ failed.
Complete output:
> library(testthat)
> library(altdoc)
>
> test_check("altdoc")
v Setting active project to
"/private/var/folders/2b/t0kwbtmn3p7brv2mvx39c9cr0000gn/T/Rtmp8nyCoh/testpkg183f45cfd5598".
i Creating `altdoc/` directory.
i Creating `docs/` directory.
i Adding ^docs$ to .Rbuildignore
i Adding ^altdoc$ to .Rbuildignore
i Adding altdoc/freeze.rds to .gitignore
i Importing default settings file(s) to `altdoc/`
i README.md is mandatory. `altdoc` created a dummy README file in the package directory.
-- Basic files -----------------------------------------------------------------
v 'README' imported.
-- Man pages -------------------------------------------------------------------
i No man pages to convert.
-- Vignettes -------------------------------------------------------------------
i No vignettes to convert.
-- Update HTML -----------------------------------------------------------------
v HTML updated.
-- Complete --------------------------------------------------------------------
v Documentation updated.
v Setting active project to "<no active project>".
v Setting active project to
"/private/var/folders/2b/t0kwbtmn3p7brv2mvx39c9cr0000gn/T/Rtmp8nyCoh/testpkg183f474899fcd".
i Creating `altdoc/` directory.
i Creating `docs/` directory.
i Adding ^docs$ to .Rbuildignore
i Adding ^altdoc$ to .Rbuildignore
i Adding altdoc/freeze.rds to .gitignore
i Importing default settings file(s) to `altdoc/`
i README.md is mandatory. `altdoc` created a dummy README file in the package directory.
v Setting active project to "<no active project>".
v Setting active project to
"/private/var/folders/2b/t0kwbtmn3p7brv2mvx39c9cr0000gn/T/Rtmp8nyCoh/testpkg183f470fa2db7".
i Creating `altdoc/` directory.
i Creating `docs/` directory.
i Adding ^docs$ to .Rbuildignore
i Adding ^altdoc$ to .Rbuildignore
i Adding altdoc/freeze.rds to .gitignore
i Importing default settings file(s) to `altdoc/`
i README.md is mandatory. `altdoc` created a dummy README file in the package directory.
v Setting active project to "<no active project>".
v Setting active project to
"/private/var/folders/2b/t0kwbtmn3p7brv2mvx39c9cr0000gn/T/Rtmp8nyCoh/testpkg183f427cbf6e2".
i Creating `altdoc/` directory.
i Creating `docs/` directory.
i Adding ^docs$ to .Rbuildignore
i Adding ^altdoc$ to .Rbuildignore
i Adding altdoc/freeze.rds to .gitignore
i Importing default settings file(s) to `altdoc/`
i README.md is mandatory. `altdoc` created a dummy README file in the package directory.
v Setting active project to "<no active project>".
v Setting active project to
"/private/var/folders/2b/t0kwbtmn3p7brv2mvx39c9cr0000gn/T/Rtmp8nyCoh/testpkg183f4445fe132".
i Creating `altdoc/` directory.
i Creating `docs/` directory.
i Adding ^docs$ to .Rbuildignore
i Adding ^altdoc$ to .Rbuildignore
i Adding altdoc/freeze.rds to .gitignore
i Importing default settings file(s) to `altdoc/`
i README.md is mandatory. `altdoc` created a dummy README file in the package directory.
i Leaving 'README.md' unchanged.
[ ] Update 'README.md' to include installation instructions.
-- Basic files -----------------------------------------------------------------
v 'README' imported.
-- Man pages -------------------------------------------------------------------
i No man pages to convert.
-- Vignettes -------------------------------------------------------------------
i No vignettes to convert.
-- Update HTML -----------------------------------------------------------------
v HTML updated.
-- Complete --------------------------------------------------------------------
v Documentation updated.
v Setting active project to "<no active project>".
v Setting active project to
"/private/var/folders/2b/t0kwbtmn3p7brv2mvx39c9cr0000gn/T/Rtmp8nyCoh/testpkg183f4750134ca".
i Creating `altdoc/` directory.
i Creating `docs/` directory.
i Adding ^docs$ to .Rbuildignore
i Adding ^altdoc$ to .Rbuildignore
i Adding altdoc/freeze.rds to .gitignore
i Importing default settings file(s) to `altdoc/`
i README.md is mandatory. `altdoc` created a dummy README file in the package directory.
i Leaving 'README.md' unchanged.
[ ] Update 'README.md' to include installation instructions.
-- Basic files -----------------------------------------------------------------
v 'README' imported.
-- Man pages -------------------------------------------------------------------
i No man pages to convert.
-- Vignettes -------------------------------------------------------------------
i No vignettes to convert.
-- Update HTML -----------------------------------------------------------------
v HTML updated.
-- Complete --------------------------------------------------------------------
v Documentation updated.
v Setting active project to "<no active project>".
v Setting active project to
"/private/var/folders/2b/t0kwbtmn3p7brv2mvx39c9cr0000gn/T/Rtmp8nyCoh/testpkg183f4104a65d7".
i Creating `altdoc/` directory.
i Creating `docs/` directory.
i Adding ^docs$ to .Rbuildignore
i Adding ^altdoc$ to .Rbuildignore
i Adding altdoc/freeze.rds to .gitignore
i Importing default settings file(s) to `altdoc/`
i README.md is mandatory. `altdoc` created a dummy README file in the package directory.
v Setting active project to "<no active project>".
v Setting active project to
"/private/var/folders/2b/t0kwbtmn3p7brv2mvx39c9cr0000gn/T/Rtmp8nyCoh/testpkg183f425c7bd1e".
i Creating `altdoc/` directory.
i Creating `docs/` directory.
i Adding ^docs$ to .Rbuildignore
i Adding ^altdoc$ to .Rbuildignore
i Adding altdoc/freeze.rds to .gitignore
i Importing default settings file(s) to `altdoc/`
i README.md is mandatory. `altdoc` created a dummy README file in the package directory.
v Setting active project to "<no active project>".
v Setting active project to
"/private/var/folders/2b/t0kwbtmn3p7brv2mvx39c9cr0000gn/T/Rtmp8nyCoh/testpkg183f44022fb0e".
i Creating `altdoc/` directory.
i Creating `docs/` directory.
i Adding ^docs$ to .Rbuildignore
i Adding ^altdoc$ to .Rbuildignore
i Adding altdoc/freeze.rds to .gitignore
i Importing default settings file(s) to `altdoc/`
i README.md is mandatory. `altdoc` created a dummy README file in the package directory.
v Setting active project to "<no active project>".
v Setting active project to
"/private/var/folders/2b/t0kwbtmn3p7brv2mvx39c9cr0000gn/T/Rtmp8nyCoh/testpkg183f45098da28".
v Setting active project to "<no active project>".
v Setting active project to
"/private/var/folders/2b/t0kwbtmn3p7brv2mvx39c9cr0000gn/T/Rtmp8nyCoh/testpkg183f45cf9b059".
i Creating `altdoc/` directory.
i Creating `docs/` directory.
i Adding ^docs$ to .Rbuildignore
i Adding ^altdoc$ to .Rbuildignore
i Adding altdoc/freeze.rds to .gitignore
i Importing default settings file(s) to `altdoc/`
i README.md is mandatory. `altdoc` created a dummy README file in the package directory.
-- Basic files -----------------------------------------------------------------
v 'README' imported.
-- Man pages -------------------------------------------------------------------
i No man pages to convert.
-- Vignettes -------------------------------------------------------------------
i Found 1 vignette to convert.
\ Converting vignette 1/1: foo.Rmd
x Converting vignette 1/1: foo.Rmd [108ms]
v Setting active project to "<no active project>".
v Setting active project to
"/private/var/folders/2b/t0kwbtmn3p7brv2mvx39c9cr0000gn/T/Rtmp8nyCoh/testpkg183f46bab39c1".
i Creating `altdoc/` directory.
i Creating `docs/` directory.
i Adding ^docs$ to .Rbuildignore
i Adding ^altdoc$ to .Rbuildignore
i Adding altdoc/freeze.rds to .gitignore
i Importing default settings file(s) to `altdoc/`
i README.md is mandatory. `altdoc` created a dummy README file in the package directory.
-- Basic files -----------------------------------------------------------------
v 'README' imported.
-- Man pages -------------------------------------------------------------------
i Found 1 man page to convert.
\ Converting function reference 1/1: foo
x Converting function reference 1/1: foo [118ms]
v Setting active project to "<no active project>".
v Setting active project to
"/private/var/folders/2b/t0kwbtmn3p7brv2mvx39c9cr0000gn/T/Rtmp8nyCoh/testpkg183f428d5707d".
i Creating `altdoc/` directory.
i Creating `docs/` directory.
i Adding ^docs$ to .Rbuildignore
i Adding ^altdoc$ to .Rbuildignore
i Adding altdoc/freeze.rds to .gitignore
i Adding altdoc/pkgdown.yml file.
i Importing default settings file(s) to `altdoc/`
i README.md is mandatory. `altdoc` created a dummy README file in the package directory.
-- Basic files -----------------------------------------------------------------
v 'README' imported.
-- Man pages -------------------------------------------------------------------
i No man pages to convert.
-- Vignettes -------------------------------------------------------------------
i No vignettes to convert.
-- Update HTML -----------------------------------------------------------------
v HTML updated.
-- Complete --------------------------------------------------------------------
v Documentation updated.
v Setting active project to "<no active project>".
v Setting active project to
"/private/var/folders/2b/t0kwbtmn3p7brv2mvx39c9cr0000gn/T/Rtmp8nyCoh/testpkg183f46f338b04".
i Creating `altdoc/` directory.
i Creating `docs/` directory.
i Adding ^docs$ to .Rbuildignore
i Adding ^altdoc$ to .Rbuildignore
i Adding altdoc/freeze.rds to .gitignore
i Importing default settings file(s) to `altdoc/`
i README.md is mandatory. `altdoc` created a dummy README file in the package directory.
-- Basic files -----------------------------------------------------------------
v 'README' imported.
-- Man pages -------------------------------------------------------------------
i No man pages to convert.
-- Vignettes -------------------------------------------------------------------
i No vignettes to convert.
-- Update HTML -----------------------------------------------------------------
v HTML updated.
-- Complete --------------------------------------------------------------------
v Documentation updated.
v Setting active project to "<no active project>".
v Setting active project to
"/private/var/folders/2b/t0kwbtmn3p7brv2mvx39c9cr0000gn/T/Rtmp8nyCoh/testproj183f4132d4939".
v Setting active project to "<no active project>".
v Setting active project to
"/private/var/folders/2b/t0kwbtmn3p7brv2mvx39c9cr0000gn/T/Rtmp8nyCoh/testpkg183f44e776fac".
i Creating `altdoc/` directory.
i Creating `docs/` directory.
i Adding ^docs$ to .Rbuildignore
i Adding ^altdoc$ to .Rbuildignore
i Adding altdoc/freeze.rds to .gitignore
i Importing default settings file(s) to `altdoc/`
i README.md is mandatory. `altdoc` created a dummy README file in the package directory.
v Setting active project to "<no active project>".
v Setting active project to
"/private/var/folders/2b/t0kwbtmn3p7brv2mvx39c9cr0000gn/T/Rtmp8nyCoh/testpkg183f42ec4a297".
v Setting active project to "<no active project>".
v Setting active project to
"/private/var/folders/2b/t0kwbtmn3p7brv2mvx39c9cr0000gn/T/Rtmp8nyCoh/testpkg183f4413f30e6".
i Creating `altdoc/` directory.
i Creating `docs/` directory.
i Adding ^docs$ to .Rbuildignore
i Adding ^altdoc$ to .Rbuildignore
i Adding altdoc/freeze.rds to .gitignore
i Importing default settings file(s) to `altdoc/`
i README.md is mandatory. `altdoc` created a dummy README file in the package directory.
i Creating `docs/` directory.
i Importing default settings file(s) to `altdoc/`
v Setting active project to "<no active project>".
v Setting active project to
"/private/var/folders/2b/t0kwbtmn3p7brv2mvx39c9cr0000gn/T/Rtmp8nyCoh/testpkg183f415574ded".
i Creating `altdoc/` directory.
i Creating `docs/` directory.
i Adding ^docs$ to .Rbuildignore
i Adding ^altdoc$ to .Rbuildignore
i Adding altdoc/freeze.rds to .gitignore
i Importing default settings file(s) to `altdoc/`
i README.md is mandatory. `altdoc` created a dummy README file in the package directory.
i Creating `docs/` directory.
i Importing default settings file(s) to `altdoc/`
v Setting active project to "<no active project>".
v Setting active project to
"/private/var/folders/2b/t0kwbtmn3p7brv2mvx39c9cr0000gn/T/Rtmp8nyCoh/testpkg183f439c2d479".
i Creating `altdoc/` directory.
i Creating `docs/` directory.
i Adding ^docs$ to .Rbuildignore
i Adding ^altdoc$ to .Rbuildignore
i Adding altdoc/freeze.rds to .gitignore
i Adding ^_quarto$ to .Rbuildignore
i Adding _quarto/* to .gitignore
i Adding !_quarto/_freeze/ to .gitignore
i Importing default settings file(s) to `altdoc/`
i README.md is mandatory. `altdoc` created a dummy README file in the package directory.
v Setting active project to "<no active project>".
v Setting active project to
"/private/var/folders/2b/t0kwbtmn3p7brv2mvx39c9cr0000gn/T/Rtmp8nyCoh/testpkg183f47b62c786".
i Creating `altdoc/` directory.
i Creating `docs/` directory.
i Adding ^docs$ to .Rbuildignore
i Adding ^altdoc$ to .Rbuildignore
i Adding altdoc/freeze.rds to .gitignore
i Importing default settings file(s) to `altdoc/`
i README.md is mandatory. `altdoc` created a dummy README file in the package directory.
v Setting active project to "<no active project>".
v Setting active project to
"/private/var/folders/2b/t0kwbtmn3p7brv2mvx39c9cr0000gn/T/Rtmp8nyCoh/testpkg183f47570a9f7".
i Creating `altdoc/` directory.
i Creating `docs/` directory.
i Adding ^docs$ to .Rbuildignore
i Adding ^altdoc$ to .Rbuildignore
i Adding altdoc/freeze.rds to .gitignore
i Importing default settings file(s) to `altdoc/`
i README.md is mandatory. `altdoc` created a dummy README file in the package directory.
v '.github/workflows/altdoc.yaml' created.
v Added `altdoc` in Suggests.
v Setting active project to "<no active project>".
v Setting active project to
"/private/var/folders/2b/t0kwbtmn3p7brv2mvx39c9cr0000gn/T/Rtmp8nyCoh/testpkg183f437ae71e8".
i Creating `altdoc/` directory.
i Creating `docs/` directory.
i Adding ^docs$ to .Rbuildignore
i Adding ^altdoc$ to .Rbuildignore
i Adding altdoc/freeze.rds to .gitignore
i Importing default settings file(s) to `altdoc/`
i README.md is mandatory. `altdoc` created a dummy README file in the package directory.
i Leaving 'README.md' unchanged.
[ ] Update 'README.md' to include installation instructions.
-- Basic files -----------------------------------------------------------------
v 'README' imported.
-- Man pages -------------------------------------------------------------------
i No man pages to convert.
-- Vignettes -------------------------------------------------------------------
i No vignettes to convert.
-- Update HTML -----------------------------------------------------------------
v HTML updated.
-- Complete --------------------------------------------------------------------
v Documentation updated.
v Setting active project to "<no active project>".
v Setting active project to
"/private/var/folders/2b/t0kwbtmn3p7brv2mvx39c9cr0000gn/T/Rtmp8nyCoh/testpkg183f44e9c65fb".
i Creating `altdoc/` directory.
i Creating `docs/` directory.
i Adding ^docs$ to .Rbuildignore
i Adding ^altdoc$ to .Rbuildignore
i Adding altdoc/freeze.rds to .gitignore
i Importing default settings file(s) to `altdoc/`
i README.md is mandatory. `altdoc` created a dummy README file in the package directory.
i Leaving 'README.md' unchanged.
[ ] Update 'README.md' to include installation instructions.
-- Basic files -----------------------------------------------------------------
v 'README' imported.
-- Man pages -------------------------------------------------------------------
i No man pages to convert.
-- Vignettes -------------------------------------------------------------------
i No vignettes to convert.
-- Update HTML -----------------------------------------------------------------
v HTML updated.
-- Complete --------------------------------------------------------------------
v Documentation updated.
v Setting active project to "<no active project>".
v Setting active project to
"/private/var/folders/2b/t0kwbtmn3p7brv2mvx39c9cr0000gn/T/Rtmp8nyCoh/testpkg183f41e4f3426".
v Writing 'NEWS.md'.
i Creating `altdoc/` directory.
i Creating `docs/` directory.
i Adding ^docs$ to .Rbuildignore
i Adding ^altdoc$ to .Rbuildignore
i Adding altdoc/freeze.rds to .gitignore
i Importing default settings file(s) to `altdoc/`
i README.md is mandatory. `altdoc` created a dummy README file in the package directory.
-- Basic files -----------------------------------------------------------------
v 'NEWS' imported.
v 'README' imported.
-- Man pages -------------------------------------------------------------------
i No man pages to convert.
-- Vignettes -------------------------------------------------------------------
i No vignettes to convert.
-- Update HTML -----------------------------------------------------------------
v HTML updated.
-- Complete --------------------------------------------------------------------
v Documentation updated.
-- Basic files -----------------------------------------------------------------
v 'NEWS' imported.
v 'README' imported.
-- Man pages -------------------------------------------------------------------
i No man pages to convert.
-- Vignettes -------------------------------------------------------------------
i No vignettes to convert.
-- Update HTML -----------------------------------------------------------------
v HTML updated.
-- Complete --------------------------------------------------------------------
v Documentation updated.
v Setting active project to "<no active project>".
v Setting active project to
"/private/var/folders/2b/t0kwbtmn3p7brv2mvx39c9cr0000gn/T/Rtmp8nyCoh/testpkg183f452e13245".
v Writing 'NEWS.md'.
i Creating `altdoc/` directory.
i Creating `docs/` directory.
i Adding ^docs$ to .Rbuildignore
i Adding ^altdoc$ to .Rbuildignore
i Adding altdoc/freeze.rds to .gitignore
i Importing default settings file(s) to `altdoc/`
i README.md is mandatory. `altdoc` created a dummy README file in the package directory.
-- Basic files -----------------------------------------------------------------
v 'NEWS' imported.
v 'README' imported.
-- Man pages -------------------------------------------------------------------
i No man pages to convert.
-- Vignettes -------------------------------------------------------------------
i No vignettes to convert.
-- Update HTML -----------------------------------------------------------------
v HTML updated.
-- Complete --------------------------------------------------------------------
v Documentation updated.
-- Basic files -----------------------------------------------------------------
v 'NEWS' imported.
v 'README' imported.
-- Man pages -------------------------------------------------------------------
i No man pages to convert.
-- Vignettes -------------------------------------------------------------------
i No vignettes to convert.
-- Update HTML -----------------------------------------------------------------
v HTML updated.
-- Complete --------------------------------------------------------------------
v Documentation updated.
v Setting active project to "<no active project>".
v Setting active project to
"/private/var/folders/2b/t0kwbtmn3p7brv2mvx39c9cr0000gn/T/Rtmp8nyCoh/testpkg183f41245a7b9".
v Writing 'CODE_OF_CONDUCT.md'.
v Adding "^CODE_OF_CONDUCT\\.md$" to '.Rbuildignore'.
[ ] You may also want to describe the code of conduct in your README:
## Code of Conduct
Please note that the testpkg183f41245a7b9 project is released with a [Contributor Code of Conduct](https://contributor-covenant.org/version/2/1/CODE_OF_CONDUCT.html). By contributing to this project, you agree to abide by its terms.
i Creating `altdoc/` directory.
i Creating `docs/` directory.
i Adding ^docs$ to .Rbuildignore
i Adding ^altdoc$ to .Rbuildignore
i Adding altdoc/freeze.rds to .gitignore
i Importing default settings file(s) to `altdoc/`
i README.md is mandatory. `altdoc` created a dummy README file in the package directory.
-- Basic files -----------------------------------------------------------------
v 'CODE_OF_CONDUCT' imported.
v 'README' imported.
-- Man pages -------------------------------------------------------------------
i No man pages to convert.
-- Vignettes -------------------------------------------------------------------
i No vignettes to convert.
-- Update HTML -----------------------------------------------------------------
v HTML updated.
-- Complete --------------------------------------------------------------------
v Documentation updated.
-- Basic files -----------------------------------------------------------------
v 'CODE_OF_CONDUCT' imported.
v 'README' imported.
-- Man pages -------------------------------------------------------------------
i No man pages to convert.
-- Vignettes -------------------------------------------------------------------
i No vignettes to convert.
-- Update HTML -----------------------------------------------------------------
v HTML updated.
-- Complete --------------------------------------------------------------------
v Documentation updated.
v Setting active project to "<no active project>".
v Setting active project to
"/private/var/folders/2b/t0kwbtmn3p7brv2mvx39c9cr0000gn/T/Rtmp8nyCoh/testpkg183f4ed951ce".
v Writing 'CODE_OF_CONDUCT.md'.
v Adding "^CODE_OF_CONDUCT\\.md$" to '.Rbuildignore'.
[ ] You may also want to describe the code of conduct in your README:
## Code of Conduct
Please note that the testpkg183f4ed951ce project is released with a [Contributor Code of Conduct](https://contributor-covenant.org/version/2/1/CODE_OF_CONDUCT.html). By contributing to this project, you agree to abide by its terms.
i Creating `altdoc/` directory.
i Creating `docs/` directory.
i Adding ^docs$ to .Rbuildignore
i Adding ^altdoc$ to .Rbuildignore
i Adding altdoc/freeze.rds to .gitignore
i Importing default settings file(s) to `altdoc/`
i README.md is mandatory. `altdoc` created a dummy README file in the package directory.
-- Basic files -----------------------------------------------------------------
v 'CODE_OF_CONDUCT' imported.
v 'README' imported.
-- Man pages -------------------------------------------------------------------
i No man pages to convert.
-- Vignettes -------------------------------------------------------------------
i No vignettes to convert.
-- Update HTML -----------------------------------------------------------------
v HTML updated.
-- Complete --------------------------------------------------------------------
v Documentation updated.
-- Basic files -----------------------------------------------------------------
v 'CODE_OF_CONDUCT' imported.
v 'README' imported.
-- Man pages -------------------------------------------------------------------
i No man pages to convert.
-- Vignettes -------------------------------------------------------------------
i No vignettes to convert.
-- Update HTML -----------------------------------------------------------------
v HTML updated.
-- Complete --------------------------------------------------------------------
v Documentation updated.
v Setting active project to "<no active project>".
v Setting active project to
"/private/var/folders/2b/t0kwbtmn3p7brv2mvx39c9cr0000gn/T/Rtmp8nyCoh/testpkg183f45500b2ae".
v Adding "MIT + file LICENSE" to 'License'.
v Writing 'LICENSE'.
v Writing 'LICENSE.md'.
v Adding "^LICENSE\\.md$" to '.Rbuildignore'.
i Creating `altdoc/` directory.
i Creating `docs/` directory.
i Adding ^docs$ to .Rbuildignore
i Adding ^altdoc$ to .Rbuildignore
i Adding altdoc/freeze.rds to .gitignore
i Importing default settings file(s) to `altdoc/`
i README.md is mandatory. `altdoc` created a dummy README file in the package directory.
-- Basic files -----------------------------------------------------------------
v 'LICENSE' imported.
v 'README' imported.
-- Man pages -------------------------------------------------------------------
i No man pages to convert.
-- Vignettes -------------------------------------------------------------------
i No vignettes to convert.
-- Update HTML -----------------------------------------------------------------
v HTML updated.
-- Complete --------------------------------------------------------------------
v Documentation updated.
-- Basic files -----------------------------------------------------------------
v 'LICENSE' imported.
v 'README' imported.
-- Man pages -------------------------------------------------------------------
i No man pages to convert.
-- Vignettes -------------------------------------------------------------------
i No vignettes to convert.
-- Update HTML -----------------------------------------------------------------
v HTML updated.
-- Complete --------------------------------------------------------------------
v Documentation updated.
v Setting active project to "<no active project>".
v Setting active project to
"/private/var/folders/2b/t0kwbtmn3p7brv2mvx39c9cr0000gn/T/Rtmp8nyCoh/testpkg183f4778af8a5".
v Adding "MIT + file LICENSE" to 'License'.
v Writing 'LICENSE'.
v Writing 'LICENSE.md'.
v Adding "^LICENSE\\.md$" to '.Rbuildignore'.
i Creating `altdoc/` directory.
i Creating `docs/` directory.
i Adding ^docs$ to .Rbuildignore
i Adding ^altdoc$ to .Rbuildignore
i Adding altdoc/freeze.rds to .gitignore
i Importing default settings file(s) to `altdoc/`
i README.md is mandatory. `altdoc` created a dummy README file in the package directory.
-- Basic files -----------------------------------------------------------------
v 'LICENSE' imported.
v 'README' imported.
-- Man pages -------------------------------------------------------------------
i No man pages to convert.
-- Vignettes -------------------------------------------------------------------
i No vignettes to convert.
-- Update HTML -----------------------------------------------------------------
v HTML updated.
-- Complete --------------------------------------------------------------------
v Documentation updated.
-- Basic files -----------------------------------------------------------------
v 'LICENSE' imported.
v 'README' imported.
-- Man pages -------------------------------------------------------------------
i No man pages to convert.
-- Vignettes -------------------------------------------------------------------
i No vignettes to convert.
-- Update HTML -----------------------------------------------------------------
v HTML updated.
-- Complete --------------------------------------------------------------------
v Documentation updated.
v Setting active project to "<no active project>".
v Setting active project to
"/private/var/folders/2b/t0kwbtmn3p7brv2mvx39c9cr0000gn/T/Rtmp8nyCoh/testpkg183f47b6ee9f7".
i Creating `altdoc/` directory.
i Creating `docs/` directory.
i Adding ^docs$ to .Rbuildignore
i Adding ^altdoc$ to .Rbuildignore
i Adding altdoc/freeze.rds to .gitignore
i Importing default settings file(s) to `altdoc/`
i README.md is mandatory. `altdoc` created a dummy README file in the package directory.
-- Basic files -----------------------------------------------------------------
v 'README' imported.
-- Man pages -------------------------------------------------------------------
i No man pages to convert.
-- Vignettes -------------------------------------------------------------------
i Found 1 vignette to convert.
\ Converting vignette 1/1: basic.Rmd
x Converting vignette 1/1: basic.Rmd [67ms]
v Setting active project to "<no active project>".
v Setting active project to
"/private/var/folders/2b/t0kwbtmn3p7brv2mvx39c9cr0000gn/T/Rtmp8nyCoh/testpkg183f476043555".
i Creating `altdoc/` directory.
i Creating `docs/` directory.
i Adding ^docs$ to .Rbuildignore
i Adding ^altdoc$ to .Rbuildignore
i Adding altdoc/freeze.rds to .gitignore
i Importing default settings file(s) to `altdoc/`
i README.md is mandatory. `altdoc` created a dummy README file in the package directory.
-- Basic files -----------------------------------------------------------------
v 'README' imported.
-- Man pages -------------------------------------------------------------------
i No man pages to convert.
-- Vignettes -------------------------------------------------------------------
i Found 1 vignette to convert.
\ Converting vignette 1/1: basic.Rmd
x Converting vignette 1/1: basic.Rmd [72ms]
v Setting active project to "<no active project>".
v Setting active project to
"/private/var/folders/2b/t0kwbtmn3p7brv2mvx39c9cr0000gn/T/Rtmp8nyCoh/testpkg183f45133e7e9".
v Setting active project to "<no active project>".
v Setting active project to
"/private/var/folders/2b/t0kwbtmn3p7brv2mvx39c9cr0000gn/T/Rtmp8nyCoh/testpkg183f42eae3ed9".
v Setting active project to "<no active project>".
v Setting active project to
"/private/var/folders/2b/t0kwbtmn3p7brv2mvx39c9cr0000gn/T/Rtmp8nyCoh/testpkg183f42e531a80".
v Setting active project to "<no active project>".
v Setting active project to
"/private/var/folders/2b/t0kwbtmn3p7brv2mvx39c9cr0000gn/T/Rtmp8nyCoh/testpkg183f431d7b9a7".
v Setting active project to "<no active project>".
v Setting active project to
"/private/var/folders/2b/t0kwbtmn3p7brv2mvx39c9cr0000gn/T/Rtmp8nyCoh/testpkg183f41b5bdfe7".
v Setting active project to "<no active project>".
v Setting active project to
"/private/var/folders/2b/t0kwbtmn3p7brv2mvx39c9cr0000gn/T/Rtmp8nyCoh/testpkg183f47fa3aa76".
v Setting active project to "<no active project>".
[ FAIL 8 | WARN 0 | SKIP 8 | PASS 55 ]
══ Skipped tests (8) ═══════════════════════════════════════════════════════════
• .venv_exists() is not TRUE (2): 'test-setup_docs.R:49:5',
'test-setup_github_actions.R:23:3'
• On CRAN (5): 'test-render_docs.R:2:3', 'test-render_docs.R:35:3',
'test-render_docs.R:69:3', 'test-render_docs.R:110:3',
'test-render_docs.R:143:3'
• tool == "mkdocs" && !.venv_exists() is TRUE (1): 'test-parallel.R:3:5'
══ Failed tests ════════════════════════════════════════════════════════════════
── Error ('test-import_man.R:11:3'): rendering fails ───────────────────────────
Error in `cat(out[[2]])`: argument 1 (type 'list') cannot be handled by 'cat'
Backtrace:
▆
1. ├─testthat::expect_equal(...) at test-import_man.R:11:3
2. │ └─testthat::quasi_label(enquo(object), label, arg = "object")
3. │ └─rlang::eval_bare(expr, quo_get_env(quo))
4. └─altdoc:::.render_one_man(...)
5. └─altdoc:::.qmd2md(...)
6. └─base::cat(out[[2]])
── Error ('test-import_man.R:47:3'): rendering skipped because unchanged and freeze = TRUE ──
Error in `cat(out[[2]])`: argument 1 (type 'list') cannot be handled by 'cat'
Backtrace:
▆
1. └─altdoc:::.render_one_man(...) at test-import_man.R:47:3
2. └─altdoc:::.qmd2md(...)
3. └─base::cat(out[[2]])
── Error ('test-qmd2md.R:11:3'): use template preamble if no preamble in file ──
Error in `cat(out[[2]])`: argument 1 (type 'list') cannot be handled by 'cat'
Backtrace:
▆
1. └─altdoc:::.qmd2md(vignette_qmd, "vignettes", preamble = preamble) at test-qmd2md.R:11:3
2. └─base::cat(out[[2]])
── Error ('test-qmd2md.R:28:3'): do not use template preamble if preamble in file ──
Error in `cat(out[[2]])`: argument 1 (type 'list') cannot be handled by 'cat'
Backtrace:
▆
1. └─altdoc:::.qmd2md(vignette_qmd, "vignettes", preamble = preamble) at test-qmd2md.R:28:3
2. └─base::cat(out[[2]])
── Error ('test-render_docs.R:175:3'): render_docs errors if vignettes fail ────
Error in `cat(out[[2]])`: argument 1 (type 'list') cannot be handled by 'cat'
Backtrace:
▆
1. ├─testthat::expect_error(render_docs(path = getwd()), "some failures when rendering vignettes") at test-render_docs.R:175:3
2. │ └─testthat:::expect_condition_matching(...)
3. │ └─testthat:::quasi_capture(...)
4. │ ├─testthat (local) .capture(...)
5. │ │ └─base::withCallingHandlers(...)
6. │ └─rlang::eval_bare(quo_get_expr(.quo), quo_get_env(.quo))
7. └─altdoc::render_docs(path = getwd())
8. └─altdoc:::.import_vignettes(...)
9. └─base::vapply(...)
10. └─altdoc (local) FUN(X[[i]], ...)
11. └─altdoc:::.render_one_vignette(...)
12. └─altdoc:::.qmd2md(origin, tar_dir, verbose = verbose, preamble = pre)
13. └─base::cat(out[[2]])
── Error ('test-render_docs.R:186:3'): render_docs errors if man fail ──────────
Error in `cat(out[[2]])`: argument 1 (type 'list') cannot be handled by 'cat'
Backtrace:
▆
1. ├─testthat::expect_error(render_docs(path = getwd()), "some failures when rendering man pages") at test-render_docs.R:186:3
2. │ └─testthat:::expect_condition_matching(...)
3. │ └─testthat:::quasi_capture(...)
4. │ ├─testthat (local) .capture(...)
5. │ │ └─base::withCallingHandlers(...)
6. │ └─rlang::eval_bare(quo_get_expr(.quo), quo_get_env(.quo))
7. └─altdoc::render_docs(path = getwd())
8. └─altdoc:::.import_man(...)
9. └─base::vapply(...)
10. └─altdoc (local) FUN(X[[i]], ...)
11. └─altdoc:::.render_one_man(...)
12. └─altdoc:::.qmd2md(...)
13. └─base::cat(out[[2]])
── Error ('test-update.R:111:5'): render_docs also transform new/modified vignettes if specified: docute ──
Error in `cat(out[[2]])`: argument 1 (type 'list') cannot be handled by 'cat'
Backtrace:
▆
1. └─altdoc::render_docs(path = getwd()) at test-update.R:111:5
2. └─altdoc:::.import_vignettes(...)
3. └─base::vapply(...)
4. └─altdoc (local) FUN(X[[i]], ...)
5. └─altdoc:::.render_one_vignette(...)
6. └─altdoc:::.qmd2md(origin, tar_dir, verbose = verbose, preamble = pre)
7. └─base::cat(out[[2]])
── Error ('test-update.R:111:5'): render_docs also transform new/modified vignettes if specified: docsify ──
Error in `cat(out[[2]])`: argument 1 (type 'list') cannot be handled by 'cat'
Backtrace:
▆
1. └─altdoc::render_docs(path = getwd()) at test-update.R:111:5
2. └─altdoc:::.import_vignettes(...)
3. └─base::vapply(...)
4. └─altdoc (local) FUN(X[[i]], ...)
5. └─altdoc:::.render_one_vignette(...)
6. └─altdoc:::.qmd2md(origin, tar_dir, verbose = verbose, preamble = pre)
7. └─base::cat(out[[2]])
[ FAIL 8 | WARN 0 | SKIP 8 | PASS 55 ]
Error: Test failures
Execution halted
Flavor: r-release-macos-x86_64
Version: 0.5.0
Check: tests
Result: ERROR
Running ‘spelling.R’ [0s/0s]
Running ‘testthat.R’ [8s/8s]
Running the tests in ‘tests/testthat.R’ failed.
Complete output:
> library(testthat)
> library(altdoc)
>
> test_check("altdoc")
v Setting active project to
"/private/var/folders/k4/0jwzxmln0nb8y6rkzprptb640000gq/T/RtmpP5AB01/testpkg136a35bf07ad8".
i Creating `altdoc/` directory.
i Creating `docs/` directory.
i Adding ^docs$ to .Rbuildignore
i Adding ^altdoc$ to .Rbuildignore
i Adding altdoc/freeze.rds to .gitignore
i Importing default settings file(s) to `altdoc/`
i README.md is mandatory. `altdoc` created a dummy README file in the package directory.
-- Basic files -----------------------------------------------------------------
v 'README' imported.
-- Man pages -------------------------------------------------------------------
i No man pages to convert.
-- Vignettes -------------------------------------------------------------------
i No vignettes to convert.
-- Update HTML -----------------------------------------------------------------
v HTML updated.
-- Complete --------------------------------------------------------------------
v Documentation updated.
v Setting active project to "<no active project>".
v Setting active project to
"/private/var/folders/k4/0jwzxmln0nb8y6rkzprptb640000gq/T/RtmpP5AB01/testpkg136a37416b7e8".
i Creating `altdoc/` directory.
i Creating `docs/` directory.
i Adding ^docs$ to .Rbuildignore
i Adding ^altdoc$ to .Rbuildignore
i Adding altdoc/freeze.rds to .gitignore
i Importing default settings file(s) to `altdoc/`
i README.md is mandatory. `altdoc` created a dummy README file in the package directory.
v Setting active project to "<no active project>".
v Setting active project to
"/private/var/folders/k4/0jwzxmln0nb8y6rkzprptb640000gq/T/RtmpP5AB01/testpkg136a37f51d395".
i Creating `altdoc/` directory.
i Creating `docs/` directory.
i Adding ^docs$ to .Rbuildignore
i Adding ^altdoc$ to .Rbuildignore
i Adding altdoc/freeze.rds to .gitignore
i Importing default settings file(s) to `altdoc/`
i README.md is mandatory. `altdoc` created a dummy README file in the package directory.
v Setting active project to "<no active project>".
v Setting active project to
"/private/var/folders/k4/0jwzxmln0nb8y6rkzprptb640000gq/T/RtmpP5AB01/testpkg136a358602fa4".
i Creating `altdoc/` directory.
i Creating `docs/` directory.
i Adding ^docs$ to .Rbuildignore
i Adding ^altdoc$ to .Rbuildignore
i Adding altdoc/freeze.rds to .gitignore
i Importing default settings file(s) to `altdoc/`
i README.md is mandatory. `altdoc` created a dummy README file in the package directory.
v Setting active project to "<no active project>".
v Setting active project to
"/private/var/folders/k4/0jwzxmln0nb8y6rkzprptb640000gq/T/RtmpP5AB01/testpkg136a333621580".
i Creating `altdoc/` directory.
i Creating `docs/` directory.
i Adding ^docs$ to .Rbuildignore
i Adding ^altdoc$ to .Rbuildignore
i Adding altdoc/freeze.rds to .gitignore
i Importing default settings file(s) to `altdoc/`
i README.md is mandatory. `altdoc` created a dummy README file in the package directory.
i Leaving 'README.md' unchanged.
[ ] Update 'README.md' to include installation instructions.
-- Basic files -----------------------------------------------------------------
v 'README' imported.
-- Man pages -------------------------------------------------------------------
i No man pages to convert.
-- Vignettes -------------------------------------------------------------------
i No vignettes to convert.
-- Update HTML -----------------------------------------------------------------
v HTML updated.
-- Complete --------------------------------------------------------------------
v Documentation updated.
v Setting active project to "<no active project>".
v Setting active project to
"/private/var/folders/k4/0jwzxmln0nb8y6rkzprptb640000gq/T/RtmpP5AB01/testpkg136a33099f82e".
i Creating `altdoc/` directory.
i Creating `docs/` directory.
i Adding ^docs$ to .Rbuildignore
i Adding ^altdoc$ to .Rbuildignore
i Adding altdoc/freeze.rds to .gitignore
i Importing default settings file(s) to `altdoc/`
i README.md is mandatory. `altdoc` created a dummy README file in the package directory.
i Leaving 'README.md' unchanged.
[ ] Update 'README.md' to include installation instructions.
-- Basic files -----------------------------------------------------------------
v 'README' imported.
-- Man pages -------------------------------------------------------------------
i No man pages to convert.
-- Vignettes -------------------------------------------------------------------
i No vignettes to convert.
-- Update HTML -----------------------------------------------------------------
v HTML updated.
-- Complete --------------------------------------------------------------------
v Documentation updated.
v Setting active project to "<no active project>".
v Setting active project to
"/private/var/folders/k4/0jwzxmln0nb8y6rkzprptb640000gq/T/RtmpP5AB01/testpkg136a37b5e30b8".
i Creating `altdoc/` directory.
i Creating `docs/` directory.
i Adding ^docs$ to .Rbuildignore
i Adding ^altdoc$ to .Rbuildignore
i Adding altdoc/freeze.rds to .gitignore
i Importing default settings file(s) to `altdoc/`
i README.md is mandatory. `altdoc` created a dummy README file in the package directory.
v Setting active project to "<no active project>".
v Setting active project to
"/private/var/folders/k4/0jwzxmln0nb8y6rkzprptb640000gq/T/RtmpP5AB01/testpkg136a36f82d770".
i Creating `altdoc/` directory.
i Creating `docs/` directory.
i Adding ^docs$ to .Rbuildignore
i Adding ^altdoc$ to .Rbuildignore
i Adding altdoc/freeze.rds to .gitignore
i Importing default settings file(s) to `altdoc/`
i README.md is mandatory. `altdoc` created a dummy README file in the package directory.
v Setting active project to "<no active project>".
v Setting active project to
"/private/var/folders/k4/0jwzxmln0nb8y6rkzprptb640000gq/T/RtmpP5AB01/testpkg136a31fdbb6a1".
i Creating `altdoc/` directory.
i Creating `docs/` directory.
i Adding ^docs$ to .Rbuildignore
i Adding ^altdoc$ to .Rbuildignore
i Adding altdoc/freeze.rds to .gitignore
i Importing default settings file(s) to `altdoc/`
i README.md is mandatory. `altdoc` created a dummy README file in the package directory.
v Setting active project to "<no active project>".
v Setting active project to
"/private/var/folders/k4/0jwzxmln0nb8y6rkzprptb640000gq/T/RtmpP5AB01/testpkg136a35f107d03".
v Setting active project to "<no active project>".
v Setting active project to
"/private/var/folders/k4/0jwzxmln0nb8y6rkzprptb640000gq/T/RtmpP5AB01/testpkg136a34387211e".
i Creating `altdoc/` directory.
i Creating `docs/` directory.
i Adding ^docs$ to .Rbuildignore
i Adding ^altdoc$ to .Rbuildignore
i Adding altdoc/freeze.rds to .gitignore
i Importing default settings file(s) to `altdoc/`
i README.md is mandatory. `altdoc` created a dummy README file in the package directory.
-- Basic files -----------------------------------------------------------------
v 'README' imported.
-- Man pages -------------------------------------------------------------------
i No man pages to convert.
-- Vignettes -------------------------------------------------------------------
i Found 1 vignette to convert.
\ Converting vignette 1/1: foo.Rmd
x Converting vignette 1/1: foo.Rmd [32ms]
v Setting active project to "<no active project>".
v Setting active project to
"/private/var/folders/k4/0jwzxmln0nb8y6rkzprptb640000gq/T/RtmpP5AB01/testpkg136a321ea890b".
i Creating `altdoc/` directory.
i Creating `docs/` directory.
i Adding ^docs$ to .Rbuildignore
i Adding ^altdoc$ to .Rbuildignore
i Adding altdoc/freeze.rds to .gitignore
i Importing default settings file(s) to `altdoc/`
i README.md is mandatory. `altdoc` created a dummy README file in the package directory.
-- Basic files -----------------------------------------------------------------
v 'README' imported.
-- Man pages -------------------------------------------------------------------
i Found 1 man page to convert.
\ Converting function reference 1/1: foo
x Converting function reference 1/1: foo [38ms]
v Setting active project to "<no active project>".
v Setting active project to
"/private/var/folders/k4/0jwzxmln0nb8y6rkzprptb640000gq/T/RtmpP5AB01/testpkg136a35393abbc".
i Creating `altdoc/` directory.
i Creating `docs/` directory.
i Adding ^docs$ to .Rbuildignore
i Adding ^altdoc$ to .Rbuildignore
i Adding altdoc/freeze.rds to .gitignore
i Adding altdoc/pkgdown.yml file.
i Importing default settings file(s) to `altdoc/`
i README.md is mandatory. `altdoc` created a dummy README file in the package directory.
-- Basic files -----------------------------------------------------------------
v 'README' imported.
-- Man pages -------------------------------------------------------------------
i No man pages to convert.
-- Vignettes -------------------------------------------------------------------
i No vignettes to convert.
-- Update HTML -----------------------------------------------------------------
v HTML updated.
-- Complete --------------------------------------------------------------------
v Documentation updated.
v Setting active project to "<no active project>".
v Setting active project to
"/private/var/folders/k4/0jwzxmln0nb8y6rkzprptb640000gq/T/RtmpP5AB01/testpkg136a328a7f938".
i Creating `altdoc/` directory.
i Creating `docs/` directory.
i Adding ^docs$ to .Rbuildignore
i Adding ^altdoc$ to .Rbuildignore
i Adding altdoc/freeze.rds to .gitignore
i Importing default settings file(s) to `altdoc/`
i README.md is mandatory. `altdoc` created a dummy README file in the package directory.
-- Basic files -----------------------------------------------------------------
v 'README' imported.
-- Man pages -------------------------------------------------------------------
i No man pages to convert.
-- Vignettes -------------------------------------------------------------------
i No vignettes to convert.
-- Update HTML -----------------------------------------------------------------
v HTML updated.
-- Complete --------------------------------------------------------------------
v Documentation updated.
v Setting active project to "<no active project>".
v Setting active project to
"/private/var/folders/k4/0jwzxmln0nb8y6rkzprptb640000gq/T/RtmpP5AB01/testproj136a3304b181f".
v Setting active project to "<no active project>".
v Setting active project to
"/private/var/folders/k4/0jwzxmln0nb8y6rkzprptb640000gq/T/RtmpP5AB01/testpkg136a3280a0f8a".
i Creating `altdoc/` directory.
i Creating `docs/` directory.
i Adding ^docs$ to .Rbuildignore
i Adding ^altdoc$ to .Rbuildignore
i Adding altdoc/freeze.rds to .gitignore
i Importing default settings file(s) to `altdoc/`
i README.md is mandatory. `altdoc` created a dummy README file in the package directory.
v Setting active project to "<no active project>".
v Setting active project to
"/private/var/folders/k4/0jwzxmln0nb8y6rkzprptb640000gq/T/RtmpP5AB01/testpkg136a368afde3d".
v Setting active project to "<no active project>".
v Setting active project to
"/private/var/folders/k4/0jwzxmln0nb8y6rkzprptb640000gq/T/RtmpP5AB01/testpkg136a32bc72395".
i Creating `altdoc/` directory.
i Creating `docs/` directory.
i Adding ^docs$ to .Rbuildignore
i Adding ^altdoc$ to .Rbuildignore
i Adding altdoc/freeze.rds to .gitignore
i Importing default settings file(s) to `altdoc/`
i README.md is mandatory. `altdoc` created a dummy README file in the package directory.
i Creating `docs/` directory.
i Importing default settings file(s) to `altdoc/`
v Setting active project to "<no active project>".
v Setting active project to
"/private/var/folders/k4/0jwzxmln0nb8y6rkzprptb640000gq/T/RtmpP5AB01/testpkg136a35ff58e81".
i Creating `altdoc/` directory.
i Creating `docs/` directory.
i Adding ^docs$ to .Rbuildignore
i Adding ^altdoc$ to .Rbuildignore
i Adding altdoc/freeze.rds to .gitignore
i Importing default settings file(s) to `altdoc/`
i README.md is mandatory. `altdoc` created a dummy README file in the package directory.
i Creating `docs/` directory.
i Importing default settings file(s) to `altdoc/`
v Setting active project to "<no active project>".
v Setting active project to
"/private/var/folders/k4/0jwzxmln0nb8y6rkzprptb640000gq/T/RtmpP5AB01/testpkg136a32c2dc8cb".
i Creating `altdoc/` directory.
i Creating `docs/` directory.
i Adding ^docs$ to .Rbuildignore
i Adding ^altdoc$ to .Rbuildignore
i Adding altdoc/freeze.rds to .gitignore
i Adding ^_quarto$ to .Rbuildignore
i Adding _quarto/* to .gitignore
i Adding !_quarto/_freeze/ to .gitignore
i Importing default settings file(s) to `altdoc/`
i README.md is mandatory. `altdoc` created a dummy README file in the package directory.
v Setting active project to "<no active project>".
v Setting active project to
"/private/var/folders/k4/0jwzxmln0nb8y6rkzprptb640000gq/T/RtmpP5AB01/testpkg136a317cb13ef".
i Creating `altdoc/` directory.
i Creating `docs/` directory.
i Adding ^docs$ to .Rbuildignore
i Adding ^altdoc$ to .Rbuildignore
i Adding altdoc/freeze.rds to .gitignore
i Importing default settings file(s) to `altdoc/`
i README.md is mandatory. `altdoc` created a dummy README file in the package directory.
v Setting active project to "<no active project>".
v Setting active project to
"/private/var/folders/k4/0jwzxmln0nb8y6rkzprptb640000gq/T/RtmpP5AB01/testpkg136a33730f113".
i Creating `altdoc/` directory.
i Creating `docs/` directory.
i Adding ^docs$ to .Rbuildignore
i Adding ^altdoc$ to .Rbuildignore
i Adding altdoc/freeze.rds to .gitignore
i Importing default settings file(s) to `altdoc/`
i README.md is mandatory. `altdoc` created a dummy README file in the package directory.
v '.github/workflows/altdoc.yaml' created.
v Added `altdoc` in Suggests.
v Setting active project to "<no active project>".
v Setting active project to
"/private/var/folders/k4/0jwzxmln0nb8y6rkzprptb640000gq/T/RtmpP5AB01/testpkg136a3669699ab".
i Creating `altdoc/` directory.
i Creating `docs/` directory.
i Adding ^docs$ to .Rbuildignore
i Adding ^altdoc$ to .Rbuildignore
i Adding altdoc/freeze.rds to .gitignore
i Importing default settings file(s) to `altdoc/`
i README.md is mandatory. `altdoc` created a dummy README file in the package directory.
i Leaving 'README.md' unchanged.
[ ] Update 'README.md' to include installation instructions.
-- Basic files -----------------------------------------------------------------
v 'README' imported.
-- Man pages -------------------------------------------------------------------
i No man pages to convert.
-- Vignettes -------------------------------------------------------------------
i No vignettes to convert.
-- Update HTML -----------------------------------------------------------------
v HTML updated.
-- Complete --------------------------------------------------------------------
v Documentation updated.
v Setting active project to "<no active project>".
v Setting active project to
"/private/var/folders/k4/0jwzxmln0nb8y6rkzprptb640000gq/T/RtmpP5AB01/testpkg136a314a1b3c9".
i Creating `altdoc/` directory.
i Creating `docs/` directory.
i Adding ^docs$ to .Rbuildignore
i Adding ^altdoc$ to .Rbuildignore
i Adding altdoc/freeze.rds to .gitignore
i Importing default settings file(s) to `altdoc/`
i README.md is mandatory. `altdoc` created a dummy README file in the package directory.
i Leaving 'README.md' unchanged.
[ ] Update 'README.md' to include installation instructions.
-- Basic files -----------------------------------------------------------------
v 'README' imported.
-- Man pages -------------------------------------------------------------------
i No man pages to convert.
-- Vignettes -------------------------------------------------------------------
i No vignettes to convert.
-- Update HTML -----------------------------------------------------------------
v HTML updated.
-- Complete --------------------------------------------------------------------
v Documentation updated.
v Setting active project to "<no active project>".
v Setting active project to
"/private/var/folders/k4/0jwzxmln0nb8y6rkzprptb640000gq/T/RtmpP5AB01/testpkg136a35222cbff".
v Writing 'NEWS.md'.
i Creating `altdoc/` directory.
i Creating `docs/` directory.
i Adding ^docs$ to .Rbuildignore
i Adding ^altdoc$ to .Rbuildignore
i Adding altdoc/freeze.rds to .gitignore
i Importing default settings file(s) to `altdoc/`
i README.md is mandatory. `altdoc` created a dummy README file in the package directory.
-- Basic files -----------------------------------------------------------------
v 'NEWS' imported.
v 'README' imported.
-- Man pages -------------------------------------------------------------------
i No man pages to convert.
-- Vignettes -------------------------------------------------------------------
i No vignettes to convert.
-- Update HTML -----------------------------------------------------------------
v HTML updated.
-- Complete --------------------------------------------------------------------
v Documentation updated.
-- Basic files -----------------------------------------------------------------
v 'NEWS' imported.
v 'README' imported.
-- Man pages -------------------------------------------------------------------
i No man pages to convert.
-- Vignettes -------------------------------------------------------------------
i No vignettes to convert.
-- Update HTML -----------------------------------------------------------------
v HTML updated.
-- Complete --------------------------------------------------------------------
v Documentation updated.
v Setting active project to "<no active project>".
v Setting active project to
"/private/var/folders/k4/0jwzxmln0nb8y6rkzprptb640000gq/T/RtmpP5AB01/testpkg136a364325965".
v Writing 'NEWS.md'.
i Creating `altdoc/` directory.
i Creating `docs/` directory.
i Adding ^docs$ to .Rbuildignore
i Adding ^altdoc$ to .Rbuildignore
i Adding altdoc/freeze.rds to .gitignore
i Importing default settings file(s) to `altdoc/`
i README.md is mandatory. `altdoc` created a dummy README file in the package directory.
-- Basic files -----------------------------------------------------------------
v 'NEWS' imported.
v 'README' imported.
-- Man pages -------------------------------------------------------------------
i No man pages to convert.
-- Vignettes -------------------------------------------------------------------
i No vignettes to convert.
-- Update HTML -----------------------------------------------------------------
v HTML updated.
-- Complete --------------------------------------------------------------------
v Documentation updated.
-- Basic files -----------------------------------------------------------------
v 'NEWS' imported.
v 'README' imported.
-- Man pages -------------------------------------------------------------------
i No man pages to convert.
-- Vignettes -------------------------------------------------------------------
i No vignettes to convert.
-- Update HTML -----------------------------------------------------------------
v HTML updated.
-- Complete --------------------------------------------------------------------
v Documentation updated.
v Setting active project to "<no active project>".
v Setting active project to
"/private/var/folders/k4/0jwzxmln0nb8y6rkzprptb640000gq/T/RtmpP5AB01/testpkg136a3d14024b".
v Writing 'CODE_OF_CONDUCT.md'.
v Adding "^CODE_OF_CONDUCT\\.md$" to '.Rbuildignore'.
[ ] You may also want to describe the code of conduct in your README:
## Code of Conduct
Please note that the testpkg136a3d14024b project is released with a [Contributor Code of Conduct](https://contributor-covenant.org/version/2/1/CODE_OF_CONDUCT.html). By contributing to this project, you agree to abide by its terms.
i Creating `altdoc/` directory.
i Creating `docs/` directory.
i Adding ^docs$ to .Rbuildignore
i Adding ^altdoc$ to .Rbuildignore
i Adding altdoc/freeze.rds to .gitignore
i Importing default settings file(s) to `altdoc/`
i README.md is mandatory. `altdoc` created a dummy README file in the package directory.
-- Basic files -----------------------------------------------------------------
v 'CODE_OF_CONDUCT' imported.
v 'README' imported.
-- Man pages -------------------------------------------------------------------
i No man pages to convert.
-- Vignettes -------------------------------------------------------------------
i No vignettes to convert.
-- Update HTML -----------------------------------------------------------------
v HTML updated.
-- Complete --------------------------------------------------------------------
v Documentation updated.
-- Basic files -----------------------------------------------------------------
v 'CODE_OF_CONDUCT' imported.
v 'README' imported.
-- Man pages -------------------------------------------------------------------
i No man pages to convert.
-- Vignettes -------------------------------------------------------------------
i No vignettes to convert.
-- Update HTML -----------------------------------------------------------------
v HTML updated.
-- Complete --------------------------------------------------------------------
v Documentation updated.
v Setting active project to "<no active project>".
v Setting active project to
"/private/var/folders/k4/0jwzxmln0nb8y6rkzprptb640000gq/T/RtmpP5AB01/testpkg136a337b3dc70".
v Writing 'CODE_OF_CONDUCT.md'.
v Adding "^CODE_OF_CONDUCT\\.md$" to '.Rbuildignore'.
[ ] You may also want to describe the code of conduct in your README:
## Code of Conduct
Please note that the testpkg136a337b3dc70 project is released with a [Contributor Code of Conduct](https://contributor-covenant.org/version/2/1/CODE_OF_CONDUCT.html). By contributing to this project, you agree to abide by its terms.
i Creating `altdoc/` directory.
i Creating `docs/` directory.
i Adding ^docs$ to .Rbuildignore
i Adding ^altdoc$ to .Rbuildignore
i Adding altdoc/freeze.rds to .gitignore
i Importing default settings file(s) to `altdoc/`
i README.md is mandatory. `altdoc` created a dummy README file in the package directory.
-- Basic files -----------------------------------------------------------------
v 'CODE_OF_CONDUCT' imported.
v 'README' imported.
-- Man pages -------------------------------------------------------------------
i No man pages to convert.
-- Vignettes -------------------------------------------------------------------
i No vignettes to convert.
-- Update HTML -----------------------------------------------------------------
v HTML updated.
-- Complete --------------------------------------------------------------------
v Documentation updated.
-- Basic files -----------------------------------------------------------------
v 'CODE_OF_CONDUCT' imported.
v 'README' imported.
-- Man pages -------------------------------------------------------------------
i No man pages to convert.
-- Vignettes -------------------------------------------------------------------
i No vignettes to convert.
-- Update HTML -----------------------------------------------------------------
v HTML updated.
-- Complete --------------------------------------------------------------------
v Documentation updated.
v Setting active project to "<no active project>".
v Setting active project to
"/private/var/folders/k4/0jwzxmln0nb8y6rkzprptb640000gq/T/RtmpP5AB01/testpkg136a354aa1234".
v Adding "MIT + file LICENSE" to 'License'.
v Writing 'LICENSE'.
v Writing 'LICENSE.md'.
v Adding "^LICENSE\\.md$" to '.Rbuildignore'.
i Creating `altdoc/` directory.
i Creating `docs/` directory.
i Adding ^docs$ to .Rbuildignore
i Adding ^altdoc$ to .Rbuildignore
i Adding altdoc/freeze.rds to .gitignore
i Importing default settings file(s) to `altdoc/`
i README.md is mandatory. `altdoc` created a dummy README file in the package directory.
-- Basic files -----------------------------------------------------------------
v 'LICENSE' imported.
v 'README' imported.
-- Man pages -------------------------------------------------------------------
i No man pages to convert.
-- Vignettes -------------------------------------------------------------------
i No vignettes to convert.
-- Update HTML -----------------------------------------------------------------
v HTML updated.
-- Complete --------------------------------------------------------------------
v Documentation updated.
-- Basic files -----------------------------------------------------------------
v 'LICENSE' imported.
v 'README' imported.
-- Man pages -------------------------------------------------------------------
i No man pages to convert.
-- Vignettes -------------------------------------------------------------------
i No vignettes to convert.
-- Update HTML -----------------------------------------------------------------
v HTML updated.
-- Complete --------------------------------------------------------------------
v Documentation updated.
v Setting active project to "<no active project>".
v Setting active project to
"/private/var/folders/k4/0jwzxmln0nb8y6rkzprptb640000gq/T/RtmpP5AB01/testpkg136a35de61950".
v Adding "MIT + file LICENSE" to 'License'.
v Writing 'LICENSE'.
v Writing 'LICENSE.md'.
v Adding "^LICENSE\\.md$" to '.Rbuildignore'.
i Creating `altdoc/` directory.
i Creating `docs/` directory.
i Adding ^docs$ to .Rbuildignore
i Adding ^altdoc$ to .Rbuildignore
i Adding altdoc/freeze.rds to .gitignore
i Importing default settings file(s) to `altdoc/`
i README.md is mandatory. `altdoc` created a dummy README file in the package directory.
-- Basic files -----------------------------------------------------------------
v 'LICENSE' imported.
v 'README' imported.
-- Man pages -------------------------------------------------------------------
i No man pages to convert.
-- Vignettes -------------------------------------------------------------------
i No vignettes to convert.
-- Update HTML -----------------------------------------------------------------
v HTML updated.
-- Complete --------------------------------------------------------------------
v Documentation updated.
-- Basic files -----------------------------------------------------------------
v 'LICENSE' imported.
v 'README' imported.
-- Man pages -------------------------------------------------------------------
i No man pages to convert.
-- Vignettes -------------------------------------------------------------------
i No vignettes to convert.
-- Update HTML -----------------------------------------------------------------
v HTML updated.
-- Complete --------------------------------------------------------------------
v Documentation updated.
v Setting active project to "<no active project>".
v Setting active project to
"/private/var/folders/k4/0jwzxmln0nb8y6rkzprptb640000gq/T/RtmpP5AB01/testpkg136a32edaefc8".
i Creating `altdoc/` directory.
i Creating `docs/` directory.
i Adding ^docs$ to .Rbuildignore
i Adding ^altdoc$ to .Rbuildignore
i Adding altdoc/freeze.rds to .gitignore
i Importing default settings file(s) to `altdoc/`
i README.md is mandatory. `altdoc` created a dummy README file in the package directory.
-- Basic files -----------------------------------------------------------------
v 'README' imported.
-- Man pages -------------------------------------------------------------------
i No man pages to convert.
-- Vignettes -------------------------------------------------------------------
i Found 1 vignette to convert.
\ Converting vignette 1/1: basic.Rmd
x Converting vignette 1/1: basic.Rmd [50ms]
v Setting active project to "<no active project>".
v Setting active project to
"/private/var/folders/k4/0jwzxmln0nb8y6rkzprptb640000gq/T/RtmpP5AB01/testpkg136a37d5ee0e3".
i Creating `altdoc/` directory.
i Creating `docs/` directory.
i Adding ^docs$ to .Rbuildignore
i Adding ^altdoc$ to .Rbuildignore
i Adding altdoc/freeze.rds to .gitignore
i Importing default settings file(s) to `altdoc/`
i README.md is mandatory. `altdoc` created a dummy README file in the package directory.
-- Basic files -----------------------------------------------------------------
v 'README' imported.
-- Man pages -------------------------------------------------------------------
i No man pages to convert.
-- Vignettes -------------------------------------------------------------------
i Found 1 vignette to convert.
\ Converting vignette 1/1: basic.Rmd
x Converting vignette 1/1: basic.Rmd [39ms]
v Setting active project to "<no active project>".
v Setting active project to
"/private/var/folders/k4/0jwzxmln0nb8y6rkzprptb640000gq/T/RtmpP5AB01/testpkg136a37c3630da".
v Setting active project to "<no active project>".
v Setting active project to
"/private/var/folders/k4/0jwzxmln0nb8y6rkzprptb640000gq/T/RtmpP5AB01/testpkg136a398d1d88".
v Setting active project to "<no active project>".
v Setting active project to
"/private/var/folders/k4/0jwzxmln0nb8y6rkzprptb640000gq/T/RtmpP5AB01/testpkg136a3aabfdb2".
v Setting active project to "<no active project>".
v Setting active project to
"/private/var/folders/k4/0jwzxmln0nb8y6rkzprptb640000gq/T/RtmpP5AB01/testpkg136a358240b16".
v Setting active project to "<no active project>".
v Setting active project to
"/private/var/folders/k4/0jwzxmln0nb8y6rkzprptb640000gq/T/RtmpP5AB01/testpkg136a3397e2111".
v Setting active project to "<no active project>".
v Setting active project to
"/private/var/folders/k4/0jwzxmln0nb8y6rkzprptb640000gq/T/RtmpP5AB01/testpkg136a3c4088a7".
v Setting active project to "<no active project>".
[ FAIL 8 | WARN 0 | SKIP 8 | PASS 55 ]
══ Skipped tests (8) ═══════════════════════════════════════════════════════════
• .venv_exists() is not TRUE (2): 'test-setup_docs.R:49:5',
'test-setup_github_actions.R:23:3'
• On CRAN (5): 'test-render_docs.R:2:3', 'test-render_docs.R:35:3',
'test-render_docs.R:69:3', 'test-render_docs.R:110:3',
'test-render_docs.R:143:3'
• tool == "mkdocs" && !.venv_exists() is TRUE (1): 'test-parallel.R:3:5'
══ Failed tests ════════════════════════════════════════════════════════════════
── Error ('test-import_man.R:11:3'): rendering fails ───────────────────────────
Error in `cat(out[[2]])`: argument 1 (type 'list') cannot be handled by 'cat'
Backtrace:
▆
1. ├─testthat::expect_equal(...) at test-import_man.R:11:3
2. │ └─testthat::quasi_label(enquo(object), label, arg = "object")
3. │ └─rlang::eval_bare(expr, quo_get_env(quo))
4. └─altdoc:::.render_one_man(...)
5. └─altdoc:::.qmd2md(...)
6. └─base::cat(out[[2]])
── Error ('test-import_man.R:47:3'): rendering skipped because unchanged and freeze = TRUE ──
Error in `cat(out[[2]])`: argument 1 (type 'list') cannot be handled by 'cat'
Backtrace:
▆
1. └─altdoc:::.render_one_man(...) at test-import_man.R:47:3
2. └─altdoc:::.qmd2md(...)
3. └─base::cat(out[[2]])
── Error ('test-qmd2md.R:11:3'): use template preamble if no preamble in file ──
Error in `cat(out[[2]])`: argument 1 (type 'list') cannot be handled by 'cat'
Backtrace:
▆
1. └─altdoc:::.qmd2md(vignette_qmd, "vignettes", preamble = preamble) at test-qmd2md.R:11:3
2. └─base::cat(out[[2]])
── Error ('test-qmd2md.R:28:3'): do not use template preamble if preamble in file ──
Error in `cat(out[[2]])`: argument 1 (type 'list') cannot be handled by 'cat'
Backtrace:
▆
1. └─altdoc:::.qmd2md(vignette_qmd, "vignettes", preamble = preamble) at test-qmd2md.R:28:3
2. └─base::cat(out[[2]])
── Error ('test-render_docs.R:175:3'): render_docs errors if vignettes fail ────
Error in `cat(out[[2]])`: argument 1 (type 'list') cannot be handled by 'cat'
Backtrace:
▆
1. ├─testthat::expect_error(render_docs(path = getwd()), "some failures when rendering vignettes") at test-render_docs.R:175:3
2. │ └─testthat:::expect_condition_matching(...)
3. │ └─testthat:::quasi_capture(...)
4. │ ├─testthat (local) .capture(...)
5. │ │ └─base::withCallingHandlers(...)
6. │ └─rlang::eval_bare(quo_get_expr(.quo), quo_get_env(.quo))
7. └─altdoc::render_docs(path = getwd())
8. └─altdoc:::.import_vignettes(...)
9. └─base::vapply(...)
10. └─altdoc (local) FUN(X[[i]], ...)
11. └─altdoc:::.render_one_vignette(...)
12. └─altdoc:::.qmd2md(origin, tar_dir, verbose = verbose, preamble = pre)
13. └─base::cat(out[[2]])
── Error ('test-render_docs.R:186:3'): render_docs errors if man fail ──────────
Error in `cat(out[[2]])`: argument 1 (type 'list') cannot be handled by 'cat'
Backtrace:
▆
1. ├─testthat::expect_error(render_docs(path = getwd()), "some failures when rendering man pages") at test-render_docs.R:186:3
2. │ └─testthat:::expect_condition_matching(...)
3. │ └─testthat:::quasi_capture(...)
4. │ ├─testthat (local) .capture(...)
5. │ │ └─base::withCallingHandlers(...)
6. │ └─rlang::eval_bare(quo_get_expr(.quo), quo_get_env(.quo))
7. └─altdoc::render_docs(path = getwd())
8. └─altdoc:::.import_man(...)
9. └─base::vapply(...)
10. └─altdoc (local) FUN(X[[i]], ...)
11. └─altdoc:::.render_one_man(...)
12. └─altdoc:::.qmd2md(...)
13. └─base::cat(out[[2]])
── Error ('test-update.R:111:5'): render_docs also transform new/modified vignettes if specified: docute ──
Error in `cat(out[[2]])`: argument 1 (type 'list') cannot be handled by 'cat'
Backtrace:
▆
1. └─altdoc::render_docs(path = getwd()) at test-update.R:111:5
2. └─altdoc:::.import_vignettes(...)
3. └─base::vapply(...)
4. └─altdoc (local) FUN(X[[i]], ...)
5. └─altdoc:::.render_one_vignette(...)
6. └─altdoc:::.qmd2md(origin, tar_dir, verbose = verbose, preamble = pre)
7. └─base::cat(out[[2]])
── Error ('test-update.R:111:5'): render_docs also transform new/modified vignettes if specified: docsify ──
Error in `cat(out[[2]])`: argument 1 (type 'list') cannot be handled by 'cat'
Backtrace:
▆
1. └─altdoc::render_docs(path = getwd()) at test-update.R:111:5
2. └─altdoc:::.import_vignettes(...)
3. └─base::vapply(...)
4. └─altdoc (local) FUN(X[[i]], ...)
5. └─altdoc:::.render_one_vignette(...)
6. └─altdoc:::.qmd2md(origin, tar_dir, verbose = verbose, preamble = pre)
7. └─base::cat(out[[2]])
[ FAIL 8 | WARN 0 | SKIP 8 | PASS 55 ]
Error: Test failures
Execution halted
Flavor: r-oldrel-macos-arm64
Version: 0.5.0
Check: tests
Result: ERROR
Running ‘spelling.R’ [0s/0s]
Running ‘testthat.R’ [19s/28s]
Running the tests in ‘tests/testthat.R’ failed.
Complete output:
> library(testthat)
> library(altdoc)
>
> test_check("altdoc")
v Setting active project to
"/private/var/folders/2b/t0kwbtmn3p7brv2mvx39c9cr0000gn/T/RtmpuAJ3Ki/testpkg3b2856cdbbf".
i Creating `altdoc/` directory.
i Creating `docs/` directory.
i Adding ^docs$ to .Rbuildignore
i Adding ^altdoc$ to .Rbuildignore
i Adding altdoc/freeze.rds to .gitignore
i Importing default settings file(s) to `altdoc/`
i README.md is mandatory. `altdoc` created a dummy README file in the package directory.
-- Basic files -----------------------------------------------------------------
v 'README' imported.
-- Man pages -------------------------------------------------------------------
i No man pages to convert.
-- Vignettes -------------------------------------------------------------------
i No vignettes to convert.
-- Update HTML -----------------------------------------------------------------
v HTML updated.
-- Complete --------------------------------------------------------------------
v Documentation updated.
v Setting active project to "<no active project>".
v Setting active project to
"/private/var/folders/2b/t0kwbtmn3p7brv2mvx39c9cr0000gn/T/RtmpuAJ3Ki/testpkg3b286eb5d1bd".
i Creating `altdoc/` directory.
i Creating `docs/` directory.
i Adding ^docs$ to .Rbuildignore
i Adding ^altdoc$ to .Rbuildignore
i Adding altdoc/freeze.rds to .gitignore
i Importing default settings file(s) to `altdoc/`
i README.md is mandatory. `altdoc` created a dummy README file in the package directory.
v Setting active project to "<no active project>".
v Setting active project to
"/private/var/folders/2b/t0kwbtmn3p7brv2mvx39c9cr0000gn/T/RtmpuAJ3Ki/testpkg3b286a942438".
i Creating `altdoc/` directory.
i Creating `docs/` directory.
i Adding ^docs$ to .Rbuildignore
i Adding ^altdoc$ to .Rbuildignore
i Adding altdoc/freeze.rds to .gitignore
i Importing default settings file(s) to `altdoc/`
i README.md is mandatory. `altdoc` created a dummy README file in the package directory.
v Setting active project to "<no active project>".
v Setting active project to
"/private/var/folders/2b/t0kwbtmn3p7brv2mvx39c9cr0000gn/T/RtmpuAJ3Ki/testpkg3b287e9e0fe7".
i Creating `altdoc/` directory.
i Creating `docs/` directory.
i Adding ^docs$ to .Rbuildignore
i Adding ^altdoc$ to .Rbuildignore
i Adding altdoc/freeze.rds to .gitignore
i Importing default settings file(s) to `altdoc/`
i README.md is mandatory. `altdoc` created a dummy README file in the package directory.
v Setting active project to "<no active project>".
v Setting active project to
"/private/var/folders/2b/t0kwbtmn3p7brv2mvx39c9cr0000gn/T/RtmpuAJ3Ki/testpkg3b284cb3755b".
i Creating `altdoc/` directory.
i Creating `docs/` directory.
i Adding ^docs$ to .Rbuildignore
i Adding ^altdoc$ to .Rbuildignore
i Adding altdoc/freeze.rds to .gitignore
i Importing default settings file(s) to `altdoc/`
i README.md is mandatory. `altdoc` created a dummy README file in the package directory.
i Leaving 'README.md' unchanged.
[ ] Update 'README.md' to include installation instructions.
-- Basic files -----------------------------------------------------------------
v 'README' imported.
-- Man pages -------------------------------------------------------------------
i No man pages to convert.
-- Vignettes -------------------------------------------------------------------
i No vignettes to convert.
-- Update HTML -----------------------------------------------------------------
v HTML updated.
-- Complete --------------------------------------------------------------------
v Documentation updated.
v Setting active project to "<no active project>".
v Setting active project to
"/private/var/folders/2b/t0kwbtmn3p7brv2mvx39c9cr0000gn/T/RtmpuAJ3Ki/testpkg3b2832e63ce3".
i Creating `altdoc/` directory.
i Creating `docs/` directory.
i Adding ^docs$ to .Rbuildignore
i Adding ^altdoc$ to .Rbuildignore
i Adding altdoc/freeze.rds to .gitignore
i Importing default settings file(s) to `altdoc/`
i README.md is mandatory. `altdoc` created a dummy README file in the package directory.
i Leaving 'README.md' unchanged.
[ ] Update 'README.md' to include installation instructions.
-- Basic files -----------------------------------------------------------------
v 'README' imported.
-- Man pages -------------------------------------------------------------------
i No man pages to convert.
-- Vignettes -------------------------------------------------------------------
i No vignettes to convert.
-- Update HTML -----------------------------------------------------------------
v HTML updated.
-- Complete --------------------------------------------------------------------
v Documentation updated.
v Setting active project to "<no active project>".
v Setting active project to
"/private/var/folders/2b/t0kwbtmn3p7brv2mvx39c9cr0000gn/T/RtmpuAJ3Ki/testpkg3b282ee20e57".
i Creating `altdoc/` directory.
i Creating `docs/` directory.
i Adding ^docs$ to .Rbuildignore
i Adding ^altdoc$ to .Rbuildignore
i Adding altdoc/freeze.rds to .gitignore
i Importing default settings file(s) to `altdoc/`
i README.md is mandatory. `altdoc` created a dummy README file in the package directory.
v Setting active project to "<no active project>".
v Setting active project to
"/private/var/folders/2b/t0kwbtmn3p7brv2mvx39c9cr0000gn/T/RtmpuAJ3Ki/testpkg3b2824720f0b".
i Creating `altdoc/` directory.
i Creating `docs/` directory.
i Adding ^docs$ to .Rbuildignore
i Adding ^altdoc$ to .Rbuildignore
i Adding altdoc/freeze.rds to .gitignore
i Importing default settings file(s) to `altdoc/`
i README.md is mandatory. `altdoc` created a dummy README file in the package directory.
v Setting active project to "<no active project>".
v Setting active project to
"/private/var/folders/2b/t0kwbtmn3p7brv2mvx39c9cr0000gn/T/RtmpuAJ3Ki/testpkg3b28ccfd4fa".
i Creating `altdoc/` directory.
i Creating `docs/` directory.
i Adding ^docs$ to .Rbuildignore
i Adding ^altdoc$ to .Rbuildignore
i Adding altdoc/freeze.rds to .gitignore
i Importing default settings file(s) to `altdoc/`
i README.md is mandatory. `altdoc` created a dummy README file in the package directory.
v Setting active project to "<no active project>".
v Setting active project to
"/private/var/folders/2b/t0kwbtmn3p7brv2mvx39c9cr0000gn/T/RtmpuAJ3Ki/testpkg3b28d06a9f7".
v Setting active project to "<no active project>".
v Setting active project to
"/private/var/folders/2b/t0kwbtmn3p7brv2mvx39c9cr0000gn/T/RtmpuAJ3Ki/testpkg3b28473d980f".
i Creating `altdoc/` directory.
i Creating `docs/` directory.
i Adding ^docs$ to .Rbuildignore
i Adding ^altdoc$ to .Rbuildignore
i Adding altdoc/freeze.rds to .gitignore
i Importing default settings file(s) to `altdoc/`
i README.md is mandatory. `altdoc` created a dummy README file in the package directory.
-- Basic files -----------------------------------------------------------------
v 'README' imported.
-- Man pages -------------------------------------------------------------------
i No man pages to convert.
-- Vignettes -------------------------------------------------------------------
i Found 1 vignette to convert.
\ Converting vignette 1/1: foo.Rmd
x Converting vignette 1/1: foo.Rmd [81ms]
v Setting active project to "<no active project>".
v Setting active project to
"/private/var/folders/2b/t0kwbtmn3p7brv2mvx39c9cr0000gn/T/RtmpuAJ3Ki/testpkg3b28193d41ce".
i Creating `altdoc/` directory.
i Creating `docs/` directory.
i Adding ^docs$ to .Rbuildignore
i Adding ^altdoc$ to .Rbuildignore
i Adding altdoc/freeze.rds to .gitignore
i Importing default settings file(s) to `altdoc/`
i README.md is mandatory. `altdoc` created a dummy README file in the package directory.
-- Basic files -----------------------------------------------------------------
v 'README' imported.
-- Man pages -------------------------------------------------------------------
i Found 1 man page to convert.
\ Converting function reference 1/1: foo
x Converting function reference 1/1: foo [85ms]
v Setting active project to "<no active project>".
v Setting active project to
"/private/var/folders/2b/t0kwbtmn3p7brv2mvx39c9cr0000gn/T/RtmpuAJ3Ki/testpkg3b287ad34a1e".
i Creating `altdoc/` directory.
i Creating `docs/` directory.
i Adding ^docs$ to .Rbuildignore
i Adding ^altdoc$ to .Rbuildignore
i Adding altdoc/freeze.rds to .gitignore
i Adding altdoc/pkgdown.yml file.
i Importing default settings file(s) to `altdoc/`
i README.md is mandatory. `altdoc` created a dummy README file in the package directory.
-- Basic files -----------------------------------------------------------------
v 'README' imported.
-- Man pages -------------------------------------------------------------------
i No man pages to convert.
-- Vignettes -------------------------------------------------------------------
i No vignettes to convert.
-- Update HTML -----------------------------------------------------------------
v HTML updated.
-- Complete --------------------------------------------------------------------
v Documentation updated.
v Setting active project to "<no active project>".
v Setting active project to
"/private/var/folders/2b/t0kwbtmn3p7brv2mvx39c9cr0000gn/T/RtmpuAJ3Ki/testpkg3b281ebb94c6".
i Creating `altdoc/` directory.
i Creating `docs/` directory.
i Adding ^docs$ to .Rbuildignore
i Adding ^altdoc$ to .Rbuildignore
i Adding altdoc/freeze.rds to .gitignore
i Importing default settings file(s) to `altdoc/`
i README.md is mandatory. `altdoc` created a dummy README file in the package directory.
-- Basic files -----------------------------------------------------------------
v 'README' imported.
-- Man pages -------------------------------------------------------------------
i No man pages to convert.
-- Vignettes -------------------------------------------------------------------
i No vignettes to convert.
-- Update HTML -----------------------------------------------------------------
v HTML updated.
-- Complete --------------------------------------------------------------------
v Documentation updated.
v Setting active project to "<no active project>".
v Setting active project to
"/private/var/folders/2b/t0kwbtmn3p7brv2mvx39c9cr0000gn/T/RtmpuAJ3Ki/testproj3b2822509d3d".
v Setting active project to "<no active project>".
v Setting active project to
"/private/var/folders/2b/t0kwbtmn3p7brv2mvx39c9cr0000gn/T/RtmpuAJ3Ki/testpkg3b286c4b9b90".
i Creating `altdoc/` directory.
i Creating `docs/` directory.
i Adding ^docs$ to .Rbuildignore
i Adding ^altdoc$ to .Rbuildignore
i Adding altdoc/freeze.rds to .gitignore
i Importing default settings file(s) to `altdoc/`
i README.md is mandatory. `altdoc` created a dummy README file in the package directory.
v Setting active project to "<no active project>".
v Setting active project to
"/private/var/folders/2b/t0kwbtmn3p7brv2mvx39c9cr0000gn/T/RtmpuAJ3Ki/testpkg3b283efd6099".
v Setting active project to "<no active project>".
v Setting active project to
"/private/var/folders/2b/t0kwbtmn3p7brv2mvx39c9cr0000gn/T/RtmpuAJ3Ki/testpkg3b282d51fbd0".
i Creating `altdoc/` directory.
i Creating `docs/` directory.
i Adding ^docs$ to .Rbuildignore
i Adding ^altdoc$ to .Rbuildignore
i Adding altdoc/freeze.rds to .gitignore
i Importing default settings file(s) to `altdoc/`
i README.md is mandatory. `altdoc` created a dummy README file in the package directory.
i Creating `docs/` directory.
i Importing default settings file(s) to `altdoc/`
v Setting active project to "<no active project>".
v Setting active project to
"/private/var/folders/2b/t0kwbtmn3p7brv2mvx39c9cr0000gn/T/RtmpuAJ3Ki/testpkg3b281b726604".
i Creating `altdoc/` directory.
i Creating `docs/` directory.
i Adding ^docs$ to .Rbuildignore
i Adding ^altdoc$ to .Rbuildignore
i Adding altdoc/freeze.rds to .gitignore
i Importing default settings file(s) to `altdoc/`
i README.md is mandatory. `altdoc` created a dummy README file in the package directory.
i Creating `docs/` directory.
i Importing default settings file(s) to `altdoc/`
v Setting active project to "<no active project>".
v Setting active project to
"/private/var/folders/2b/t0kwbtmn3p7brv2mvx39c9cr0000gn/T/RtmpuAJ3Ki/testpkg3b28344c4957".
i Creating `altdoc/` directory.
i Creating `docs/` directory.
i Adding ^docs$ to .Rbuildignore
i Adding ^altdoc$ to .Rbuildignore
i Adding altdoc/freeze.rds to .gitignore
i Adding ^_quarto$ to .Rbuildignore
i Adding _quarto/* to .gitignore
i Adding !_quarto/_freeze/ to .gitignore
i Importing default settings file(s) to `altdoc/`
i README.md is mandatory. `altdoc` created a dummy README file in the package directory.
v Setting active project to "<no active project>".
v Setting active project to
"/private/var/folders/2b/t0kwbtmn3p7brv2mvx39c9cr0000gn/T/RtmpuAJ3Ki/testpkg3b28615fa330".
i Creating `altdoc/` directory.
i Creating `docs/` directory.
i Adding ^docs$ to .Rbuildignore
i Adding ^altdoc$ to .Rbuildignore
i Adding altdoc/freeze.rds to .gitignore
i Importing default settings file(s) to `altdoc/`
i README.md is mandatory. `altdoc` created a dummy README file in the package directory.
v Setting active project to "<no active project>".
v Setting active project to
"/private/var/folders/2b/t0kwbtmn3p7brv2mvx39c9cr0000gn/T/RtmpuAJ3Ki/testpkg3b289bb068d".
i Creating `altdoc/` directory.
i Creating `docs/` directory.
i Adding ^docs$ to .Rbuildignore
i Adding ^altdoc$ to .Rbuildignore
i Adding altdoc/freeze.rds to .gitignore
i Importing default settings file(s) to `altdoc/`
i README.md is mandatory. `altdoc` created a dummy README file in the package directory.
v '.github/workflows/altdoc.yaml' created.
v Added `altdoc` in Suggests.
v Setting active project to "<no active project>".
v Setting active project to
"/private/var/folders/2b/t0kwbtmn3p7brv2mvx39c9cr0000gn/T/RtmpuAJ3Ki/testpkg3b2814f46984".
i Creating `altdoc/` directory.
i Creating `docs/` directory.
i Adding ^docs$ to .Rbuildignore
i Adding ^altdoc$ to .Rbuildignore
i Adding altdoc/freeze.rds to .gitignore
i Importing default settings file(s) to `altdoc/`
i README.md is mandatory. `altdoc` created a dummy README file in the package directory.
i Leaving 'README.md' unchanged.
[ ] Update 'README.md' to include installation instructions.
-- Basic files -----------------------------------------------------------------
v 'README' imported.
-- Man pages -------------------------------------------------------------------
i No man pages to convert.
-- Vignettes -------------------------------------------------------------------
i No vignettes to convert.
-- Update HTML -----------------------------------------------------------------
v HTML updated.
-- Complete --------------------------------------------------------------------
v Documentation updated.
v Setting active project to "<no active project>".
v Setting active project to
"/private/var/folders/2b/t0kwbtmn3p7brv2mvx39c9cr0000gn/T/RtmpuAJ3Ki/testpkg3b2869dee02d".
i Creating `altdoc/` directory.
i Creating `docs/` directory.
i Adding ^docs$ to .Rbuildignore
i Adding ^altdoc$ to .Rbuildignore
i Adding altdoc/freeze.rds to .gitignore
i Importing default settings file(s) to `altdoc/`
i README.md is mandatory. `altdoc` created a dummy README file in the package directory.
i Leaving 'README.md' unchanged.
[ ] Update 'README.md' to include installation instructions.
-- Basic files -----------------------------------------------------------------
v 'README' imported.
-- Man pages -------------------------------------------------------------------
i No man pages to convert.
-- Vignettes -------------------------------------------------------------------
i No vignettes to convert.
-- Update HTML -----------------------------------------------------------------
v HTML updated.
-- Complete --------------------------------------------------------------------
v Documentation updated.
v Setting active project to "<no active project>".
v Setting active project to
"/private/var/folders/2b/t0kwbtmn3p7brv2mvx39c9cr0000gn/T/RtmpuAJ3Ki/testpkg3b28511ed19a".
v Writing 'NEWS.md'.
i Creating `altdoc/` directory.
i Creating `docs/` directory.
i Adding ^docs$ to .Rbuildignore
i Adding ^altdoc$ to .Rbuildignore
i Adding altdoc/freeze.rds to .gitignore
i Importing default settings file(s) to `altdoc/`
i README.md is mandatory. `altdoc` created a dummy README file in the package directory.
-- Basic files -----------------------------------------------------------------
v 'NEWS' imported.
v 'README' imported.
-- Man pages -------------------------------------------------------------------
i No man pages to convert.
-- Vignettes -------------------------------------------------------------------
i No vignettes to convert.
-- Update HTML -----------------------------------------------------------------
v HTML updated.
-- Complete --------------------------------------------------------------------
v Documentation updated.
-- Basic files -----------------------------------------------------------------
v 'NEWS' imported.
v 'README' imported.
-- Man pages -------------------------------------------------------------------
i No man pages to convert.
-- Vignettes -------------------------------------------------------------------
i No vignettes to convert.
-- Update HTML -----------------------------------------------------------------
v HTML updated.
-- Complete --------------------------------------------------------------------
v Documentation updated.
v Setting active project to "<no active project>".
v Setting active project to
"/private/var/folders/2b/t0kwbtmn3p7brv2mvx39c9cr0000gn/T/RtmpuAJ3Ki/testpkg3b28131801ae".
v Writing 'NEWS.md'.
i Creating `altdoc/` directory.
i Creating `docs/` directory.
i Adding ^docs$ to .Rbuildignore
i Adding ^altdoc$ to .Rbuildignore
i Adding altdoc/freeze.rds to .gitignore
i Importing default settings file(s) to `altdoc/`
i README.md is mandatory. `altdoc` created a dummy README file in the package directory.
-- Basic files -----------------------------------------------------------------
v 'NEWS' imported.
v 'README' imported.
-- Man pages -------------------------------------------------------------------
i No man pages to convert.
-- Vignettes -------------------------------------------------------------------
i No vignettes to convert.
-- Update HTML -----------------------------------------------------------------
v HTML updated.
-- Complete --------------------------------------------------------------------
v Documentation updated.
-- Basic files -----------------------------------------------------------------
v 'NEWS' imported.
v 'README' imported.
-- Man pages -------------------------------------------------------------------
i No man pages to convert.
-- Vignettes -------------------------------------------------------------------
i No vignettes to convert.
-- Update HTML -----------------------------------------------------------------
v HTML updated.
-- Complete --------------------------------------------------------------------
v Documentation updated.
v Setting active project to "<no active project>".
v Setting active project to
"/private/var/folders/2b/t0kwbtmn3p7brv2mvx39c9cr0000gn/T/RtmpuAJ3Ki/testpkg3b281186ded8".
v Writing 'CODE_OF_CONDUCT.md'.
v Adding "^CODE_OF_CONDUCT\\.md$" to '.Rbuildignore'.
[ ] You may also want to describe the code of conduct in your README:
## Code of Conduct
Please note that the testpkg3b281186ded8 project is released with a [Contributor Code of Conduct](https://contributor-covenant.org/version/2/1/CODE_OF_CONDUCT.html). By contributing to this project, you agree to abide by its terms.
i Creating `altdoc/` directory.
i Creating `docs/` directory.
i Adding ^docs$ to .Rbuildignore
i Adding ^altdoc$ to .Rbuildignore
i Adding altdoc/freeze.rds to .gitignore
i Importing default settings file(s) to `altdoc/`
i README.md is mandatory. `altdoc` created a dummy README file in the package directory.
-- Basic files -----------------------------------------------------------------
v 'CODE_OF_CONDUCT' imported.
v 'README' imported.
-- Man pages -------------------------------------------------------------------
i No man pages to convert.
-- Vignettes -------------------------------------------------------------------
i No vignettes to convert.
-- Update HTML -----------------------------------------------------------------
v HTML updated.
-- Complete --------------------------------------------------------------------
v Documentation updated.
-- Basic files -----------------------------------------------------------------
v 'CODE_OF_CONDUCT' imported.
v 'README' imported.
-- Man pages -------------------------------------------------------------------
i No man pages to convert.
-- Vignettes -------------------------------------------------------------------
i No vignettes to convert.
-- Update HTML -----------------------------------------------------------------
v HTML updated.
-- Complete --------------------------------------------------------------------
v Documentation updated.
v Setting active project to "<no active project>".
v Setting active project to
"/private/var/folders/2b/t0kwbtmn3p7brv2mvx39c9cr0000gn/T/RtmpuAJ3Ki/testpkg3b281ad49a2".
v Writing 'CODE_OF_CONDUCT.md'.
v Adding "^CODE_OF_CONDUCT\\.md$" to '.Rbuildignore'.
[ ] You may also want to describe the code of conduct in your README:
## Code of Conduct
Please note that the testpkg3b281ad49a2 project is released with a [Contributor Code of Conduct](https://contributor-covenant.org/version/2/1/CODE_OF_CONDUCT.html). By contributing to this project, you agree to abide by its terms.
i Creating `altdoc/` directory.
i Creating `docs/` directory.
i Adding ^docs$ to .Rbuildignore
i Adding ^altdoc$ to .Rbuildignore
i Adding altdoc/freeze.rds to .gitignore
i Importing default settings file(s) to `altdoc/`
i README.md is mandatory. `altdoc` created a dummy README file in the package directory.
-- Basic files -----------------------------------------------------------------
v 'CODE_OF_CONDUCT' imported.
v 'README' imported.
-- Man pages -------------------------------------------------------------------
i No man pages to convert.
-- Vignettes -------------------------------------------------------------------
i No vignettes to convert.
-- Update HTML -----------------------------------------------------------------
v HTML updated.
-- Complete --------------------------------------------------------------------
v Documentation updated.
-- Basic files -----------------------------------------------------------------
v 'CODE_OF_CONDUCT' imported.
v 'README' imported.
-- Man pages -------------------------------------------------------------------
i No man pages to convert.
-- Vignettes -------------------------------------------------------------------
i No vignettes to convert.
-- Update HTML -----------------------------------------------------------------
v HTML updated.
-- Complete --------------------------------------------------------------------
v Documentation updated.
v Setting active project to "<no active project>".
v Setting active project to
"/private/var/folders/2b/t0kwbtmn3p7brv2mvx39c9cr0000gn/T/RtmpuAJ3Ki/testpkg3b28392c8a28".
v Adding "MIT + file LICENSE" to 'License'.
v Writing 'LICENSE'.
v Writing 'LICENSE.md'.
v Adding "^LICENSE\\.md$" to '.Rbuildignore'.
i Creating `altdoc/` directory.
i Creating `docs/` directory.
i Adding ^docs$ to .Rbuildignore
i Adding ^altdoc$ to .Rbuildignore
i Adding altdoc/freeze.rds to .gitignore
i Importing default settings file(s) to `altdoc/`
i README.md is mandatory. `altdoc` created a dummy README file in the package directory.
-- Basic files -----------------------------------------------------------------
v 'LICENSE' imported.
v 'README' imported.
-- Man pages -------------------------------------------------------------------
i No man pages to convert.
-- Vignettes -------------------------------------------------------------------
i No vignettes to convert.
-- Update HTML -----------------------------------------------------------------
v HTML updated.
-- Complete --------------------------------------------------------------------
v Documentation updated.
-- Basic files -----------------------------------------------------------------
v 'LICENSE' imported.
v 'README' imported.
-- Man pages -------------------------------------------------------------------
i No man pages to convert.
-- Vignettes -------------------------------------------------------------------
i No vignettes to convert.
-- Update HTML -----------------------------------------------------------------
v HTML updated.
-- Complete --------------------------------------------------------------------
v Documentation updated.
v Setting active project to "<no active project>".
v Setting active project to
"/private/var/folders/2b/t0kwbtmn3p7brv2mvx39c9cr0000gn/T/RtmpuAJ3Ki/testpkg3b28453db49d".
v Adding "MIT + file LICENSE" to 'License'.
v Writing 'LICENSE'.
v Writing 'LICENSE.md'.
v Adding "^LICENSE\\.md$" to '.Rbuildignore'.
i Creating `altdoc/` directory.
i Creating `docs/` directory.
i Adding ^docs$ to .Rbuildignore
i Adding ^altdoc$ to .Rbuildignore
i Adding altdoc/freeze.rds to .gitignore
i Importing default settings file(s) to `altdoc/`
i README.md is mandatory. `altdoc` created a dummy README file in the package directory.
-- Basic files -----------------------------------------------------------------
v 'LICENSE' imported.
v 'README' imported.
-- Man pages -------------------------------------------------------------------
i No man pages to convert.
-- Vignettes -------------------------------------------------------------------
i No vignettes to convert.
-- Update HTML -----------------------------------------------------------------
v HTML updated.
-- Complete --------------------------------------------------------------------
v Documentation updated.
-- Basic files -----------------------------------------------------------------
v 'LICENSE' imported.
v 'README' imported.
-- Man pages -------------------------------------------------------------------
i No man pages to convert.
-- Vignettes -------------------------------------------------------------------
i No vignettes to convert.
-- Update HTML -----------------------------------------------------------------
v HTML updated.
-- Complete --------------------------------------------------------------------
v Documentation updated.
v Setting active project to "<no active project>".
v Setting active project to
"/private/var/folders/2b/t0kwbtmn3p7brv2mvx39c9cr0000gn/T/RtmpuAJ3Ki/testpkg3b28dd4c9ac".
i Creating `altdoc/` directory.
i Creating `docs/` directory.
i Adding ^docs$ to .Rbuildignore
i Adding ^altdoc$ to .Rbuildignore
i Adding altdoc/freeze.rds to .gitignore
i Importing default settings file(s) to `altdoc/`
i README.md is mandatory. `altdoc` created a dummy README file in the package directory.
-- Basic files -----------------------------------------------------------------
v 'README' imported.
-- Man pages -------------------------------------------------------------------
i No man pages to convert.
-- Vignettes -------------------------------------------------------------------
i Found 1 vignette to convert.
\ Converting vignette 1/1: basic.Rmd
x Converting vignette 1/1: basic.Rmd [86ms]
v Setting active project to "<no active project>".
v Setting active project to
"/private/var/folders/2b/t0kwbtmn3p7brv2mvx39c9cr0000gn/T/RtmpuAJ3Ki/testpkg3b286c76dbec".
i Creating `altdoc/` directory.
i Creating `docs/` directory.
i Adding ^docs$ to .Rbuildignore
i Adding ^altdoc$ to .Rbuildignore
i Adding altdoc/freeze.rds to .gitignore
i Importing default settings file(s) to `altdoc/`
i README.md is mandatory. `altdoc` created a dummy README file in the package directory.
-- Basic files -----------------------------------------------------------------
v 'README' imported.
-- Man pages -------------------------------------------------------------------
i No man pages to convert.
-- Vignettes -------------------------------------------------------------------
i Found 1 vignette to convert.
\ Converting vignette 1/1: basic.Rmd
x Converting vignette 1/1: basic.Rmd [69ms]
v Setting active project to "<no active project>".
v Setting active project to
"/private/var/folders/2b/t0kwbtmn3p7brv2mvx39c9cr0000gn/T/RtmpuAJ3Ki/testpkg3b2817677108".
v Setting active project to "<no active project>".
v Setting active project to
"/private/var/folders/2b/t0kwbtmn3p7brv2mvx39c9cr0000gn/T/RtmpuAJ3Ki/testpkg3b28183197b3".
v Setting active project to "<no active project>".
v Setting active project to
"/private/var/folders/2b/t0kwbtmn3p7brv2mvx39c9cr0000gn/T/RtmpuAJ3Ki/testpkg3b28252d9bb8".
v Setting active project to "<no active project>".
v Setting active project to
"/private/var/folders/2b/t0kwbtmn3p7brv2mvx39c9cr0000gn/T/RtmpuAJ3Ki/testpkg3b284f9bbb05".
v Setting active project to "<no active project>".
v Setting active project to
"/private/var/folders/2b/t0kwbtmn3p7brv2mvx39c9cr0000gn/T/RtmpuAJ3Ki/testpkg3b284d601e94".
v Setting active project to "<no active project>".
v Setting active project to
"/private/var/folders/2b/t0kwbtmn3p7brv2mvx39c9cr0000gn/T/RtmpuAJ3Ki/testpkg3b2836c6fd4f".
v Setting active project to "<no active project>".
[ FAIL 8 | WARN 0 | SKIP 8 | PASS 55 ]
══ Skipped tests (8) ═══════════════════════════════════════════════════════════
• .venv_exists() is not TRUE (2): 'test-setup_docs.R:49:5',
'test-setup_github_actions.R:23:3'
• On CRAN (5): 'test-render_docs.R:2:3', 'test-render_docs.R:35:3',
'test-render_docs.R:69:3', 'test-render_docs.R:110:3',
'test-render_docs.R:143:3'
• tool == "mkdocs" && !.venv_exists() is TRUE (1): 'test-parallel.R:3:5'
══ Failed tests ════════════════════════════════════════════════════════════════
── Error ('test-import_man.R:11:3'): rendering fails ───────────────────────────
Error in `cat(out[[2]])`: argument 1 (type 'list') cannot be handled by 'cat'
Backtrace:
▆
1. ├─testthat::expect_equal(...) at test-import_man.R:11:3
2. │ └─testthat::quasi_label(enquo(object), label, arg = "object")
3. │ └─rlang::eval_bare(expr, quo_get_env(quo))
4. └─altdoc:::.render_one_man(...)
5. └─altdoc:::.qmd2md(...)
6. └─base::cat(out[[2]])
── Error ('test-import_man.R:47:3'): rendering skipped because unchanged and freeze = TRUE ──
Error in `cat(out[[2]])`: argument 1 (type 'list') cannot be handled by 'cat'
Backtrace:
▆
1. └─altdoc:::.render_one_man(...) at test-import_man.R:47:3
2. └─altdoc:::.qmd2md(...)
3. └─base::cat(out[[2]])
── Error ('test-qmd2md.R:11:3'): use template preamble if no preamble in file ──
Error in `cat(out[[2]])`: argument 1 (type 'list') cannot be handled by 'cat'
Backtrace:
▆
1. └─altdoc:::.qmd2md(vignette_qmd, "vignettes", preamble = preamble) at test-qmd2md.R:11:3
2. └─base::cat(out[[2]])
── Error ('test-qmd2md.R:28:3'): do not use template preamble if preamble in file ──
Error in `cat(out[[2]])`: argument 1 (type 'list') cannot be handled by 'cat'
Backtrace:
▆
1. └─altdoc:::.qmd2md(vignette_qmd, "vignettes", preamble = preamble) at test-qmd2md.R:28:3
2. └─base::cat(out[[2]])
── Error ('test-render_docs.R:175:3'): render_docs errors if vignettes fail ────
Error in `cat(out[[2]])`: argument 1 (type 'list') cannot be handled by 'cat'
Backtrace:
▆
1. ├─testthat::expect_error(render_docs(path = getwd()), "some failures when rendering vignettes") at test-render_docs.R:175:3
2. │ └─testthat:::expect_condition_matching(...)
3. │ └─testthat:::quasi_capture(...)
4. │ ├─testthat (local) .capture(...)
5. │ │ └─base::withCallingHandlers(...)
6. │ └─rlang::eval_bare(quo_get_expr(.quo), quo_get_env(.quo))
7. └─altdoc::render_docs(path = getwd())
8. └─altdoc:::.import_vignettes(...)
9. └─base::vapply(...)
10. └─altdoc (local) FUN(X[[i]], ...)
11. └─altdoc:::.render_one_vignette(...)
12. └─altdoc:::.qmd2md(origin, tar_dir, verbose = verbose, preamble = pre)
13. └─base::cat(out[[2]])
── Error ('test-render_docs.R:186:3'): render_docs errors if man fail ──────────
Error in `cat(out[[2]])`: argument 1 (type 'list') cannot be handled by 'cat'
Backtrace:
▆
1. ├─testthat::expect_error(render_docs(path = getwd()), "some failures when rendering man pages") at test-render_docs.R:186:3
2. │ └─testthat:::expect_condition_matching(...)
3. │ └─testthat:::quasi_capture(...)
4. │ ├─testthat (local) .capture(...)
5. │ │ └─base::withCallingHandlers(...)
6. │ └─rlang::eval_bare(quo_get_expr(.quo), quo_get_env(.quo))
7. └─altdoc::render_docs(path = getwd())
8. └─altdoc:::.import_man(...)
9. └─base::vapply(...)
10. └─altdoc (local) FUN(X[[i]], ...)
11. └─altdoc:::.render_one_man(...)
12. └─altdoc:::.qmd2md(...)
13. └─base::cat(out[[2]])
── Error ('test-update.R:111:5'): render_docs also transform new/modified vignettes if specified: docute ──
Error in `cat(out[[2]])`: argument 1 (type 'list') cannot be handled by 'cat'
Backtrace:
▆
1. └─altdoc::render_docs(path = getwd()) at test-update.R:111:5
2. └─altdoc:::.import_vignettes(...)
3. └─base::vapply(...)
4. └─altdoc (local) FUN(X[[i]], ...)
5. └─altdoc:::.render_one_vignette(...)
6. └─altdoc:::.qmd2md(origin, tar_dir, verbose = verbose, preamble = pre)
7. └─base::cat(out[[2]])
── Error ('test-update.R:111:5'): render_docs also transform new/modified vignettes if specified: docsify ──
Error in `cat(out[[2]])`: argument 1 (type 'list') cannot be handled by 'cat'
Backtrace:
▆
1. └─altdoc::render_docs(path = getwd()) at test-update.R:111:5
2. └─altdoc:::.import_vignettes(...)
3. └─base::vapply(...)
4. └─altdoc (local) FUN(X[[i]], ...)
5. └─altdoc:::.render_one_vignette(...)
6. └─altdoc:::.qmd2md(origin, tar_dir, verbose = verbose, preamble = pre)
7. └─base::cat(out[[2]])
[ FAIL 8 | WARN 0 | SKIP 8 | PASS 55 ]
Error: Test failures
Execution halted
Flavor: r-oldrel-macos-x86_64