Last updated on 2025-04-30 04:49:59 CEST.
Flavor | Version | Tinstall | Tcheck | Ttotal | Status | Flags |
---|---|---|---|---|---|---|
r-devel-linux-x86_64-debian-clang | 4.2 | 13.81 | 139.44 | 153.25 | NOTE | |
r-devel-linux-x86_64-debian-gcc | 4.2 | 10.24 | 92.37 | 102.61 | NOTE | |
r-devel-linux-x86_64-fedora-clang | 4.2 | 246.02 | OK | |||
r-devel-linux-x86_64-fedora-gcc | 4.2 | 232.47 | OK | |||
r-devel-windows-x86_64 | 4.2 | 16.00 | 142.00 | 158.00 | OK | |
r-patched-linux-x86_64 | 4.2 | 17.26 | 133.60 | 150.86 | OK | |
r-release-linux-x86_64 | 4.2 | 14.91 | 132.00 | 146.91 | OK | |
r-release-macos-arm64 | 4.2 | 65.00 | OK | |||
r-release-macos-x86_64 | 4.2 | 156.00 | OK | |||
r-release-windows-x86_64 | 4.2 | 15.00 | 145.00 | 160.00 | OK | |
r-oldrel-macos-arm64 | 4.2 | 61.00 | OK | |||
r-oldrel-macos-x86_64 | 4.2 | 177.00 | OK | |||
r-oldrel-windows-x86_64 | 4.2 | 21.00 | 186.00 | 207.00 | OK |
Version: 4.2
Check: examples
Result: NOTE
Examples with CPU (user + system) or elapsed time > 5s
user system elapsed
metapb 11.176 0.003 13.714
meta.pen 10.585 0.016 12.860
Flavor: r-devel-linux-x86_64-debian-clang
Version: 4.2
Check: examples
Result: NOTE
Examples with CPU (user + system) or elapsed time > 5s
user system elapsed
metapb 5.872 0.001 6.683
meta.pen 5.026 0.005 5.870
Flavor: r-devel-linux-x86_64-debian-gcc