Last updated on 2025-04-30 04:49:59 CEST.
Flavor | Version | Tinstall | Tcheck | Ttotal | Status | Flags |
---|---|---|---|---|---|---|
r-devel-linux-x86_64-debian-clang | 1.2.3 | 41.02 | 356.71 | 397.73 | NOTE | |
r-devel-linux-x86_64-debian-gcc | 1.2.3 | 24.43 | 231.96 | 256.39 | NOTE | |
r-devel-linux-x86_64-fedora-clang | 1.2.3 | 703.44 | NOTE | |||
r-devel-linux-x86_64-fedora-gcc | 1.2.3 | 616.46 | NOTE | |||
r-devel-windows-x86_64 | 1.2.3 | 37.00 | 322.00 | 359.00 | NOTE | |
r-patched-linux-x86_64 | 1.2.3 | 38.65 | 344.08 | 382.73 | NOTE | |
r-release-linux-x86_64 | 1.2.3 | 37.79 | 340.28 | 378.07 | NOTE | |
r-release-macos-arm64 | 1.2.3 | 144.00 | NOTE | |||
r-release-macos-x86_64 | 1.2.3 | 310.00 | OK | |||
r-release-windows-x86_64 | 1.2.3 | 38.00 | 322.00 | 360.00 | NOTE | |
r-oldrel-macos-arm64 | 1.2.3 | 131.00 | OK | |||
r-oldrel-macos-x86_64 | 1.2.3 | 327.00 | OK | |||
r-oldrel-windows-x86_64 | 1.2.3 | 50.00 | 447.00 | 497.00 | OK |
Version: 1.2.3
Check: DESCRIPTION meta-information
Result: NOTE
Missing dependency on R >= 4.2.0 because package code uses the pipe
placeholder syntax added in R 4.2.0.
File(s) using such syntax:
‘calculate_covariates.R’
Flavors: r-devel-linux-x86_64-debian-clang, r-devel-linux-x86_64-debian-gcc, r-devel-linux-x86_64-fedora-clang, r-devel-linux-x86_64-fedora-gcc, r-devel-windows-x86_64, r-patched-linux-x86_64, r-release-linux-x86_64, r-release-macos-arm64, r-release-windows-x86_64