CRAN Package Check Results for Package ambient

Last updated on 2025-04-30 04:49:59 CEST.

Flavor Version Tinstall Tcheck Ttotal Status Flags
r-devel-linux-x86_64-debian-clang 1.0.2 16.87 45.45 62.32 NOTE
r-devel-linux-x86_64-debian-gcc 1.0.2 11.02 34.08 45.10 NOTE
r-devel-linux-x86_64-fedora-clang 1.0.2 103.55 NOTE
r-devel-linux-x86_64-fedora-gcc 1.0.2 93.00 NOTE
r-devel-windows-x86_64 1.0.2 21.00 88.00 109.00 NOTE
r-patched-linux-x86_64 1.0.2 15.87 42.85 58.72 NOTE
r-release-linux-x86_64 1.0.2 15.32 42.82 58.14 NOTE
r-release-macos-arm64 1.0.2 35.00 NOTE
r-release-macos-x86_64 1.0.2 65.00 NOTE
r-release-windows-x86_64 1.0.2 21.00 86.00 107.00 NOTE
r-oldrel-macos-arm64 1.0.2 39.00 NOTE
r-oldrel-macos-x86_64 1.0.2 48.00 NOTE
r-oldrel-windows-x86_64 1.0.2 25.00 91.00 116.00 NOTE

Check Details

Version: 1.0.2
Check: C++ specification
Result: NOTE Specified C++11: please drop specification unless essential Flavors: r-devel-linux-x86_64-debian-clang, r-devel-linux-x86_64-debian-gcc, r-devel-linux-x86_64-fedora-clang, r-devel-linux-x86_64-fedora-gcc, r-devel-windows-x86_64, r-patched-linux-x86_64, r-release-linux-x86_64, r-release-macos-arm64, r-release-macos-x86_64, r-release-windows-x86_64, r-oldrel-macos-arm64, r-oldrel-macos-x86_64, r-oldrel-windows-x86_64