Last updated on 2025-04-30 04:49:59 CEST.
Flavor | Version | Tinstall | Tcheck | Ttotal | Status | Flags |
---|---|---|---|---|---|---|
r-devel-linux-x86_64-debian-clang | 0.1.0 | 1.68 | 16.55 | 18.23 | WARN | |
r-devel-linux-x86_64-debian-gcc | 0.1.0 | 1.20 | 13.51 | 14.71 | WARN | |
r-devel-linux-x86_64-fedora-clang | 0.1.1 | 29.79 | OK | |||
r-devel-linux-x86_64-fedora-gcc | 0.1.1 | 29.38 | OK | |||
r-devel-windows-x86_64 | 0.1.0 | 2.00 | 35.00 | 37.00 | OK | |
r-patched-linux-x86_64 | 0.1.0 | 1.47 | 15.47 | 16.94 | OK | |
r-release-linux-x86_64 | 0.1.0 | 1.49 | 15.75 | 17.24 | OK | |
r-release-macos-arm64 | 0.1.1 | 16.00 | OK | |||
r-release-macos-x86_64 | 0.1.1 | 23.00 | OK | |||
r-release-windows-x86_64 | 0.1.1 | 5.00 | 42.00 | 47.00 | OK | |
r-oldrel-macos-arm64 | 0.1.1 | 20.00 | OK | |||
r-oldrel-macos-x86_64 | 0.1.1 | 28.00 | OK | |||
r-oldrel-windows-x86_64 | 0.1.0 | 3.00 | 35.00 | 38.00 | NOTE |
Version: 0.1.0
Check: top-level files
Result: WARN
Conversion of ‘README.md’ failed:
Error parsing YAML metadata at "/home/hornik/tmp/R.check/r-devel-clang/Work/PKGS/amerika/README.md" (line 1, column 1):
YAML parse exception at line 3, column 0,
while scanning a simple key:
could not find expected ‘:’
Flavor: r-devel-linux-x86_64-debian-clang
Version: 0.1.0
Check: top-level files
Result: WARN
Conversion of ‘README.md’ failed:
Error parsing YAML metadata at "/home/hornik/tmp/R.check/r-devel-gcc/Work/PKGS/amerika/README.md" (line 1, column 1):
YAML parse exception at line 3, column 0,
while scanning a simple key:
could not find expected ‘:’
Flavor: r-devel-linux-x86_64-debian-gcc
Version: 0.1.0
Check: LazyData
Result: NOTE
'LazyData' is specified without a 'data' directory
Flavor: r-oldrel-windows-x86_64