CRAN Package Check Results for Package amp

Last updated on 2025-04-30 04:49:59 CEST.

Flavor Version Tinstall Tcheck Ttotal Status Flags
r-devel-linux-x86_64-debian-clang 1.0.0 8.79 106.51 115.30 NOTE
r-devel-linux-x86_64-debian-gcc 1.0.0 5.20 67.70 72.90 NOTE
r-devel-linux-x86_64-fedora-clang 1.0.0 179.98 OK
r-devel-linux-x86_64-fedora-gcc 1.0.0 187.10 OK
r-devel-windows-x86_64 1.0.0 10.00 115.00 125.00 OK
r-patched-linux-x86_64 1.0.0 7.96 100.37 108.33 OK
r-release-linux-x86_64 1.0.0 8.21 100.05 108.26 OK
r-release-macos-arm64 1.0.0 49.00 OK
r-release-macos-x86_64 1.0.0 113.00 OK
r-release-windows-x86_64 1.0.0 11.00 113.00 124.00 OK
r-oldrel-macos-arm64 1.0.0 53.00 OK
r-oldrel-macos-x86_64 1.0.0 79.00 OK
r-oldrel-windows-x86_64 1.0.0 12.00 138.00 150.00 OK

Check Details

Version: 1.0.0
Check: CRAN incoming feasibility
Result: NOTE Maintainer: ‘Adam Elder <shmelder@gmail.com>’ The Description field contains A testing framework described in Elder et al. (2022) <arXiv:2203.01897> Please refer to arXiv e-prints via their arXiv DOI <doi:10.48550/arXiv.YYMM.NNNNN>. Flavors: r-devel-linux-x86_64-debian-clang, r-devel-linux-x86_64-debian-gcc