Last updated on 2025-04-30 04:49:59 CEST.
Flavor | Version | Tinstall | Tcheck | Ttotal | Status | Flags |
---|---|---|---|---|---|---|
r-devel-linux-x86_64-debian-clang | 1.1.0 | 24.54 | 147.42 | 171.96 | OK | |
r-devel-linux-x86_64-debian-gcc | 1.1.0 | 18.29 | 102.66 | 120.95 | OK | |
r-devel-linux-x86_64-fedora-clang | 1.1.0 | 255.84 | NOTE | |||
r-devel-linux-x86_64-fedora-gcc | 1.1.0 | 256.34 | NOTE | |||
r-devel-windows-x86_64 | 1.1.0 | 28.00 | 157.00 | 185.00 | OK | |
r-patched-linux-x86_64 | 1.1.0 | 24.73 | 136.47 | 161.20 | OK | |
r-release-linux-x86_64 | 1.1.0 | 24.27 | 136.75 | 161.02 | OK | |
r-release-macos-arm64 | 1.1.0 | 77.00 | OK | |||
r-release-macos-x86_64 | 1.1.0 | 153.00 | OK | |||
r-release-windows-x86_64 | 1.1.0 | 28.00 | 160.00 | 188.00 | OK | |
r-oldrel-macos-arm64 | 1.1.0 | 78.00 | OK | |||
r-oldrel-macos-x86_64 | 1.1.0 | 111.00 | OK | |||
r-oldrel-windows-x86_64 | 1.1.0 | 36.00 | 204.00 | 240.00 | OK |
Version: 1.1.0
Check: dependencies in R code
Result: NOTE
Namespace in Imports field not imported from: ‘kernlab’
All declared Imports should be used.
Flavors: r-devel-linux-x86_64-fedora-clang, r-devel-linux-x86_64-fedora-gcc