Last updated on 2025-04-30 04:49:59 CEST.
Flavor | Version | Tinstall | Tcheck | Ttotal | Status | Flags |
---|---|---|---|---|---|---|
r-devel-linux-x86_64-debian-clang | 1.1-4 | 8.12 | 72.44 | 80.56 | NOTE | |
r-devel-linux-x86_64-debian-gcc | 1.1-4 | 6.79 | 53.99 | 60.78 | NOTE | |
r-devel-linux-x86_64-fedora-clang | 1.1-4 | 121.06 | OK | |||
r-devel-linux-x86_64-fedora-gcc | 1.1-4 | 116.41 | OK | |||
r-devel-windows-x86_64 | 1.1-4 | 10.00 | 82.00 | 92.00 | OK | |
r-patched-linux-x86_64 | 1.1-4 | 8.90 | 69.15 | 78.05 | OK | |
r-release-linux-x86_64 | 1.1-4 | 8.11 | 69.57 | 77.68 | OK | |
r-release-macos-arm64 | 1.1-4 | 36.00 | OK | |||
r-release-macos-x86_64 | 1.1-4 | 68.00 | OK | |||
r-release-windows-x86_64 | 1.1-4 | 11.00 | 82.00 | 93.00 | OK | |
r-oldrel-macos-arm64 | 1.1-4 | 35.00 | OK | |||
r-oldrel-macos-x86_64 | 1.1-4 | 52.00 | OK | |||
r-oldrel-windows-x86_64 | 1.1-4 | 13.00 | 98.00 | 111.00 | OK |
Version: 1.1-4
Check: CRAN incoming feasibility
Result: NOTE
Maintainer: ‘Patrick Mair <mair@fas.harvard.edu>’
Package CITATION file contains call(s) to old-style personList() or
as.personList(). Please use c() on person objects instead.
Package CITATION file contains call(s) to old-style citEntry(). Please
use bibentry() instead.
Flavors: r-devel-linux-x86_64-debian-clang, r-devel-linux-x86_64-debian-gcc