CRAN Package Check Results for Package ananke

Last updated on 2025-04-30 04:49:59 CEST.

Flavor Version Tinstall Tcheck Ttotal Status Flags
r-devel-linux-x86_64-debian-clang 0.1.0 6.35 56.22 62.57 NOTE
r-devel-linux-x86_64-debian-gcc 0.1.0 4.76 39.74 44.50 NOTE
r-devel-linux-x86_64-fedora-clang 0.1.0 101.27 OK
r-devel-linux-x86_64-fedora-gcc 0.1.0 98.61 OK
r-devel-windows-x86_64 0.1.0 8.00 83.00 91.00 OK
r-patched-linux-x86_64 0.1.0 8.22 52.25 60.47 OK
r-release-linux-x86_64 0.1.0 6.71 52.09 58.80 OK
r-release-macos-arm64 0.1.0 33.00 OK
r-release-macos-x86_64 0.1.0 44.00 OK
r-release-windows-x86_64 0.1.0 7.00 82.00 89.00 OK
r-oldrel-macos-arm64 0.1.0 32.00 OK
r-oldrel-macos-x86_64 0.1.0 48.00 OK
r-oldrel-windows-x86_64 0.1.0 7.00 90.00 97.00 OK

Check Details

Version: 0.1.0
Check: DESCRIPTION meta-information
Result: NOTE Author field differs from that derived from Authors@R Author: ‘Nicolas Frerebeau [aut, cre] (<https://orcid.org/0000-0001-5759-4944>), Université Bordeaux Montaigne [fnd] (03pbgwk21), CNRS [fnd] (02feahw73)’ Authors@R: ‘Nicolas Frerebeau [aut, cre] (ORCID: <https://orcid.org/0000-0001-5759-4944>), Université Bordeaux Montaigne [fnd] (ROR: <https://ror.org/03pbgwk21>), CNRS [fnd] (ROR: <https://ror.org/02feahw73>)’ Flavors: r-devel-linux-x86_64-debian-clang, r-devel-linux-x86_64-debian-gcc