Last updated on 2025-04-30 04:49:59 CEST.
Flavor | Version | Tinstall | Tcheck | Ttotal | Status | Flags |
---|---|---|---|---|---|---|
r-devel-linux-x86_64-debian-clang | 0.80 | 15.08 | 102.77 | 117.85 | NOTE | |
r-devel-linux-x86_64-debian-gcc | 0.80 | 9.57 | 73.65 | 83.22 | NOTE | |
r-devel-linux-x86_64-fedora-clang | 0.80 | 161.95 | OK | |||
r-devel-linux-x86_64-fedora-gcc | 0.80 | 154.02 | OK | |||
r-devel-windows-x86_64 | 0.80 | 16.00 | 107.00 | 123.00 | OK | |
r-patched-linux-x86_64 | 0.80 | 11.74 | 96.66 | 108.40 | OK | |
r-release-linux-x86_64 | 0.80 | 13.75 | 96.16 | 109.91 | OK | |
r-release-macos-arm64 | 0.80 | 48.00 | OK | |||
r-release-macos-x86_64 | 0.80 | 87.00 | OK | |||
r-release-windows-x86_64 | 0.80 | 15.00 | 103.00 | 118.00 | OK | |
r-oldrel-macos-arm64 | 0.80 | 52.00 | OK | |||
r-oldrel-macos-x86_64 | 0.80 | 68.00 | OK | |||
r-oldrel-windows-x86_64 | 0.80 | 20.00 | 133.00 | 153.00 | OK |
Version: 0.80
Check: CRAN incoming feasibility
Result: NOTE
Maintainer: ‘Josh Pasek <josh@joshpasek.com>’
No Authors@R field in DESCRIPTION.
Please add one, modifying
Authors@R: person(given = "Josh",
family = "Pasek",
role = c("aut", "cre"),
email = "josh@joshpasek.com")
as necessary.
Flavors: r-devel-linux-x86_64-debian-clang, r-devel-linux-x86_64-debian-gcc