Last updated on 2025-04-30 04:49:59 CEST.
Flavor | Version | Tinstall | Tcheck | Ttotal | Status | Flags |
---|---|---|---|---|---|---|
r-devel-linux-x86_64-debian-clang | 0.0.1 | 30.31 | 267.32 | 297.63 | NOTE | |
r-devel-linux-x86_64-debian-gcc | 0.0.1 | 18.32 | 164.11 | 182.43 | NOTE | |
r-devel-linux-x86_64-fedora-clang | 0.0.1 | 465.41 | OK | |||
r-devel-linux-x86_64-fedora-gcc | 0.0.1 | 451.99 | OK | |||
r-devel-windows-x86_64 | 0.0.1 | 27.00 | 204.00 | 231.00 | OK | |
r-patched-linux-x86_64 | 0.0.1 | 26.13 | 251.56 | 277.69 | OK | |
r-release-linux-x86_64 | 0.0.1 | 25.41 | 250.53 | 275.94 | OK | |
r-release-macos-arm64 | 0.0.1 | 105.00 | OK | |||
r-release-macos-x86_64 | 0.0.1 | 214.00 | OK | |||
r-release-windows-x86_64 | 0.0.1 | 27.00 | 205.00 | 232.00 | OK | |
r-oldrel-macos-arm64 | 0.0.1 | 98.00 | OK | |||
r-oldrel-macos-x86_64 | 0.0.1 | 186.00 | OK | |||
r-oldrel-windows-x86_64 | 0.0.1 | 38.00 | 282.00 | 320.00 | OK |
Version: 0.0.1
Check: CRAN incoming feasibility
Result: NOTE
Maintainer: ‘Michael D. Sumner <mdsumner@gmail.com>’
Found the following (possibly) invalid file URI:
URI: CONDUCT.md
From: README.md
Flavors: r-devel-linux-x86_64-debian-clang, r-devel-linux-x86_64-debian-gcc