CRAN Package Check Results for Package animbook

Last updated on 2025-04-30 04:49:59 CEST.

Flavor Version Tinstall Tcheck Ttotal Status Flags
r-devel-linux-x86_64-debian-clang 1.0.0 7.67 80.24 87.91 NOTE
r-devel-linux-x86_64-debian-gcc 1.0.0 5.52 54.54 60.06 NOTE
r-devel-linux-x86_64-fedora-clang 1.0.0 122.30 NOTE
r-devel-linux-x86_64-fedora-gcc 1.0.0 130.29 NOTE
r-devel-windows-x86_64 1.0.0 10.00 94.00 104.00 NOTE
r-patched-linux-x86_64 1.0.0 7.42 73.69 81.11 NOTE
r-release-linux-x86_64 1.0.0 7.51 72.56 80.07 NOTE
r-release-macos-arm64 1.0.0 49.00 NOTE
r-release-macos-x86_64 1.0.0 79.00 NOTE
r-release-windows-x86_64 1.0.0 11.00 90.00 101.00 NOTE
r-oldrel-macos-arm64 1.0.0 45.00 OK
r-oldrel-macos-x86_64 1.0.0 69.00 OK
r-oldrel-windows-x86_64 1.0.0 11.00 114.00 125.00 OK

Check Details

Version: 1.0.0
Check: DESCRIPTION meta-information
Result: NOTE Missing dependency on R >= 4.1.0 because package code uses the pipe |> or function shorthand \(...) syntax added in R 4.1.0. File(s) using such syntax: ‘anim-animate.R’ ‘anim-prep-cat.R’ ‘anim-prep.R’ ‘funnel-web-data.R’ ‘kangaroo-data.R’ ‘kangaroo-plot.R’ ‘proportional-shade.R’ ‘wallaby-data.R’ ‘wallaby-plot.R’ Flavors: r-devel-linux-x86_64-debian-clang, r-devel-linux-x86_64-debian-gcc, r-devel-linux-x86_64-fedora-clang, r-devel-linux-x86_64-fedora-gcc, r-devel-windows-x86_64, r-patched-linux-x86_64, r-release-linux-x86_64, r-release-macos-arm64, r-release-macos-x86_64, r-release-windows-x86_64

Version: 1.0.0
Check: examples
Result: NOTE Examples with CPU (user + system) or elapsed time > 5s user system elapsed funnel_web_plot 5.366 0.06 7.067 Flavor: r-devel-linux-x86_64-debian-clang