Last updated on 2025-04-30 04:49:59 CEST.
Flavor | Version | Tinstall | Tcheck | Ttotal | Status | Flags |
---|---|---|---|---|---|---|
r-devel-linux-x86_64-debian-clang | 2025.1.28 | 22.78 | 282.41 | 305.19 | NOTE | |
r-devel-linux-x86_64-debian-gcc | 2025.1.28 | 12.54 | 179.56 | 192.10 | OK | |
r-devel-linux-x86_64-fedora-clang | 2025.1.28 | 493.32 | OK | |||
r-devel-linux-x86_64-fedora-gcc | 2025.1.28 | 473.63 | OK | |||
r-devel-windows-x86_64 | 2025.1.28 | 24.00 | 310.00 | 334.00 | OK | |
r-patched-linux-x86_64 | 2025.1.28 | 25.68 | 265.38 | 291.06 | OK | |
r-release-linux-x86_64 | 2025.1.28 | 19.75 | 263.79 | 283.54 | OK | |
r-release-macos-arm64 | 2025.1.28 | 135.00 | OK | |||
r-release-macos-x86_64 | 2025.1.28 | 280.00 | OK | |||
r-release-windows-x86_64 | 2025.1.28 | 24.00 | 308.00 | 332.00 | OK | |
r-oldrel-macos-arm64 | 2025.1.28 | 133.00 | OK | |||
r-oldrel-macos-x86_64 | 2025.1.28 | 220.00 | NOTE | |||
r-oldrel-windows-x86_64 | 2025.1.28 | 30.00 | 389.00 | 419.00 | OK |
Version: 2025.1.28
Check: examples
Result: NOTE
Examples with CPU (user + system) or elapsed time > 5s
user system elapsed
facet_grid 4.152 0.000 5.174
coord_map 3.614 0.032 5.089
Flavor: r-devel-linux-x86_64-debian-clang
Version: 2025.1.28
Check: installed package size
Result: NOTE
installed size is 5.4Mb
sub-directories of 1Mb or more:
data 3.3Mb
Flavor: r-oldrel-macos-x86_64