Last updated on 2025-04-30 04:49:59 CEST.
Flavor | Version | Tinstall | Tcheck | Ttotal | Status | Flags |
---|---|---|---|---|---|---|
r-devel-linux-x86_64-debian-clang | 1.0.0 | 6.95 | 157.97 | 164.92 | NOTE | |
r-devel-linux-x86_64-debian-gcc | 1.0.0 | 5.23 | 106.96 | 112.19 | OK | |
r-devel-linux-x86_64-fedora-clang | 1.0.0 | 259.80 | OK | |||
r-devel-linux-x86_64-fedora-gcc | 1.0.0 | 249.41 | OK | |||
r-devel-windows-x86_64 | 1.0.0 | 8.00 | 151.00 | 159.00 | OK | |
r-patched-linux-x86_64 | 1.0.0 | 6.82 | 152.33 | 159.15 | OK | |
r-release-linux-x86_64 | 1.0.0 | 5.59 | 149.51 | 155.10 | OK | |
r-release-macos-arm64 | 1.0.0 | 78.00 | OK | |||
r-release-macos-x86_64 | 1.0.0 | 158.00 | OK | |||
r-release-windows-x86_64 | 1.0.0 | 8.00 | 152.00 | 160.00 | OK | |
r-oldrel-macos-arm64 | 1.0.0 | 70.00 | OK | |||
r-oldrel-macos-x86_64 | 1.0.0 | 162.00 | OK | |||
r-oldrel-windows-x86_64 | 1.0.0 | 10.00 | 205.00 | 215.00 | OK |
Version: 1.0.0
Check: examples
Result: NOTE
Examples with CPU (user + system) or elapsed time > 5s
user system elapsed
anthroplus_prevalence 4.381 0.007 6.457
Flavor: r-devel-linux-x86_64-debian-clang