Last updated on 2025-04-30 04:49:59 CEST.
Flavor | Version | Tinstall | Tcheck | Ttotal | Status | Flags |
---|---|---|---|---|---|---|
r-devel-linux-x86_64-debian-clang | 0.8.10-1 | 13.66 | 339.66 | 353.32 | NOTE | |
r-devel-linux-x86_64-debian-gcc | 0.8.10-1 | 9.65 | 216.94 | 226.59 | OK | |
r-devel-linux-x86_64-fedora-clang | 0.8.10-1 | 605.59 | OK | |||
r-devel-linux-x86_64-fedora-gcc | 0.8.10-1 | 605.40 | OK | |||
r-devel-windows-x86_64 | 0.8.10-1 | 21.00 | 306.00 | 327.00 | OK | |
r-patched-linux-x86_64 | 0.8.10-1 | 13.96 | 332.32 | 346.28 | OK | |
r-release-linux-x86_64 | 0.8.10-1 | 13.01 | 332.05 | 345.06 | OK | |
r-release-macos-arm64 | 0.8.10-1 | 162.00 | OK | |||
r-release-macos-x86_64 | 0.8.10-1 | 334.00 | OK | |||
r-release-windows-x86_64 | 0.8.10-1 | 21.00 | 303.00 | 324.00 | OK | |
r-oldrel-macos-arm64 | 0.8.10-1 | 217.00 | NOTE | |||
r-oldrel-macos-x86_64 | 0.8.10-1 | 299.00 | NOTE | |||
r-oldrel-windows-x86_64 | 0.8.10-1 | 24.00 | 412.00 | 436.00 | NOTE |
Version: 0.8.10-1
Check: examples
Result: NOTE
Examples with CPU (user + system) or elapsed time > 5s
user system elapsed
bicriterion_anticlustering 4.763 0.006 5.614
Flavor: r-devel-linux-x86_64-debian-clang
Version: 0.8.10-1
Check: package dependencies
Result: NOTE
Package suggested but not available for checking: ‘gurobi’
Flavors: r-oldrel-macos-arm64, r-oldrel-macos-x86_64, r-oldrel-windows-x86_64