Last updated on 2025-02-21 03:52:07 CET.
Flavor | Version | Tinstall | Tcheck | Ttotal | Status | Flags |
---|---|---|---|---|---|---|
r-devel-linux-x86_64-debian-clang | 0.99.26 | 11.69 | 74.97 | 86.66 | NOTE | |
r-devel-linux-x86_64-debian-gcc | 0.99.26 | 8.26 | 49.47 | 57.73 | NOTE | |
r-devel-linux-x86_64-fedora-clang | 0.99.26 | 137.03 | NOTE | |||
r-devel-linux-x86_64-fedora-gcc | 0.99.26 | 144.55 | NOTE | |||
r-devel-macos-arm64 | 0.99.26 | 45.00 | NOTE | |||
r-devel-macos-x86_64 | 0.99.26 | 97.00 | NOTE | |||
r-devel-windows-x86_64 | 0.99.26 | 12.00 | 92.00 | 104.00 | NOTE | |
r-patched-linux-x86_64 | 0.99.26 | 10.92 | 68.73 | 79.65 | NOTE | |
r-release-linux-x86_64 | 0.99.26 | 10.50 | 69.97 | 80.47 | NOTE | |
r-release-macos-arm64 | 0.99.26 | 52.00 | NOTE | |||
r-release-macos-x86_64 | 0.99.26 | 77.00 | NOTE | |||
r-release-windows-x86_64 | 0.99.26 | 12.00 | 90.00 | 102.00 | NOTE | |
r-oldrel-macos-arm64 | 0.99.26 | 45.00 | OK | |||
r-oldrel-macos-x86_64 | 0.99.26 | 72.00 | NOTE | |||
r-oldrel-windows-x86_64 | 0.99.26 | 12.00 | 104.00 | 116.00 | OK |
Version: 0.99.26
Check: Rd files
Result: NOTE
checkRd: (-1) PS-methods.Rd:61: Lost braces in \itemize; \value handles \item{}{} directly
checkRd: (-1) PS-methods.Rd:62: Lost braces in \itemize; \value handles \item{}{} directly
checkRd: (-1) PS-methods.Rd:63: Lost braces in \itemize; \value handles \item{}{} directly
checkRd: (-1) PS-methods.Rd:64: Lost braces in \itemize; \value handles \item{}{} directly
checkRd: (-1) PS-methods.Rd:65-67: Lost braces in \itemize; \value handles \item{}{} directly
checkRd: (-1) Sim-Functions.Rd:126: Lost braces in \itemize; meant \describe ?
checkRd: (-1) Sim-Functions.Rd:127-129: Lost braces in \itemize; meant \describe ?
checkRd: (-1) Sim-Functions.Rd:135: Lost braces in \itemize; meant \describe ?
checkRd: (-1) Sim-Functions.Rd:136-137: Lost braces in \itemize; meant \describe ?
checkRd: (-1) Sim-Functions.Rd:138-140: Lost braces in \itemize; meant \describe ?
checkRd: (-1) Sim-Functions.Rd:141-143: Lost braces in \itemize; meant \describe ?
Flavors: r-devel-linux-x86_64-debian-clang, r-devel-linux-x86_64-debian-gcc, r-devel-linux-x86_64-fedora-clang, r-devel-linux-x86_64-fedora-gcc, r-devel-macos-arm64, r-devel-macos-x86_64, r-devel-windows-x86_64, r-patched-linux-x86_64, r-release-linux-x86_64, r-release-macos-arm64, r-release-macos-x86_64, r-release-windows-x86_64
Version: 0.99.26
Check: package dependencies
Result: NOTE
Package suggested but not available for checking: ‘competitiontoolbox’
Flavor: r-oldrel-macos-x86_64
Version: 0.99.26
Check: Rd cross-references
Result: NOTE
Package unavailable to check Rd xrefs: ‘competitiontoolbox’
Flavor: r-oldrel-macos-x86_64