Last updated on 2025-04-30 04:49:59 CEST.
Flavor | Version | Tinstall | Tcheck | Ttotal | Status | Flags |
---|---|---|---|---|---|---|
r-devel-linux-x86_64-debian-clang | 0.1.0 | 3.40 | 27.13 | 30.53 | NOTE | |
r-devel-linux-x86_64-debian-gcc | 0.1.0 | 2.28 | 21.51 | 23.79 | NOTE | |
r-devel-linux-x86_64-fedora-clang | 0.1.0 | 46.58 | NOTE | |||
r-devel-linux-x86_64-fedora-gcc | 0.1.0 | 43.95 | NOTE | |||
r-devel-windows-x86_64 | 0.1.0 | 5.00 | 50.00 | 55.00 | OK | |
r-patched-linux-x86_64 | 0.1.0 | 3.66 | 25.26 | 28.92 | OK | |
r-release-linux-x86_64 | 0.1.0 | 3.71 | 25.02 | 28.73 | OK | |
r-release-macos-arm64 | 0.1.0 | 24.00 | OK | |||
r-release-macos-x86_64 | 0.1.0 | 36.00 | OK | |||
r-release-windows-x86_64 | 0.1.0 | 5.00 | 48.00 | 53.00 | OK | |
r-oldrel-macos-arm64 | 0.1.0 | 19.00 | NOTE | |||
r-oldrel-macos-x86_64 | 0.1.0 | 26.00 | NOTE | |||
r-oldrel-windows-x86_64 | 0.1.0 | 6.00 | 50.00 | 56.00 | NOTE |
Version: 0.1.0
Check: CRAN incoming feasibility
Result: NOTE
Maintainer: ‘Lorenzo Meninato <lorenzomeninato@gmail.com>’
No Authors@R field in DESCRIPTION.
Please add one, modifying
Authors@R: person(given = "Lorenzo",
family = "Meninato",
role = c("aut", "cre"),
email = "lorenzomeninato@gmail.com")
as necessary.
Flavors: r-devel-linux-x86_64-debian-clang, r-devel-linux-x86_64-debian-gcc
Version: 0.1.0
Check: dependencies in R code
Result: NOTE
Namespace in Imports field not imported from: ‘R6’
All declared Imports should be used.
Flavors: r-devel-linux-x86_64-fedora-clang, r-devel-linux-x86_64-fedora-gcc
Version: 0.1.0
Check: LazyData
Result: NOTE
'LazyData' is specified without a 'data' directory
Flavors: r-oldrel-macos-arm64, r-oldrel-macos-x86_64, r-oldrel-windows-x86_64