Last updated on 2025-04-30 04:49:59 CEST.
Flavor | Version | Tinstall | Tcheck | Ttotal | Status | Flags |
---|---|---|---|---|---|---|
r-devel-linux-x86_64-debian-clang | 1.3.3 | 4.92 | 41.38 | 46.30 | NOTE | |
r-devel-linux-x86_64-debian-gcc | 1.3.3 | 3.99 | 30.55 | 34.54 | NOTE | |
r-devel-linux-x86_64-fedora-clang | 1.3.3 | 73.04 | OK | |||
r-devel-linux-x86_64-fedora-gcc | 1.3.3 | 69.59 | OK | |||
r-devel-windows-x86_64 | 1.3.3 | 7.00 | 66.00 | 73.00 | OK | |
r-patched-linux-x86_64 | 1.3.3 | 6.36 | 39.43 | 45.79 | OK | |
r-release-linux-x86_64 | 1.3.3 | 4.53 | 38.93 | 43.46 | OK | |
r-release-macos-arm64 | 1.3.3 | 34.00 | OK | |||
r-release-macos-x86_64 | 1.3.3 | 48.00 | OK | |||
r-release-windows-x86_64 | 1.3.3 | 9.00 | 67.00 | 76.00 | OK | |
r-oldrel-macos-arm64 | 1.3.3 | 31.00 | OK | |||
r-oldrel-macos-x86_64 | 1.3.3 | 39.00 | OK | |||
r-oldrel-windows-x86_64 | 1.3.3 | 8.00 | 77.00 | 85.00 | OK |
Version: 1.3.3
Check: CRAN incoming feasibility
Result: NOTE
Maintainer: ‘Renaud Lancelot <renaud.lancelot@cirad.fr>’
No Authors@R field in DESCRIPTION.
Please add one, modifying
Authors@R: c(person(given = "Matthieu",
family = "Lesnoff",
role = "aut",
email = "matthieu.lesnoff@cirad.fr"),
person(given = "Renaud",
family = "Lancelot",
role = c("aut", "cre"),
email = "renaud.lancelot@cirad.fr"))
as necessary.
Package CITATION file contains call(s) to old-style personList() or
as.personList(). Please use c() on person objects instead.
Package CITATION file contains call(s) to old-style citEntry(). Please
use bibentry() instead.
Flavors: r-devel-linux-x86_64-debian-clang, r-devel-linux-x86_64-debian-gcc