Last updated on 2025-04-30 04:49:59 CEST.
Flavor | Version | Tinstall | Tcheck | Ttotal | Status | Flags |
---|---|---|---|---|---|---|
r-devel-linux-x86_64-debian-clang | 1.1.1 | 7.18 | 61.14 | 68.32 | NOTE | |
r-devel-linux-x86_64-debian-gcc | 1.1.1 | 4.37 | 42.93 | 47.30 | NOTE | |
r-devel-linux-x86_64-fedora-clang | 1.1.1 | 98.32 | OK | |||
r-devel-linux-x86_64-fedora-gcc | 1.1.1 | 90.80 | OK | |||
r-devel-windows-x86_64 | 1.1.1 | 8.00 | 76.00 | 84.00 | OK | |
r-patched-linux-x86_64 | 1.1.1 | 7.04 | 57.67 | 64.71 | OK | |
r-release-linux-x86_64 | 1.1.1 | 6.10 | 57.05 | 63.15 | OK | |
r-release-macos-arm64 | 1.1.1 | 29.00 | OK | |||
r-release-macos-x86_64 | 1.1.1 | 49.00 | OK | |||
r-release-windows-x86_64 | 1.1.1 | 11.00 | 74.00 | 85.00 | OK | |
r-oldrel-macos-arm64 | 1.1.1 | 32.00 | OK | |||
r-oldrel-macos-x86_64 | 1.1.1 | 41.00 | OK | |||
r-oldrel-windows-x86_64 | 1.1.1 | 10.00 | 89.00 | 99.00 | OK |
Version: 1.1.1
Check: CRAN incoming feasibility
Result: NOTE
Maintainer: ‘Jerry Ratcliffe <jhr@temple.edu>’
No Authors@R field in DESCRIPTION.
Please add one, modifying
Authors@R: person(given = "Jerry",
family = "Ratcliffe",
role = c("aut", "cre"),
email = "jhr@temple.edu")
as necessary.
Flavors: r-devel-linux-x86_64-debian-clang, r-devel-linux-x86_64-debian-gcc
Version: 1.1.1
Check: examples
Result: NOTE
Examples with CPU (user + system) or elapsed time > 5s
user system elapsed
aoristic.graph 4.065 0.104 5.263
aoristic.df 3.764 0.047 5.337
Flavor: r-devel-linux-x86_64-debian-clang