Last updated on 2025-04-30 04:49:59 CEST.
Flavor | Version | Tinstall | Tcheck | Ttotal | Status | Flags |
---|---|---|---|---|---|---|
r-devel-linux-x86_64-debian-clang | 1.3.5 | 51.16 | 90.46 | 141.62 | NOTE | |
r-devel-linux-x86_64-debian-gcc | 1.3.5 | 27.26 | 62.79 | 90.05 | NOTE | |
r-devel-linux-x86_64-fedora-clang | 1.3.5 | 221.08 | NOTE | |||
r-devel-linux-x86_64-fedora-gcc | 1.3.5 | 225.70 | NOTE | |||
r-devel-windows-x86_64 | 1.3.5 | 41.00 | 124.00 | 165.00 | NOTE | |
r-patched-linux-x86_64 | 1.3.5 | 39.91 | 85.73 | 125.64 | NOTE | |
r-release-linux-x86_64 | 1.3.5 | 39.95 | 84.61 | 124.56 | NOTE | |
r-release-macos-arm64 | 1.3.5 | 76.00 | NOTE | |||
r-release-macos-x86_64 | 1.3.5 | 135.00 | NOTE | |||
r-release-windows-x86_64 | 1.3.5 | 41.00 | 124.00 | 165.00 | NOTE | |
r-oldrel-macos-arm64 | 1.3.5 | 57.00 | NOTE | |||
r-oldrel-macos-x86_64 | 1.3.5 | 73.00 | NOTE | |||
r-oldrel-windows-x86_64 | 1.3.5 | 48.00 | 150.00 | 198.00 | NOTE |
Version: 1.3.5
Check: CRAN incoming feasibility
Result: NOTE
Maintainer: ‘Shaun Wilkinson <shaunpwilkinson@gmail.com>’
Package CITATION file contains call(s) to old-style personList() or
as.personList(). Please use c() on person objects instead.
Package CITATION file contains call(s) to old-style citEntry(). Please
use bibentry() instead.
Flavors: r-devel-linux-x86_64-debian-clang, r-devel-linux-x86_64-debian-gcc
Version: 1.3.5
Check: C++ specification
Result: NOTE
Specified C++11: please drop specification unless essential
Flavors: r-devel-linux-x86_64-debian-clang, r-devel-linux-x86_64-debian-gcc, r-devel-linux-x86_64-fedora-clang, r-devel-linux-x86_64-fedora-gcc, r-devel-windows-x86_64, r-patched-linux-x86_64, r-release-linux-x86_64, r-release-macos-arm64, r-release-macos-x86_64, r-release-windows-x86_64, r-oldrel-macos-arm64, r-oldrel-macos-x86_64, r-oldrel-windows-x86_64
Version: 1.3.5
Check: examples
Result: NOTE
Examples with CPU (user + system) or elapsed time > 5s
user system elapsed
plot.PHMM 6.396 0.000 9.494
derivePHMM 6.261 0.032 9.352
Flavor: r-devel-linux-x86_64-debian-clang