Last updated on 2025-04-30 04:49:59 CEST.
Flavor | Version | Tinstall | Tcheck | Ttotal | Status | Flags |
---|---|---|---|---|---|---|
r-devel-linux-x86_64-debian-clang | 0.3-4 | 45.41 | 169.63 | 215.04 | NOTE | |
r-devel-linux-x86_64-debian-gcc | 0.3-4 | 33.82 | 107.99 | 141.81 | NOTE | |
r-devel-linux-x86_64-fedora-clang | 0.3-4 | 351.72 | NOTE | |||
r-devel-linux-x86_64-fedora-gcc | 0.3-4 | 360.95 | NOTE | |||
r-devel-windows-x86_64 | 0.3-4 | 52.00 | 189.00 | 241.00 | OK | |
r-patched-linux-x86_64 | 0.3-4 | 48.01 | 162.63 | 210.64 | NOTE | |
r-release-linux-x86_64 | 0.3-4 | 48.21 | 162.40 | 210.61 | NOTE | |
r-release-macos-arm64 | 0.3-4 | 97.00 | OK | |||
r-release-macos-x86_64 | 0.3-4 | 195.00 | OK | |||
r-release-windows-x86_64 | 0.3-4 | 53.00 | 187.00 | 240.00 | OK | |
r-oldrel-macos-arm64 | 0.3-4 | 95.00 | OK | |||
r-oldrel-macos-x86_64 | 0.3-4 | 217.00 | OK | |||
r-oldrel-windows-x86_64 | 0.3-4 | 60.00 | 244.00 | 304.00 | OK |
Version: 0.3-4
Check: top-level files
Result: NOTE
possible bashism in configure.ac line 32 (should be 'b = a'):
if test x"${RSysinfoName}" == x"Darwin"; then
possible bashism in configure.ac line 43 (should be 'b = a'):
if test x"${hasOpenMP}" == x""; then
Flavors: r-devel-linux-x86_64-debian-clang, r-devel-linux-x86_64-debian-gcc, r-devel-linux-x86_64-fedora-clang, r-devel-linux-x86_64-fedora-gcc, r-patched-linux-x86_64, r-release-linux-x86_64
Version: 0.3-4
Check: examples
Result: NOTE
Examples with CPU (user + system) or elapsed time > 5s
user system elapsed
accuracy_sifter 9.063 0.360 11.226
auc 8.109 0.066 11.102
aphylo_estimates 8.117 0.055 9.922
Flavor: r-devel-linux-x86_64-debian-clang
Version: 0.3-4
Check: examples
Result: NOTE
Examples with CPU (user + system) or elapsed time > 5s
user system elapsed
accuracy_sifter 4.731 0.044 5.239
Flavor: r-devel-linux-x86_64-debian-gcc