CRAN Package Check Results for Package apm

Last updated on 2025-04-30 04:49:59 CEST.

Flavor Version Tinstall Tcheck Ttotal Status Flags
r-devel-linux-x86_64-debian-clang 0.1.0 6.76 186.17 192.93 NOTE
r-devel-linux-x86_64-debian-gcc 0.1.0 4.48 114.66 119.14 OK
r-devel-linux-x86_64-fedora-clang 0.1.0 296.78 OK
r-devel-linux-x86_64-fedora-gcc 0.1.0 302.69 OK
r-devel-windows-x86_64 0.1.0 9.00 169.00 178.00 OK
r-patched-linux-x86_64 0.1.0 6.06 179.41 185.47 OK
r-release-linux-x86_64 0.1.0 6.35 177.91 184.26 OK
r-release-macos-arm64 0.1.0 81.00 OK
r-release-macos-x86_64 0.1.0 169.00 OK
r-release-windows-x86_64 0.1.0 10.00 166.00 176.00 OK
r-oldrel-macos-arm64 0.1.0 88.00 OK
r-oldrel-macos-x86_64 0.1.0 185.00 OK
r-oldrel-windows-x86_64 0.1.0 10.00 235.00 245.00 OK

Check Details

Version: 0.1.0
Check: examples
Result: NOTE Examples with CPU (user + system) or elapsed time > 5s user system elapsed apm_pre 3.735 0.073 5.221 Flavor: r-devel-linux-x86_64-debian-clang