Last updated on 2025-04-30 04:49:59 CEST.
Flavor | Version | Tinstall | Tcheck | Ttotal | Status | Flags |
---|---|---|---|---|---|---|
r-devel-linux-x86_64-debian-clang | 0.4.1 | 2.29 | 18.88 | 21.17 | NOTE | |
r-devel-linux-x86_64-debian-gcc | 0.4.1 | 1.51 | 15.21 | 16.72 | NOTE | |
r-devel-linux-x86_64-fedora-clang | 0.4.1 | 32.38 | NOTE | |||
r-devel-linux-x86_64-fedora-gcc | 0.4.1 | 31.31 | NOTE | |||
r-devel-windows-x86_64 | 0.4.1 | 4.00 | 41.00 | 45.00 | OK | |
r-patched-linux-x86_64 | 0.4.1 | 2.17 | 17.82 | 19.99 | OK | |
r-release-linux-x86_64 | 0.4.1 | 2.21 | 17.92 | 20.13 | OK | |
r-release-macos-arm64 | 0.4.1 | 18.00 | OK | |||
r-release-macos-x86_64 | 0.4.1 | 26.00 | OK | |||
r-release-windows-x86_64 | 0.4.1 | 4.00 | 42.00 | 46.00 | OK | |
r-oldrel-macos-arm64 | 0.4.1 | 15.00 | OK | |||
r-oldrel-macos-x86_64 | 0.4.1 | 21.00 | OK | |||
r-oldrel-windows-x86_64 | 0.4.1 | 5.00 | 40.00 | 45.00 | OK |
Version: 0.4.1
Check: CRAN incoming feasibility
Result: NOTE
Maintainer: ‘Marco D. Visser <marco.d.visser@gmail.com>’
No Authors@R field in DESCRIPTION.
Please add one, modifying
Authors@R: person(given = c("Marco", "D."),
family = "Visser",
role = c("aut", "cre"),
email = "marco.d.visser@gmail.com")
as necessary.
Flavors: r-devel-linux-x86_64-debian-clang, r-devel-linux-x86_64-debian-gcc
Version: 0.4.1
Check: dependencies in R code
Result: NOTE
Namespace in Imports field not imported from: ‘testthat’
All declared Imports should be used.
Flavors: r-devel-linux-x86_64-fedora-clang, r-devel-linux-x86_64-fedora-gcc