Last updated on 2025-04-30 04:49:59 CEST.
Flavor | Version | Tinstall | Tcheck | Ttotal | Status | Flags |
---|---|---|---|---|---|---|
r-devel-linux-x86_64-debian-clang | 0.1.3 | 5.92 | 81.93 | 87.85 | NOTE | |
r-devel-linux-x86_64-debian-gcc | 0.1.3 | 3.60 | 57.04 | 60.64 | NOTE | |
r-devel-linux-x86_64-fedora-clang | 0.1.3 | 123.47 | OK | |||
r-devel-linux-x86_64-fedora-gcc | 0.1.3 | 128.96 | OK | |||
r-devel-windows-x86_64 | 0.1.3 | 8.00 | 87.00 | 95.00 | OK | |
r-patched-linux-x86_64 | 0.1.3 | 4.18 | 74.31 | 78.49 | OK | |
r-release-linux-x86_64 | 0.1.3 | 5.05 | 75.17 | 80.22 | OK | |
r-release-macos-arm64 | 0.1.3 | 61.00 | OK | |||
r-release-macos-x86_64 | 0.1.3 | 75.00 | OK | |||
r-release-windows-x86_64 | 0.1.3 | 7.00 | 84.00 | 91.00 | OK | |
r-oldrel-macos-arm64 | 0.1.3 | 41.00 | OK | |||
r-oldrel-macos-x86_64 | 0.1.3 | 61.00 | OK | |||
r-oldrel-windows-x86_64 | 0.1.3 | 8.00 | 107.00 | 115.00 | OK |
Version: 0.1.3
Check: examples
Result: NOTE
Examples with CPU (user + system) or elapsed time > 5s
user system elapsed
age_pyramid 7.491 0.184 9.714
Flavor: r-devel-linux-x86_64-debian-clang
Version: 0.1.3
Check: examples
Result: NOTE
Examples with CPU (user + system) or elapsed time > 5s
user system elapsed
age_pyramid 4.559 0.084 5.87
Flavor: r-devel-linux-x86_64-debian-gcc