Last updated on 2025-04-30 04:49:59 CEST.
Flavor | Version | Tinstall | Tcheck | Ttotal | Status | Flags |
---|---|---|---|---|---|---|
r-devel-linux-x86_64-debian-clang | 2.2 | 26.58 | 437.11 | 463.69 | NOTE | |
r-devel-linux-x86_64-debian-gcc | 2.2 | 16.29 | 264.93 | 281.22 | OK | |
r-devel-linux-x86_64-fedora-clang | 2.2 | 653.13 | OK | |||
r-devel-linux-x86_64-fedora-gcc | 2.2 | 585.50 | OK | |||
r-devel-windows-x86_64 | 2.2 | 27.00 | 379.00 | 406.00 | OK | |
r-patched-linux-x86_64 | 2.2 | 30.71 | 349.31 | 380.02 | OK | |
r-release-linux-x86_64 | 2.2 | 25.48 | 347.25 | 372.73 | OK | |
r-release-macos-arm64 | 2.2 | 205.00 | OK | |||
r-release-macos-x86_64 | 2.2 | 369.00 | OK | |||
r-release-windows-x86_64 | 2.2 | 27.00 | 360.00 | 387.00 | OK | |
r-oldrel-macos-arm64 | 2.2 | 159.00 | NOTE | |||
r-oldrel-macos-x86_64 | 2.2 | 338.00 | NOTE | |||
r-oldrel-windows-x86_64 | 2.2 | 34.00 | 483.00 | 517.00 | NOTE |
Version: 2.2
Check: examples
Result: NOTE
Examples with CPU (user + system) or elapsed time > 5s
user system elapsed
glomApply 7.264 0.274 6.372
simulateColor 6.779 0.268 3.550
harmonize-SoilProfileCollection-method 5.747 0.022 5.993
plotMultipleSPC 5.673 0.046 6.406
sp2 5.341 0.084 4.495
Examples with CPU time > 2.5 times elapsed time
user system elapsed ratio
contrastChart 2.994 0.134 1.249 2.504
Flavor: r-devel-linux-x86_64-debian-clang
Version: 2.2
Check: installed package size
Result: NOTE
installed size is 6.0Mb
sub-directories of 1Mb or more:
R 2.1Mb
data 2.1Mb
Flavors: r-oldrel-macos-arm64, r-oldrel-macos-x86_64, r-oldrel-windows-x86_64