CRAN Package Check Results for Package archetypes

Last updated on 2025-04-30 04:49:59 CEST.

Flavor Version Tinstall Tcheck Ttotal Status Flags
r-devel-linux-x86_64-debian-clang 2.2-0.1 3.94 121.83 125.77 NOTE
r-devel-linux-x86_64-debian-gcc 2.2-0.1 3.37 74.20 77.57 NOTE
r-devel-linux-x86_64-fedora-clang 2.2-0.1 204.34 OK
r-devel-linux-x86_64-fedora-gcc 2.2-0.1 210.45 OK
r-devel-windows-x86_64 2.2-0.1 6.00 147.00 153.00 NOTE
r-patched-linux-x86_64 2.2-0.1 4.87 116.63 121.50 NOTE
r-release-linux-x86_64 2.2-0.1 3.70 116.56 120.26 NOTE
r-release-macos-arm64 2.2-0.1 62.00 OK
r-release-macos-x86_64 2.2-0.1 122.00 OK
r-release-windows-x86_64 2.2-0.1 5.00 142.00 147.00 NOTE
r-oldrel-macos-arm64 2.2-0.1 56.00 OK
r-oldrel-macos-x86_64 2.2-0.1 94.00 OK
r-oldrel-windows-x86_64 2.2-0.1 6.00 181.00 187.00 OK

Check Details

Version: 2.2-0.1
Check: CRAN incoming feasibility
Result: NOTE Maintainer: ‘Manuel J. A. Eugster <manuel@mjae.net>’ Package CITATION file contains call(s) to old-style personList() or as.personList(). Please use c() on person objects instead. Package CITATION file contains call(s) to old-style citEntry(). Please use bibentry() instead. Flavors: r-devel-linux-x86_64-debian-clang, r-devel-linux-x86_64-debian-gcc

Version: 2.2-0.1
Check: Rd cross-references
Result: NOTE Found the following Rd file(s) with Rd \link{} targets missing package anchors: as.archetypes.Rd: parameters Please provide package anchors for all Rd \link{} targets not in the package itself and the base packages. Flavors: r-devel-linux-x86_64-debian-clang, r-devel-linux-x86_64-debian-gcc, r-devel-windows-x86_64, r-patched-linux-x86_64, r-release-linux-x86_64, r-release-windows-x86_64

Version: 2.2-0.1
Check: examples
Result: NOTE Examples with CPU (user + system) or elapsed time > 5s user system elapsed simplexplot 5.149 0.092 6.785 Flavor: r-devel-linux-x86_64-debian-clang

Version: 2.2-0.1
Check: for unstated dependencies in ‘demo’
Result: NOTE 'library' or 'require' call not declared from: ‘mvtnorm’ Flavors: r-devel-linux-x86_64-debian-clang, r-devel-linux-x86_64-debian-gcc, r-patched-linux-x86_64, r-release-linux-x86_64