Last updated on 2025-04-30 04:49:59 CEST.
Flavor | Version | Tinstall | Tcheck | Ttotal | Status | Flags |
---|---|---|---|---|---|---|
r-devel-linux-x86_64-debian-clang | 2.3.8 | 9.06 | 83.05 | 92.11 | NOTE | |
r-devel-linux-x86_64-debian-gcc | 2.3.8 | 6.52 | 57.55 | 64.07 | NOTE | |
r-devel-linux-x86_64-fedora-clang | 2.3.8 | 142.73 | OK | |||
r-devel-linux-x86_64-fedora-gcc | 2.3.8 | 133.15 | OK | |||
r-devel-windows-x86_64 | 2.3.8 | 10.00 | 116.00 | 126.00 | OK | |
r-patched-linux-x86_64 | 2.3.8 | 11.18 | 78.05 | 89.23 | NOTE | |
r-release-linux-x86_64 | 2.3.8 | 7.58 | 78.26 | 85.84 | NOTE | |
r-release-macos-arm64 | 2.3.8 | 42.00 | OK | |||
r-release-macos-x86_64 | 2.3.8 | 83.00 | OK | |||
r-release-windows-x86_64 | 2.3.8 | 11.00 | 118.00 | 129.00 | OK | |
r-oldrel-macos-arm64 | 2.3.8 | 40.00 | OK | |||
r-oldrel-macos-x86_64 | 2.3.8 | 99.00 | OK | |||
r-oldrel-windows-x86_64 | 2.3.8 | 13.00 | 135.00 | 148.00 | OK |
Version: 2.3.8
Check: examples
Result: NOTE
Examples with CPU (user + system) or elapsed time > 5s
user system elapsed
ahistory 4.09 0.48 6.785
Flavor: r-devel-linux-x86_64-debian-clang
Version: 2.3.8
Check: for unstated dependencies in ‘demo’
Result: NOTE
'library' or 'require' call not declared from: ‘gridExtra’
Flavors: r-devel-linux-x86_64-debian-clang, r-devel-linux-x86_64-debian-gcc, r-patched-linux-x86_64, r-release-linux-x86_64