CRAN Package Check Results for Package areal

Last updated on 2025-04-30 04:49:59 CEST.

Flavor Version Tinstall Tcheck Ttotal Status Flags
r-devel-linux-x86_64-debian-clang 0.1.8 7.28 94.49 101.77 NOTE
r-devel-linux-x86_64-debian-gcc 0.1.8 5.24 69.19 74.43 NOTE
r-devel-linux-x86_64-fedora-clang 0.1.8 164.07 OK
r-devel-linux-x86_64-fedora-gcc 0.1.8 172.57 OK
r-devel-windows-x86_64 0.1.8 9.00 112.00 121.00 OK
r-patched-linux-x86_64 0.1.8 8.01 90.48 98.49 OK
r-release-linux-x86_64 0.1.8 7.96 90.58 98.54 OK
r-release-macos-arm64 0.1.8 72.00 OK
r-release-macos-x86_64 0.1.8 105.00 OK
r-release-windows-x86_64 0.1.8 11.00 110.00 121.00 OK
r-oldrel-macos-arm64 0.1.8 52.00 OK
r-oldrel-macos-x86_64 0.1.8 79.00 OK
r-oldrel-windows-x86_64 0.1.8 10.00 134.00 144.00 OK

Check Details

Version: 0.1.8
Check: CRAN incoming feasibility
Result: NOTE Maintainer: ‘Christopher Prener <chris.prener@gmail.com>’ Package CITATION file contains call(s) to old-style citEntry(). Please use bibentry() instead. Flavors: r-devel-linux-x86_64-debian-clang, r-devel-linux-x86_64-debian-gcc