Last updated on 2025-04-30 04:49:59 CEST.
Flavor | Version | Tinstall | Tcheck | Ttotal | Status | Flags |
---|---|---|---|---|---|---|
r-devel-linux-x86_64-debian-clang | 0.2.4 | 9.96 | 322.09 | 332.05 | NOTE | |
r-devel-linux-x86_64-debian-gcc | 0.2.4 | 7.57 | 253.92 | 261.49 | OK | |
r-devel-linux-x86_64-fedora-clang | 0.2.4 | 385.23 | OK | |||
r-devel-linux-x86_64-fedora-gcc | 0.2.4 | 372.60 | OK | |||
r-devel-windows-x86_64 | 0.2.4 | 10.00 | 190.00 | 200.00 | OK | |
r-patched-linux-x86_64 | 0.2.4 | 10.23 | 241.77 | 252.00 | OK | |
r-release-linux-x86_64 | 0.2.4 | 9.73 | 240.83 | 250.56 | OK | |
r-release-macos-arm64 | 0.2.4 | 119.00 | OK | |||
r-release-macos-x86_64 | 0.2.4 | 201.00 | OK | |||
r-release-windows-x86_64 | 0.2.4 | 11.00 | 182.00 | 193.00 | OK | |
r-oldrel-macos-arm64 | 0.2.4 | 86.00 | OK | |||
r-oldrel-macos-x86_64 | 0.2.4 | 170.00 | OK | |||
r-oldrel-windows-x86_64 | 0.2.4 | 13.00 | 219.00 | 232.00 | OK |
Version: 0.2.4
Check: examples
Result: NOTE
Examples with CPU (user + system) or elapsed time > 5s
user system elapsed
darf 5.460 0.246 3.084
impute 5.323 0.315 2.738
earf 5.149 0.251 3.520
rarf 5.097 0.239 2.606
Flavor: r-devel-linux-x86_64-debian-clang